{"id":66578,"date":"2025-07-06T13:38:19","date_gmt":"2025-07-06T17:38:19","guid":{"rendered":"https:\/\/nouveau.maisonmallet.com\/?post_type=event&#038;p=66578"},"modified":"2025-08-22T08:49:05","modified_gmt":"2025-08-22T12:49:05","slug":"thibeault-raymond","status":"publish","type":"event","link":"https:\/\/nouveau.maisonmallet.com\/back05_01\/?event=thibeault-raymond","title":{"rendered":"THIBEAULT, Raymond"},"content":{"rendered":"<p>Le Complexe Thanatologique Mallet &amp; fils a le regret de vous annoncer le d\u00e9c\u00e8s de<\/p>\n<p>Raymond Thibeault<\/p>\n<p>1932 &#8211; 2025<\/p>\n<p>&nbsp;<\/p>\n<p>\u00c0 Port-Cartier, le 6 juillet 2025, est d\u00e9c\u00e9d\u00e9 \u00e0 l\u2019\u00e2ge de 92 ans monsieur Raymond Thibeault, \u00e9poux de feu Jeannine Lavoie, fils de feu Charles Thibeault et de feu B\u00e9atrice Breton, domicili\u00e9 \u00e0 Baie-Trinit\u00e9.<\/p>\n<p>La c\u00e9r\u00e9monie comm\u00e9morative de monsieur Raymond Thibeault auront lieu le samedi 9 ao\u00fbt 2025 \u00e0 14 h \u00e0 la salle multifonctionnelle de Baie-Trinit\u00e9.<\/p>\n<p>Selon ses volont\u00e9s, il a \u00e9t\u00e9 confi\u00e9 au cr\u00e9matorium de la Maison Mallet &amp; fils pour cr\u00e9mation.<\/p>\n<p>La famille re\u00e7oit parents et amis le samedi 9 ao\u00fbt 2025 de 13 h \u00e0 14 h \u00e0 la salle multifonctionnelle de Baie-Trinit\u00e9 et de l\u00e0 au cimeti\u00e8re de Baie-Trinit\u00e9.<\/p>\n<p>Il laisse dans le deuil ses filles\u00a0: Guylaine (Bernard Lapierre) et Luce (Serge Tremblay), ses petites-filles\u00a0: Marie-\u00c8ve (Keven Bouchard), Sarah (Mathieu Lehoux) et V\u00e9ronique (Thierry Langlois), son arri\u00e8re-petit-fils Xavier ainsi que sa s\u0153ur Louisette, son fr\u00e8re Yvan (Yolaine Lefran\u00e7ois), ses neveux, ses ni\u00e8ces, ses cousins, ses cousines et ses amis.<\/p>\n<p>Un remerciement tout sp\u00e9cial au Dr\u00a0Anne Lachapelle ainsi qu\u2019au personnel soignant du Centre d\u2019h\u00e9bergement de Port-Cartier et du CLSC de Baie-Trinit\u00e9 pour les bons soins prodigu\u00e9s \u00e0 notre p\u00e8re.<\/p>\n<p>Vos marques de sympathie peuvent se traduire par un don au Centre de Sant\u00e9 et des Services Sociaux de Port-Cartier.<\/p>\n<p>La famille a confi\u00e9 la direction des fun\u00e9railles aux services professionnels de la Maison Mallet &amp; fils du 57, route 138 \u00e0 Port-Cartier, maintenant reconnue Distinction et membre de la Corporation des Thanatologues du Qu\u00e9bec.<\/p>\n<p>Vous pouvez consulter cet avis de d\u00e9c\u00e8s, sur le\u00a0<a href=\"https:\/\/nouveau.maisonmallet.com\">www.maisonmallet.com<\/a><\/p>\n<p>Ceux et celles qui le d\u00e9sirent, peuvent y envoyer des messages de sympathie.<\/p>\n<hr \/>\n<p>Envoyer vos condol\u00e9ances<\/p>\n<p>[contact-form to=\u00a0\u00bbbernardguylaine@hotmail.com\u00a0\u00bb subject=\u00a0\u00bbCondol\u00e9ances Raymond Thibeault\u00a0\u00bb][contact-field label=\u00a0\u00bbVotre nom\u00a0\u00bb type=\u00a0\u00bbname\u00a0\u00bb required=\u00a0\u00bb1&Prime;][contact-field label=\u00a0\u00bbVotre courriel\u00a0\u00bb type=\u00a0\u00bbemail\u00a0\u00bb required=\u00a0\u00bb1&Prime;][contact-field label=\u00a0\u00bbCondol\u00e9ances\u00a0\u00bb type=\u00a0\u00bbtextarea\u00a0\u00bb][\/contact-form]<\/p>\n","protected":false},"featured_media":66603,"template":"","event_cat":[6],"class_list":["post-66578","event","type-event","status-publish","has-post-thumbnail","hentry","event_cat-maison-mallet-et-fils-inc"],"_links":{"self":[{"href":"https:\/\/nouveau.maisonmallet.com\/back05_01\/index.php?rest_route=\/wp\/v2\/event\/66578","targetHints":{"allow":["GET"]}}],"collection":[{"href":"https:\/\/nouveau.maisonmallet.com\/back05_01\/index.php?rest_route=\/wp\/v2\/event"}],"about":[{"href":"https:\/\/nouveau.maisonmallet.com\/back05_01\/index.php?rest_route=\/wp\/v2\/types\/event"}],"wp:featuredmedia":[{"embeddable":true,"href":"https:\/\/nouveau.maisonmallet.com\/back05_01\/index.php?rest_route=\/wp\/v2\/media\/66603"}],"wp:attachment":[{"href":"https:\/\/nouveau.maisonmallet.com\/back05_01\/index.php?rest_route=%2Fwp%2Fv2%2Fmedia&parent=66578"}],"wp:term":[{"taxonomy":"event_cat","embeddable":true,"href":"https:\/\/nouveau.maisonmallet.com\/back05_01\/index.php?rest_route=%2Fwp%2Fv2%2Fevent_cat&post=66578"}],"curies":[{"name":"wp","href":"https:\/\/api.w.org\/{rel}","templated":true}]}}

<p>Le Complexe Thanatologique Mallet &amp; fils a le regret de vous annoncer le décès de</p>
<p>Raymond Thibeault</p>
<p>1932 &#8211; 2025</p>
<p>&nbsp;</p>
<p>À Port-Cartier, le 6 juillet 2025, est décédé à l’âge de 92 ans monsieur Raymond Thibeault, époux de feu Jeannine Lavoie, fils de feu Charles Thibeault et de feu Béatrice Breton, domicilié à Baie-Trinité.</p>
<p>La cérémonie commémorative de monsieur Raymond Thibeault auront lieu le samedi 9 août 2025 à 14 h à la salle multifonctionnelle de Baie-Trinité.</p>
<p>Selon ses volontés, il a été confié au crématorium de la Maison Mallet &amp; fils pour crémation.</p>
<p>La famille reçoit parents et amis le samedi 9 août 2025 de 13 h à 14 h à la salle multifonctionnelle de Baie-Trinité et de là au cimetière de Baie-Trinité.</p>
<p>Il laisse dans le deuil ses filles : Guylaine (Bernard Lapierre) et Luce (Serge Tremblay), ses petites-filles : Marie-Ève (Keven Bouchard), Sarah (Mathieu Lehoux) et Véronique (Thierry Langlois), son arrière-petit-fils Xavier ainsi que sa sœur Louisette, son frère Yvan (Yolaine Lefrançois), ses neveux, ses nièces, ses cousins, ses cousines et ses amis.</p>
<p>Un remerciement tout spécial au Dr Anne Lachapelle ainsi qu’au personnel soignant du Centre d’hébergement de Port-Cartier et du CLSC de Baie-Trinité pour les bons soins prodigués à notre père.</p>
<p>Vos marques de sympathie peuvent se traduire par un don au Centre de Santé et des Services Sociaux de Port-Cartier.</p>
<p>La famille a confié la direction des funérailles aux services professionnels de la Maison Mallet &amp; fils du 57, route 138 à Port-Cartier, maintenant reconnue Distinction et membre de la Corporation des Thanatologues du Québec.</p>
<p>Vous pouvez consulter cet avis de décès, sur le <a href="https://nouveau.maisonmallet.com">www.maisonmallet.com</a></p>
<p>Ceux et celles qui le désirent, peuvent y envoyer des messages de sympathie.</p>
<hr />
<p>Envoyer vos condoléances</p>
<p>[contact-form to= »bernardguylaine@hotmail.com » subject= »Condoléances Raymond Thibeault »][contact-field label= »Votre nom » type= »name » required= »1&Prime;][contact-field label= »Votre courriel » type= »email » required= »1&Prime;][contact-field label= »Condoléances » type= »textarea »][/contact-form]</p>
