{"id":66779,"date":"2025-07-19T10:41:47","date_gmt":"2025-07-19T14:41:47","guid":{"rendered":"https:\/\/nouveau.maisonmallet.com\/?post_type=event&#038;p=66779"},"modified":"2025-09-26T21:40:57","modified_gmt":"2025-09-27T01:40:57","slug":"matte-sebastien","status":"publish","type":"event","link":"https:\/\/nouveau.maisonmallet.com\/back05_01\/?event=matte-sebastien","title":{"rendered":"MATTE, S\u00e9bastien"},"content":{"rendered":"<p>Le Complexe Thanatologique Mallet &#038; fils a le regret de vous annoncer le d\u00e9c\u00e8s de<\/p>\n<p>S\u00e9bastien Matte<\/p>\n<p>1976 \u2013 2025<\/p>\n<p>\u00c0 Montr\u00e9al, le 19 juin 2025, est d\u00e9c\u00e9d\u00e9 \u00e0 l\u2019\u00e2ge de 49 ans, monsieur S\u00e9bastien Matte fils de Andr\u00e9 Matte et de feu Louise Gagnon domicili\u00e9 \u00e0 Montr\u00e9al.<\/p>\n<p>La c\u00e9r\u00e9monie comm\u00e9morative de monsieur S\u00e9bastien Matte aura lieu le jeudi 7 ao\u00fbt 2025 \u00e0 21 h 45 \u00e0 la chapelle du Complexe Thanatologique Mallet &amp; fils du 585, boul. Laure \u00e0 Sept-\u00celes.<\/p>\n<p>Selon ses volont\u00e9s, il a \u00e9t\u00e9 confi\u00e9 au cr\u00e9matorium de la Maison Mallet &#038; fils pour cr\u00e9mation.<\/p>\n<p>La famille re\u00e7oit parents et amis le jeudi 7 ao\u00fbt 2025 de 19 h \u00e0 22 h au Complexe Thanatologique Mallet &#038; fils du 585 boul. Laure \u00e0 Sept-\u00celes.<\/p>\n<p>Il laisse dans le deuil son p\u00e8re monsieur Andr\u00e9 Matte (H\u00e9l\u00e8ne Turbis), son fr\u00e8re Fr\u00e9d\u00e9ric (Mari\u00e8ve Martel), ses neveux\u00a0: Max-Antoine, Derek et Mathis, sa ni\u00e8ce Coralie ainsi que ses oncles, ses tantes, ses cousins, ses cousines et de nombreux ami(e)s.<\/p>\n<p>Vos marques de sympathie peuvent se traduire par un don \u00e0 l\u2019\u00c9lyme des sables <a href=\"http:\/\/www.elymedessables.com\">www.elymedessables.com<\/a><\/p>\n<p>Remerc\u00eement \u00e0 Suzie B\u00e9rub\u00e9, Lolita, Cynthia Beaulieu et Carla Victor pour leur d\u00e9vouement, la famille Matte.<\/p>\n<p>La famille a confi\u00e9 les arrangements aux services professionnels de la Maison Mallet &#038; fils du 585 Boul. Laure \u00e0 Sept-\u00celes, maintenant reconnue Distinction et membre de la Corporation des Thanatologues du Qu\u00e9bec.<\/p>\n<p>Vous pouvez consulter cet avis de d\u00e9c\u00e8s sur le www.maisonmallet.com<\/p>\n<p>Ceux et celles qui le d\u00e9sirent, peuvent y envoyer des messages de sympathie.<\/p>\n<p>Envoyer vos condol\u00e9ances<\/p>\n<p>[contact-form to=\u00a0\u00bbfredmatte@hotmail.com\u00a0\u00bb subject=\u00a0\u00bbCondol\u00e9ances S\u00e9bastien Matte\u00a0\u00bb][contact-field label=\u00a0\u00bbVotre nom\u00a0\u00bb type=\u00a0\u00bbname\u00a0\u00bb required=\u00a0\u00bb1&Prime;][contact-field label=\u00a0\u00bbVotre courriel\u00a0\u00bb type=\u00a0\u00bbemail\u00a0\u00bb required=\u00a0\u00bb1&Prime;][contact-field label=\u00a0\u00bbCondol\u00e9ances\u00a0\u00bb type=\u00a0\u00bbtextarea\u00a0\u00bb][\/contact-form]<\/p>\n","protected":false},"featured_media":66788,"template":"","event_cat":[6],"class_list":["post-66779","event","type-event","status-publish","has-post-thumbnail","hentry","event_cat-maison-mallet-et-fils-inc"],"_links":{"self":[{"href":"https:\/\/nouveau.maisonmallet.com\/back05_01\/index.php?rest_route=\/wp\/v2\/event\/66779","targetHints":{"allow":["GET"]}}],"collection":[{"href":"https:\/\/nouveau.maisonmallet.com\/back05_01\/index.php?rest_route=\/wp\/v2\/event"}],"about":[{"href":"https:\/\/nouveau.maisonmallet.com\/back05_01\/index.php?rest_route=\/wp\/v2\/types\/event"}],"wp:featuredmedia":[{"embeddable":true,"href":"https:\/\/nouveau.maisonmallet.com\/back05_01\/index.php?rest_route=\/wp\/v2\/media\/66788"}],"wp:attachment":[{"href":"https:\/\/nouveau.maisonmallet.com\/back05_01\/index.php?rest_route=%2Fwp%2Fv2%2Fmedia&parent=66779"}],"wp:term":[{"taxonomy":"event_cat","embeddable":true,"href":"https:\/\/nouveau.maisonmallet.com\/back05_01\/index.php?rest_route=%2Fwp%2Fv2%2Fevent_cat&post=66779"}],"curies":[{"name":"wp","href":"https:\/\/api.w.org\/{rel}","templated":true}]}}

MATTE, Sébastien

<p>Le Complexe Thanatologique Mallet &#038; fils a le regret de vous annoncer le décès de</p>
<p>Sébastien Matte</p>
<p>1976 – 2025</p>
<p>À Montréal, le 19 juin 2025, est décédé à l’âge de 49 ans, monsieur Sébastien Matte fils de André Matte et de feu Louise Gagnon domicilié à Montréal.</p>
<p>La cérémonie commémorative de monsieur Sébastien Matte aura lieu le jeudi 7 août 2025 à 21 h 45 à la chapelle du Complexe Thanatologique Mallet &amp; fils du 585, boul. Laure à Sept-Îles.</p>
<p>Selon ses volontés, il a été confié au crématorium de la Maison Mallet &#038; fils pour crémation.</p>
<p>La famille reçoit parents et amis le jeudi 7 août 2025 de 19 h à 22 h au Complexe Thanatologique Mallet &#038; fils du 585 boul. Laure à Sept-Îles.</p>
<p>Il laisse dans le deuil son père monsieur André Matte (Hélène Turbis), son frère Frédéric (Mariève Martel), ses neveux : Max-Antoine, Derek et Mathis, sa nièce Coralie ainsi que ses oncles, ses tantes, ses cousins, ses cousines et de nombreux ami(e)s.</p>
<p>Vos marques de sympathie peuvent se traduire par un don à l’Élyme des sables <a href="http://www.elymedessables.com">www.elymedessables.com</a></p>
<p>Remercîment à Suzie Bérubé, Lolita, Cynthia Beaulieu et Carla Victor pour leur dévouement, la famille Matte.</p>
<p>La famille a confié les arrangements aux services professionnels de la Maison Mallet &#038; fils du 585 Boul. Laure à Sept-Îles, maintenant reconnue Distinction et membre de la Corporation des Thanatologues du Québec.</p>
<p>Vous pouvez consulter cet avis de décès sur le www.maisonmallet.com</p>
<p>Ceux et celles qui le désirent, peuvent y envoyer des messages de sympathie.</p>
<p>Envoyer vos condoléances</p>
<p>[contact-form to= »fredmatte@hotmail.com » subject= »Condoléances Sébastien Matte »][contact-field label= »Votre nom » type= »name » required= »1&Prime;][contact-field label= »Votre courriel » type= »email » required= »1&Prime;][contact-field label= »Condoléances » type= »textarea »][/contact-form]</p>
