{"id":66787,"date":"2025-07-29T15:27:07","date_gmt":"2025-07-29T19:27:07","guid":{"rendered":"https:\/\/nouveau.maisonmallet.com\/?post_type=event&#038;p=66787"},"modified":"2025-08-22T08:42:09","modified_gmt":"2025-08-22T12:42:09","slug":"macgillivray-claire","status":"publish","type":"event","link":"https:\/\/nouveau.maisonmallet.com\/back05_01\/?event=macgillivray-claire","title":{"rendered":"MACGILLIVRAY, Claire"},"content":{"rendered":"<p>La Maison L.J.G. Mallet a le regret de vous annoncer le d\u00e9c\u00e8s de <\/p>\n<p>Claire Mac Gillivray<br \/>\n1961 &#8211; 2025<\/p>\n<p>\u00c0 Havre Saint-Pierre, le 29 juillet 2025, est d\u00e9c\u00e9d\u00e9e \u00e0 l\u2019\u00e2ge de 63 ans, madame Claire Mac Gillivray fille de feu Ronald Mac Gillivray et de feu Dina Cormier domicili\u00e9e \u00e0 Havre Saint-Pierre. <\/p>\n<p>Les fun\u00e9railles de madame Claire Mac Gillivray auront lieu le lundi 4 ao\u00fbt 2025 \u00e0 11 h en l\u2019\u00e9glise St-Pierre situ\u00e9e au 742, rue Bor\u00e9al \u00e0 Havre Saint-Pierre et de l\u00e0 au cimeti\u00e8re de Havre Saint-Pierre.<\/p>\n<p>Selon ses volont\u00e9s, elle a \u00e9t\u00e9 confi\u00e9e au cr\u00e9matorium de la maison L.J.G. Mallet pour cr\u00e9mation.<\/p>\n<p>La famille re\u00e7oit parents et amis le lundi 4 ao\u00fbt 2025 de 10 h \u00e0 11 h \u00e0 l\u2019\u00e9glise St-Pierre de Havre Saint-Pierre. <\/p>\n<p>Elle laisse dans le deuil son fils Marc-Andr\u00e9, ses petits-enfants : Kim, Joey, Zack et Eloi ainsi que ses fr\u00e8res : Steve et Keven (Marie-H\u00e9l\u00e8ne Lombolou), sa s\u0153ur Martha, ses neveux, ses ni\u00e8ces, ses cousins, ses cousines et de nombreux amis.<\/p>\n<p>Elle \u00e9tait la s\u0153ur de feu Ricky. <\/p>\n<p>La famille a confi\u00e9 la direction des fun\u00e9railles aux services professionnels de la Maison L.J.G. Mallet du 1429, rue du Canot \u00e0 Havre-St-Pierre, membre de la Corporation des thanatologues du Qu\u00e9bec.<\/p>\n<p>Vous pouvez consulter cet avis de d\u00e9c\u00e8s, sur le www.maisonmallet.com <\/p>\n<p>Ceux et celles qui le d\u00e9sirent, peuvent y envoyer des messages de sympathie.<\/p>\n<p>[contact-form to=\u00a0\u00bbstevmac62@hotmail.com\u00a0\u00bb subject=\u00a0\u00bbCondol\u00e9ances Claire MacGillivray\u00a0\u00bb][contact-field label=\u00a0\u00bbVotre nom\u00a0\u00bb type=\u00a0\u00bbname\u00a0\u00bb required=\u00a0\u00bb1&Prime;][contact-field label=\u00a0\u00bbVotre courriel\u00a0\u00bb type=\u00a0\u00bbemail\u00a0\u00bb required=\u00a0\u00bb1&Prime;][contact-field label=\u00a0\u00bbCondol\u00e9ances\u00a0\u00bb type=\u00a0\u00bbtextarea\u00a0\u00bb][\/contact-form]<\/p>\n","protected":false},"featured_media":66797,"template":"","event_cat":[7],"class_list":["post-66787","event","type-event","status-publish","has-post-thumbnail","hentry","event_cat-maison-l-j-g-mallet-inc"],"_links":{"self":[{"href":"https:\/\/nouveau.maisonmallet.com\/back05_01\/index.php?rest_route=\/wp\/v2\/event\/66787","targetHints":{"allow":["GET"]}}],"collection":[{"href":"https:\/\/nouveau.maisonmallet.com\/back05_01\/index.php?rest_route=\/wp\/v2\/event"}],"about":[{"href":"https:\/\/nouveau.maisonmallet.com\/back05_01\/index.php?rest_route=\/wp\/v2\/types\/event"}],"wp:featuredmedia":[{"embeddable":true,"href":"https:\/\/nouveau.maisonmallet.com\/back05_01\/index.php?rest_route=\/wp\/v2\/media\/66797"}],"wp:attachment":[{"href":"https:\/\/nouveau.maisonmallet.com\/back05_01\/index.php?rest_route=%2Fwp%2Fv2%2Fmedia&parent=66787"}],"wp:term":[{"taxonomy":"event_cat","embeddable":true,"href":"https:\/\/nouveau.maisonmallet.com\/back05_01\/index.php?rest_route=%2Fwp%2Fv2%2Fevent_cat&post=66787"}],"curies":[{"name":"wp","href":"https:\/\/api.w.org\/{rel}","templated":true}]}}

<p>La Maison L.J.G. Mallet a le regret de vous annoncer le décès de </p>
<p>Claire Mac Gillivray<br />
1961 &#8211; 2025</p>
<p>À Havre Saint-Pierre, le 29 juillet 2025, est décédée à l’âge de 63 ans, madame Claire Mac Gillivray fille de feu Ronald Mac Gillivray et de feu Dina Cormier domiciliée à Havre Saint-Pierre. </p>
<p>Les funérailles de madame Claire Mac Gillivray auront lieu le lundi 4 août 2025 à 11 h en l’église St-Pierre située au 742, rue Boréal à Havre Saint-Pierre et de là au cimetière de Havre Saint-Pierre.</p>
<p>Selon ses volontés, elle a été confiée au crématorium de la maison L.J.G. Mallet pour crémation.</p>
<p>La famille reçoit parents et amis le lundi 4 août 2025 de 10 h à 11 h à l’église St-Pierre de Havre Saint-Pierre. </p>
<p>Elle laisse dans le deuil son fils Marc-André, ses petits-enfants : Kim, Joey, Zack et Eloi ainsi que ses frères : Steve et Keven (Marie-Hélène Lombolou), sa sœur Martha, ses neveux, ses nièces, ses cousins, ses cousines et de nombreux amis.</p>
<p>Elle était la sœur de feu Ricky. </p>
<p>La famille a confié la direction des funérailles aux services professionnels de la Maison L.J.G. Mallet du 1429, rue du Canot à Havre-St-Pierre, membre de la Corporation des thanatologues du Québec.</p>
<p>Vous pouvez consulter cet avis de décès, sur le www.maisonmallet.com </p>
<p>Ceux et celles qui le désirent, peuvent y envoyer des messages de sympathie.</p>
<p>[contact-form to= »stevmac62@hotmail.com » subject= »Condoléances Claire MacGillivray »][contact-field label= »Votre nom » type= »name » required= »1&Prime;][contact-field label= »Votre courriel » type= »email » required= »1&Prime;][contact-field label= »Condoléances » type= »textarea »][/contact-form]</p>
