{"id":66798,"date":"2025-03-31T11:42:29","date_gmt":"2025-03-31T15:42:29","guid":{"rendered":"https:\/\/nouveau.maisonmallet.com\/?post_type=event&#038;p=66798"},"modified":"2025-08-22T08:40:40","modified_gmt":"2025-08-22T12:40:40","slug":"allard-marielle","status":"publish","type":"event","link":"https:\/\/nouveau.maisonmallet.com\/back05_01\/?event=allard-marielle","title":{"rendered":"ALLARD, Marielle"},"content":{"rendered":"<p>Le Complexe Thanatologique Mallet &amp; fils a le regret de vous annoncer le d\u00e9c\u00e8s de<\/p>\n<p>Marielle Allard<\/p>\n<p>1935 \u2013 2025<\/p>\n<p>&nbsp;<\/p>\n<p>\u00c0 Sept-\u00celes, le 31 mars 2025, est d\u00e9c\u00e9d\u00e9e \u00e0 l\u2019\u00e2ge de 89 ans, madame Marielle Allard \u00e9pouse de feu Edmond L\u00e9vesque, fille de feu L\u00e9opold Allard et de feu \u00c9milienne Allard domicili\u00e9e \u00e0 Sept-\u00celes.<\/p>\n<p>Les fun\u00e9railles de madame Marielle Allard auront lieu le samedi 16 ao\u00fbt 2025 \u00e0 14 h en l\u2019\u00e9glise Ste-Famille situ\u00e9e au 15, rue Comeau \u00e0 Sept-\u00celes.<\/p>\n<p>Selon ses volont\u00e9s, elle a \u00e9t\u00e9 confi\u00e9e au cr\u00e9matorium de la Maison Mallet &amp; fils pour cr\u00e9mation.<\/p>\n<p>La famille re\u00e7oit parents et amis le vendredi 15 ao\u00fbt 2025 de 13 h \u00e0 16 h et de 19 h \u00e0 22 h. Le samedi 16 ao\u00fbt 2025 jour des fun\u00e9railles \u00e0 compter de 12 h 30 au Complexe Thanatologique Mallet &amp; fils du 585 Boul. Laure \u00e0 Sept-\u00celes.<\/p>\n<p>Elle laisse dans le deuil ses enfants\u00a0: Marc, Suzanne, Julie (Gilles Lavoie), Paula et Marie (Simon Carignan), ses petits-enfants\u00a0: Marie-\u00c8ve Volpy (St\u00e9phane Bouchard), Hugues et B\u00e9atrice Lavoie, Alicia et Jacob Carignan, ses arri\u00e8re-petits-enfants\u00a0: Bastien et Ma\u00ebva Bouchard Volpy, Kelly Rose Lavoie Sarasin, ses fr\u00e8res et ses s\u0153urs\u00a0: feu Laurine (feu Andr\u00e9-Albert Boudreau), feu Suzanne, feu Germain (Marcella Loisel), Solange (feu Herv\u00e9 Boudreau), Aur\u00e9a (Yvan Deslauriers), Victor (Nicole Cyr), H\u00e9l\u00e8ne (Gilbert Laprise), Cl\u00e9ment (Nicole Lambert) et Val\u00e9rie (Mario Longpr\u00e9), ses beaux-parents feu Jacob L\u00e9vesque et feu Opelina Lavoie, ses beaux-fr\u00e8res et belles-s\u0153urs\u00a0: feu Bernard (feu Joyce Hello) et feu Bernadette (feu L\u00e9o Paul Richard) ainsi que ses neveux et ses ni\u00e8ces, ses cousins, ses cousines et de nombreux ami(e)s.<\/p>\n<p>La famille remercie chaleureusement pour leur d\u00e9vouement, sa bonne amie madame Olivine Leblanc, L\u2019Abb\u00e9 Ren\u00e9 Th\u00e9berge, l\u2019agente pastorale Anne Boudreau et la Dre. Nathalie St-Onge.<\/p>\n<p>La famille a confi\u00e9 la direction des fun\u00e9railles aux services professionnels de la Maison Mallet &amp; fils du 585 boul. Laure \u00e0 Sept-\u00celes, maintenant reconnue Distinction et membre de la Corporation des Thanatologues du Qu\u00e9bec.<\/p>\n<p>Vous pouvez consulter cet avis de d\u00e9c\u00e8s sur le\u00a0: <a href=\"https:\/\/nouveau.maisonmallet.com\">www.maisonmallet.com<\/a><\/p>\n<p>Ceux et celles qui le d\u00e9sirent, peuvent y envoyer des messages de sympathie.<\/p>\n<p>&nbsp;<\/p>\n<hr \/>\n<p>Envoyer vos condol\u00e9ances<\/p>\n<p>[contact-form to=\u00a0\u00bbmarc.e.levesque@gmail.com\u00a0\u00bb subject=\u00a0\u00bbCondol\u00e9ances Marielle Allard\u00a0\u00bb][contact-field label=\u00a0\u00bbVotre nom\u00a0\u00bb type=\u00a0\u00bbname\u00a0\u00bb required=\u00a0\u00bb1&Prime;][contact-field label=\u00a0\u00bbVotre courriel\u00a0\u00bb type=\u00a0\u00bbemail\u00a0\u00bb required=\u00a0\u00bb1&Prime;][contact-field label=\u00a0\u00bbCondol\u00e9ances\u00a0\u00bb type=\u00a0\u00bbtextarea\u00a0\u00bb][\/contact-form]<\/p>\n","protected":false},"featured_media":67032,"template":"","event_cat":[6],"class_list":["post-66798","event","type-event","status-publish","has-post-thumbnail","hentry","event_cat-maison-mallet-et-fils-inc"],"_links":{"self":[{"href":"https:\/\/nouveau.maisonmallet.com\/back05_01\/index.php?rest_route=\/wp\/v2\/event\/66798","targetHints":{"allow":["GET"]}}],"collection":[{"href":"https:\/\/nouveau.maisonmallet.com\/back05_01\/index.php?rest_route=\/wp\/v2\/event"}],"about":[{"href":"https:\/\/nouveau.maisonmallet.com\/back05_01\/index.php?rest_route=\/wp\/v2\/types\/event"}],"wp:featuredmedia":[{"embeddable":true,"href":"https:\/\/nouveau.maisonmallet.com\/back05_01\/index.php?rest_route=\/wp\/v2\/media\/67032"}],"wp:attachment":[{"href":"https:\/\/nouveau.maisonmallet.com\/back05_01\/index.php?rest_route=%2Fwp%2Fv2%2Fmedia&parent=66798"}],"wp:term":[{"taxonomy":"event_cat","embeddable":true,"href":"https:\/\/nouveau.maisonmallet.com\/back05_01\/index.php?rest_route=%2Fwp%2Fv2%2Fevent_cat&post=66798"}],"curies":[{"name":"wp","href":"https:\/\/api.w.org\/{rel}","templated":true}]}}

<p>Le Complexe Thanatologique Mallet &amp; fils a le regret de vous annoncer le décès de</p>
<p>Marielle Allard</p>
<p>1935 – 2025</p>
<p>&nbsp;</p>
<p>À Sept-Îles, le 31 mars 2025, est décédée à l’âge de 89 ans, madame Marielle Allard épouse de feu Edmond Lévesque, fille de feu Léopold Allard et de feu Émilienne Allard domiciliée à Sept-Îles.</p>
<p>Les funérailles de madame Marielle Allard auront lieu le samedi 16 août 2025 à 14 h en l’église Ste-Famille située au 15, rue Comeau à Sept-Îles.</p>
<p>Selon ses volontés, elle a été confiée au crématorium de la Maison Mallet &amp; fils pour crémation.</p>
<p>La famille reçoit parents et amis le vendredi 15 août 2025 de 13 h à 16 h et de 19 h à 22 h. Le samedi 16 août 2025 jour des funérailles à compter de 12 h 30 au Complexe Thanatologique Mallet &amp; fils du 585 Boul. Laure à Sept-Îles.</p>
<p>Elle laisse dans le deuil ses enfants : Marc, Suzanne, Julie (Gilles Lavoie), Paula et Marie (Simon Carignan), ses petits-enfants : Marie-Ève Volpy (Stéphane Bouchard), Hugues et Béatrice Lavoie, Alicia et Jacob Carignan, ses arrière-petits-enfants : Bastien et Maëva Bouchard Volpy, Kelly Rose Lavoie Sarasin, ses frères et ses sœurs : feu Laurine (feu André-Albert Boudreau), feu Suzanne, feu Germain (Marcella Loisel), Solange (feu Hervé Boudreau), Auréa (Yvan Deslauriers), Victor (Nicole Cyr), Hélène (Gilbert Laprise), Clément (Nicole Lambert) et Valérie (Mario Longpré), ses beaux-parents feu Jacob Lévesque et feu Opelina Lavoie, ses beaux-frères et belles-sœurs : feu Bernard (feu Joyce Hello) et feu Bernadette (feu Léo Paul Richard) ainsi que ses neveux et ses nièces, ses cousins, ses cousines et de nombreux ami(e)s.</p>
<p>La famille remercie chaleureusement pour leur dévouement, sa bonne amie madame Olivine Leblanc, L’Abbé René Théberge, l’agente pastorale Anne Boudreau et la Dre. Nathalie St-Onge.</p>
<p>La famille a confié la direction des funérailles aux services professionnels de la Maison Mallet &amp; fils du 585 boul. Laure à Sept-Îles, maintenant reconnue Distinction et membre de la Corporation des Thanatologues du Québec.</p>
<p>Vous pouvez consulter cet avis de décès sur le : <a href="https://nouveau.maisonmallet.com">www.maisonmallet.com</a></p>
<p>Ceux et celles qui le désirent, peuvent y envoyer des messages de sympathie.</p>
<p>&nbsp;</p>
<hr />
<p>Envoyer vos condoléances</p>
<p>[contact-form to= »marc.e.levesque@gmail.com » subject= »Condoléances Marielle Allard »][contact-field label= »Votre nom » type= »name » required= »1&Prime;][contact-field label= »Votre courriel » type= »email » required= »1&Prime;][contact-field label= »Condoléances » type= »textarea »][/contact-form]</p>
