{"id":67118,"date":"2025-08-11T09:24:22","date_gmt":"2025-08-11T13:24:22","guid":{"rendered":"https:\/\/nouveau.maisonmallet.com\/?post_type=event&#038;p=67118"},"modified":"2025-08-22T08:38:50","modified_gmt":"2025-08-22T12:38:50","slug":"berube-cecile","status":"publish","type":"event","link":"https:\/\/nouveau.maisonmallet.com\/back05_01\/?event=berube-cecile","title":{"rendered":"B\u00c9RUB\u00c9, C\u00e9cile"},"content":{"rendered":"<p>Le Complexe Thanatologique Mallet &amp; fils a le regret de vous annoncer le d\u00e9c\u00e8s de<\/p>\n<p>C\u00e9cile B\u00e9rub\u00e9<br \/>\n1948 \u2013 2025<\/p>\n<p>\u00c0 Port-Cartier, le 11 ao\u00fbt 2025, est d\u00e9c\u00e9d\u00e9e \u00e0 l\u2019\u00e2ge de 77 ans madame C\u00e9cile B\u00e9rub\u00e9 fille de feu L\u00e9opold B\u00e9rub\u00e9 et de feu Hilda H\u00e9bert domicili\u00e9e \u00e0 Port-Cartier.<\/p>\n<p>Les fun\u00e9railles de madame C\u00e9cile B\u00e9rub\u00e9 auront lieu le mercredi 20 ao\u00fbt 2025 \u00e0 11 h, en l\u2019\u00e9glise Sacr\u00e9-C\u0153ur situ\u00e9e au 38, rue Parent \u00e0 Port-Cartier.<\/p>\n<p>Selon ses volont\u00e9s, elle a \u00e9t\u00e9 confi\u00e9e au cr\u00e9matorium de la Maison Mallet &amp; fils pour cr\u00e9mation.<\/p>\n<p>La famille re\u00e7oit parents et amis le mardi 19 ao\u00fbt 2025 de 19 h \u00e0 22 h. Le mercredi 20 ao\u00fbt 2025 jour des fun\u00e9railles \u00e0 compter de 9 h 30 au Complexe Thanatologique Mallet &amp; fils situ\u00e9e au 57, route 138 \u00e0 Port-Cartier.<\/p>\n<p>Elle laisse dans le deuil ses enfants : \u00c9ric (Lise Ayers), Cathy (Dany Lavoie) M\u00e9lanie (R\u00e9jean Bradette), Richard et Albert, ses petits-enfants : Rapha\u00ebl, Marie-Soleil, Sabrina (Jessy), Jean- Beno\u00eet, Molly (Karl), Amelya, Louka, Keven et Michael, ses arri\u00e8re-petits-enfants, ses fr\u00e8res et s\u0153urs : Gonzague (Janine), Jean Pierre (Carole), Bernard (Nancy), Ghislain (Jasmine), Robert, Christiane (Serge), Marie-Jeanne (Mario) et Mich\u00e8le, ses neveux, ses ni\u00e8ces, ses cousins, ses cousines et ses amis ainsi que ses deux bonnes amies Lyne et Raymonda.<\/p>\n<p>Elle \u00e9tait la m\u00e8re de feu Martin Gagnon (Marie-Jos\u00e9e Ayers), la s\u0153ur de : feu Jean-Marie et feu Jeanne-Mance (Armand).<\/p>\n<p>La famille a confi\u00e9 la direction des fun\u00e9railles aux services professionnels de la maison Mallet &amp; fils du 57, route 138 \u00e0 Port-Cartier, maintenant reconnue Distinction et membre de la Corporation des Thanatologues du Qu\u00e9bec<\/p>\n<p>Vous pouvez consulter cet avis de d\u00e9c\u00e8s, sur le www.maisonmallet.com<\/p>\n<p>Ceux et celles qui le d\u00e9sirent, peuvent y envoyer des messages de sympathie.<\/p>\n<p>[contact-form to=\u00a0\u00bbcathy1979@hotmail.com\u00a0\u00bb subject=\u00a0\u00bbCondol\u00e9ances C\u00e9cile B\u00e9rub\u00e9\u00a0\u00bb][contact-field label=\u00a0\u00bbVotre nom\u00a0\u00bb type=\u00a0\u00bbname\u00a0\u00bb required=\u00a0\u00bb1&Prime;][contact-field label=\u00a0\u00bbVotre courriel\u00a0\u00bb type=\u00a0\u00bbemail\u00a0\u00bb required=\u00a0\u00bb1&Prime;][contact-field label=\u00a0\u00bbCondol\u00e9ances\u00a0\u00bb type=\u00a0\u00bbtextarea\u00a0\u00bb][\/contact-form]<\/p>\n","protected":false},"featured_media":67221,"template":"","event_cat":[6],"class_list":["post-67118","event","type-event","status-publish","has-post-thumbnail","hentry","event_cat-maison-mallet-et-fils-inc"],"_links":{"self":[{"href":"https:\/\/nouveau.maisonmallet.com\/back05_01\/index.php?rest_route=\/wp\/v2\/event\/67118","targetHints":{"allow":["GET"]}}],"collection":[{"href":"https:\/\/nouveau.maisonmallet.com\/back05_01\/index.php?rest_route=\/wp\/v2\/event"}],"about":[{"href":"https:\/\/nouveau.maisonmallet.com\/back05_01\/index.php?rest_route=\/wp\/v2\/types\/event"}],"wp:featuredmedia":[{"embeddable":true,"href":"https:\/\/nouveau.maisonmallet.com\/back05_01\/index.php?rest_route=\/wp\/v2\/media\/67221"}],"wp:attachment":[{"href":"https:\/\/nouveau.maisonmallet.com\/back05_01\/index.php?rest_route=%2Fwp%2Fv2%2Fmedia&parent=67118"}],"wp:term":[{"taxonomy":"event_cat","embeddable":true,"href":"https:\/\/nouveau.maisonmallet.com\/back05_01\/index.php?rest_route=%2Fwp%2Fv2%2Fevent_cat&post=67118"}],"curies":[{"name":"wp","href":"https:\/\/api.w.org\/{rel}","templated":true}]}}

BÉRUBÉ, Cécile

<p>Le Complexe Thanatologique Mallet &amp; fils a le regret de vous annoncer le décès de</p>
<p>Cécile Bérubé<br />
1948 – 2025</p>
<p>À Port-Cartier, le 11 août 2025, est décédée à l’âge de 77 ans madame Cécile Bérubé fille de feu Léopold Bérubé et de feu Hilda Hébert domiciliée à Port-Cartier.</p>
<p>Les funérailles de madame Cécile Bérubé auront lieu le mercredi 20 août 2025 à 11 h, en l’église Sacré-Cœur située au 38, rue Parent à Port-Cartier.</p>
<p>Selon ses volontés, elle a été confiée au crématorium de la Maison Mallet &amp; fils pour crémation.</p>
<p>La famille reçoit parents et amis le mardi 19 août 2025 de 19 h à 22 h. Le mercredi 20 août 2025 jour des funérailles à compter de 9 h 30 au Complexe Thanatologique Mallet &amp; fils située au 57, route 138 à Port-Cartier.</p>
<p>Elle laisse dans le deuil ses enfants : Éric (Lise Ayers), Cathy (Dany Lavoie) Mélanie (Réjean Bradette), Richard et Albert, ses petits-enfants : Raphaël, Marie-Soleil, Sabrina (Jessy), Jean- Benoît, Molly (Karl), Amelya, Louka, Keven et Michael, ses arrière-petits-enfants, ses frères et sœurs : Gonzague (Janine), Jean Pierre (Carole), Bernard (Nancy), Ghislain (Jasmine), Robert, Christiane (Serge), Marie-Jeanne (Mario) et Michèle, ses neveux, ses nièces, ses cousins, ses cousines et ses amis ainsi que ses deux bonnes amies Lyne et Raymonda.</p>
<p>Elle était la mère de feu Martin Gagnon (Marie-Josée Ayers), la sœur de : feu Jean-Marie et feu Jeanne-Mance (Armand).</p>
<p>La famille a confié la direction des funérailles aux services professionnels de la maison Mallet &amp; fils du 57, route 138 à Port-Cartier, maintenant reconnue Distinction et membre de la Corporation des Thanatologues du Québec</p>
<p>Vous pouvez consulter cet avis de décès, sur le www.maisonmallet.com</p>
<p>Ceux et celles qui le désirent, peuvent y envoyer des messages de sympathie.</p>
<p>[contact-form to= »cathy1979@hotmail.com » subject= »Condoléances Cécile Bérubé »][contact-field label= »Votre nom » type= »name » required= »1&Prime;][contact-field label= »Votre courriel » type= »email » required= »1&Prime;][contact-field label= »Condoléances » type= »textarea »][/contact-form]</p>
