{"id":67200,"date":"2025-08-08T09:36:15","date_gmt":"2025-08-08T13:36:15","guid":{"rendered":"https:\/\/nouveau.maisonmallet.com\/?post_type=event&#038;p=67200"},"modified":"2025-08-22T08:38:00","modified_gmt":"2025-08-22T12:38:00","slug":"modele-nom-prenom-79","status":"publish","type":"event","link":"https:\/\/nouveau.maisonmallet.com\/back05_01\/?event=modele-nom-prenom-79","title":{"rendered":"MALECK-VOLLANT, Manian-C\u00e9cily Cord\u00e9lia"},"content":{"rendered":"<p>La Maison L.J.G. Mallet a le regret de vous annoncer le d\u00e9c\u00e8s de<\/p>\n<p>Manian-C\u00e9cily Cord\u00e9lia Maleck-Vollant<br \/>\n2006 \u2013 2025<\/p>\n<p>\u00c0 Nutashkuan, le 8 ao\u00fbt 2025, est d\u00e9c\u00e9d\u00e9e \u00e0 l\u2019\u00e2ge de 19 ans, madame Manian-C\u00e9cily Cord\u00e9lia Maleck-Vollant fille de S\u00e9bastien Vollant et de M\u00e9lina Malek domicili\u00e9e \u00e0 Nutashkuan.<\/p>\n<p>Les fun\u00e9railles de madame Manian-C\u00e9cily Cord\u00e9lia Maleck-Vollant auront lieu le mardi 19 ao\u00fbt 2025 \u00e0 10 h en l\u2019\u00e9glise Notre-Dame-des-Indiens de Nutashkuan et de l\u00e0 au cimeti\u00e8re de l\u2019endroit.<\/p>\n<p>La famille re\u00e7oit parents et amis le dimanche 17 ao\u00fbt 2025 \u00e0 compter de 12 h au 165, rue Natakak \u00e0 Nutashkuan.<\/p>\n<p>Elle laisse dans le deuil son ami de c\u0153ur Bryant Paz (Jacky), sa m\u00e8re madame M\u00e9lina Malek, son fr\u00e8re Aidan-Scott, ses s\u0153urs : Brithany, Kukuess et Rosalie-Love, son grand-p\u00e8re monsieur Raymond Maleck, sa grand-m\u00e8re madame Murielle Ishpatao ainsi que ses oncles, ses tantes, ses cousins, ses cousines, ses amis,  son p\u00e8re S\u00e9bastien Vollant et sa familles.<\/p>\n<p>La famille a confi\u00e9 la direction des fun\u00e9railles aux services professionnels de la Maison L.J.G. Mallet du 1429, rue du Canot \u00e0 Havre-Saint-Pierre, maintenant reconnue Distinction et membre de la Corporation des Thanatologues du Qu\u00e9bec.<\/p>\n<p>Vous pouvez consulter cet avis de d\u00e9c\u00e8s sur le www.maisonmallet.com<\/p>\n<p>Ceux et celles qui le d\u00e9sirent, peuvent y envoyer des messages de sympathie.<\/p>\n<p>[contact-form to=\u00a0\u00bbmelinamalek00001@gmail.com\u00a0\u00bb subject=\u00a0\u00bbCondol\u00e9ances Manian-C\u00e9cily Cord\u00e9lia Maleck-Vollant\u00a0\u00bb][contact-field label=\u00a0\u00bbVotre nom\u00a0\u00bb type=\u00a0\u00bbname\u00a0\u00bb required=\u00a0\u00bb1&Prime;][contact-field label=\u00a0\u00bbVotre courriel\u00a0\u00bb type=\u00a0\u00bbemail\u00a0\u00bb required=\u00a0\u00bb1&Prime;][contact-field label=\u00a0\u00bbCondol\u00e9ances\u00a0\u00bb type=\u00a0\u00bbtextarea\u00a0\u00bb][\/contact-form]<\/p>\n","protected":false},"featured_media":67202,"template":"","event_cat":[7],"class_list":["post-67200","event","type-event","status-publish","has-post-thumbnail","hentry","event_cat-maison-l-j-g-mallet-inc"],"_links":{"self":[{"href":"https:\/\/nouveau.maisonmallet.com\/back05_01\/index.php?rest_route=\/wp\/v2\/event\/67200","targetHints":{"allow":["GET"]}}],"collection":[{"href":"https:\/\/nouveau.maisonmallet.com\/back05_01\/index.php?rest_route=\/wp\/v2\/event"}],"about":[{"href":"https:\/\/nouveau.maisonmallet.com\/back05_01\/index.php?rest_route=\/wp\/v2\/types\/event"}],"wp:featuredmedia":[{"embeddable":true,"href":"https:\/\/nouveau.maisonmallet.com\/back05_01\/index.php?rest_route=\/wp\/v2\/media\/67202"}],"wp:attachment":[{"href":"https:\/\/nouveau.maisonmallet.com\/back05_01\/index.php?rest_route=%2Fwp%2Fv2%2Fmedia&parent=67200"}],"wp:term":[{"taxonomy":"event_cat","embeddable":true,"href":"https:\/\/nouveau.maisonmallet.com\/back05_01\/index.php?rest_route=%2Fwp%2Fv2%2Fevent_cat&post=67200"}],"curies":[{"name":"wp","href":"https:\/\/api.w.org\/{rel}","templated":true}]}}

MALECK-VOLLANT, Manian-Cécily Cordélia

<p>La Maison L.J.G. Mallet a le regret de vous annoncer le décès de</p>
<p>Manian-Cécily Cordélia Maleck-Vollant<br />
2006 – 2025</p>
<p>À Nutashkuan, le 8 août 2025, est décédée à l’âge de 19 ans, madame Manian-Cécily Cordélia Maleck-Vollant fille de Sébastien Vollant et de Mélina Malek domiciliée à Nutashkuan.</p>
<p>Les funérailles de madame Manian-Cécily Cordélia Maleck-Vollant auront lieu le mardi 19 août 2025 à 10 h en l’église Notre-Dame-des-Indiens de Nutashkuan et de là au cimetière de l’endroit.</p>
<p>La famille reçoit parents et amis le dimanche 17 août 2025 à compter de 12 h au 165, rue Natakak à Nutashkuan.</p>
<p>Elle laisse dans le deuil son ami de cœur Bryant Paz (Jacky), sa mère madame Mélina Malek, son frère Aidan-Scott, ses sœurs : Brithany, Kukuess et Rosalie-Love, son grand-père monsieur Raymond Maleck, sa grand-mère madame Murielle Ishpatao ainsi que ses oncles, ses tantes, ses cousins, ses cousines, ses amis,  son père Sébastien Vollant et sa familles.</p>
<p>La famille a confié la direction des funérailles aux services professionnels de la Maison L.J.G. Mallet du 1429, rue du Canot à Havre-Saint-Pierre, maintenant reconnue Distinction et membre de la Corporation des Thanatologues du Québec.</p>
<p>Vous pouvez consulter cet avis de décès sur le www.maisonmallet.com</p>
<p>Ceux et celles qui le désirent, peuvent y envoyer des messages de sympathie.</p>
<p>[contact-form to= »melinamalek00001@gmail.com » subject= »Condoléances Manian-Cécily Cordélia Maleck-Vollant »][contact-field label= »Votre nom » type= »name » required= »1&Prime;][contact-field label= »Votre courriel » type= »email » required= »1&Prime;][contact-field label= »Condoléances » type= »textarea »][/contact-form]</p>
