{"id":67222,"date":"2025-08-10T15:05:48","date_gmt":"2025-08-10T19:05:48","guid":{"rendered":"https:\/\/nouveau.maisonmallet.com\/?post_type=event&#038;p=67222"},"modified":"2025-08-22T08:36:53","modified_gmt":"2025-08-22T12:36:53","slug":"mennekapo-gabriel","status":"publish","type":"event","link":"https:\/\/nouveau.maisonmallet.com\/back05_01\/?event=mennekapo-gabriel","title":{"rendered":"MENNEKAPO, Gabriel"},"content":{"rendered":"<p>La Maison L.J.G. Mallet a le regret de vous annoncer le d\u00e9c\u00e8s de<\/p>\n<p>Gabriel Mennekapo<\/p>\n<p>1952 \u2013 2025<\/p>\n<p>&nbsp;<\/p>\n<p>\u00c0 Havre Saint-Pierre, le 10 ao\u00fbt 2025, est d\u00e9c\u00e9d\u00e9 \u00e0 l\u2019\u00e2ge de 73 ans, monsieur Gabriel Mennekapo \u00e9poux de madame Th\u00e9r\u00e8se Gr\u00e9goire et domicili\u00e9 \u00e0 Nutashkuan.<\/p>\n<p>Les fun\u00e9railles de monsieur Gabriel Mennekapo auront lieu le mercredi 20 ao\u00fbt 2025 \u00e0 10 h en l\u2019\u00e9glise Notre-Dame-des-Indiens de Nutashkuan et de l\u00e0 au cimeti\u00e8re de l\u2019endroit.<\/p>\n<p>La famille re\u00e7oit parents et amis le mardi 19 ao\u00fbt 2025 \u00e0 compter de 15 h au 47, rue Jeromish \u00e0 Nutashkuan.<\/p>\n<p>Il laisse dans le deuil outre son \u00e9pouse madame Th\u00e9r\u00e8se Gr\u00e9goire, ses enfants\u00a0: Angela, Rom\u00e9o, Fran\u00e7oise (Jean-S\u00e9bastien Mark), Pien, Ca\u00efn, Etienne (\u00c9lise Wapistan), Ambroise (Marie-\u00c8ve Mark) et Cathy, ses petits-enfants, ses arri\u00e8re-petits-enfants, sa s\u0153ur Marie Mennekapo (Alphonse Gr\u00e9goire) ainsi que ses beaux-fr\u00e8res, ses belles-s\u0153urs, ses neveux, ses ni\u00e8ces et ses amis.<\/p>\n<p>La famille a confi\u00e9 la direction des fun\u00e9railles aux services professionnels de la Maison L.J.G. Mallet du 1429, rue du Canot \u00e0 Havre-Saint-Pierre, maintenant reconnue Distinction et membre de la Corporation des Thanatologues du Qu\u00e9bec.<\/p>\n<p>Vous pouvez consulter cet avis de d\u00e9c\u00e8s sur le <a href=\"https:\/\/nouveau.maisonmallet.com\">www.maisonmallet.com<\/a><\/p>\n<p>Ceux et celles qui le d\u00e9sirent, peuvent y envoyer des messages de sympathie.<\/p>\n<p>&nbsp;<\/p>\n<hr \/>\n<p>Envoyer vos condol\u00e9ances<\/p>\n<p>[contact-form to=\u00a0\u00bbfmenekapo18@gmail.com\u00a0\u00bb subject=\u00a0\u00bbCondol\u00e9ances Gabriel Mennekapo\u00a0\u00bb][contact-field label=\u00a0\u00bbVotre nom\u00a0\u00bb type=\u00a0\u00bbname\u00a0\u00bb required=\u00a0\u00bb1&Prime;][contact-field label=\u00a0\u00bbVotre courriel\u00a0\u00bb type=\u00a0\u00bbemail\u00a0\u00bb required=\u00a0\u00bb1&Prime;][contact-field label=\u00a0\u00bbCondol\u00e9ances\u00a0\u00bb type=\u00a0\u00bbtextarea\u00a0\u00bb][\/contact-form]<\/p>\n","protected":false},"featured_media":67282,"template":"","event_cat":[7],"class_list":["post-67222","event","type-event","status-publish","has-post-thumbnail","hentry","event_cat-maison-l-j-g-mallet-inc"],"_links":{"self":[{"href":"https:\/\/nouveau.maisonmallet.com\/back05_01\/index.php?rest_route=\/wp\/v2\/event\/67222","targetHints":{"allow":["GET"]}}],"collection":[{"href":"https:\/\/nouveau.maisonmallet.com\/back05_01\/index.php?rest_route=\/wp\/v2\/event"}],"about":[{"href":"https:\/\/nouveau.maisonmallet.com\/back05_01\/index.php?rest_route=\/wp\/v2\/types\/event"}],"wp:featuredmedia":[{"embeddable":true,"href":"https:\/\/nouveau.maisonmallet.com\/back05_01\/index.php?rest_route=\/wp\/v2\/media\/67282"}],"wp:attachment":[{"href":"https:\/\/nouveau.maisonmallet.com\/back05_01\/index.php?rest_route=%2Fwp%2Fv2%2Fmedia&parent=67222"}],"wp:term":[{"taxonomy":"event_cat","embeddable":true,"href":"https:\/\/nouveau.maisonmallet.com\/back05_01\/index.php?rest_route=%2Fwp%2Fv2%2Fevent_cat&post=67222"}],"curies":[{"name":"wp","href":"https:\/\/api.w.org\/{rel}","templated":true}]}}

<p>La Maison L.J.G. Mallet a le regret de vous annoncer le décès de</p>
<p>Gabriel Mennekapo</p>
<p>1952 – 2025</p>
<p>&nbsp;</p>
<p>À Havre Saint-Pierre, le 10 août 2025, est décédé à l’âge de 73 ans, monsieur Gabriel Mennekapo époux de madame Thérèse Grégoire et domicilié à Nutashkuan.</p>
<p>Les funérailles de monsieur Gabriel Mennekapo auront lieu le mercredi 20 août 2025 à 10 h en l’église Notre-Dame-des-Indiens de Nutashkuan et de là au cimetière de l’endroit.</p>
<p>La famille reçoit parents et amis le mardi 19 août 2025 à compter de 15 h au 47, rue Jeromish à Nutashkuan.</p>
<p>Il laisse dans le deuil outre son épouse madame Thérèse Grégoire, ses enfants : Angela, Roméo, Françoise (Jean-Sébastien Mark), Pien, Caïn, Etienne (Élise Wapistan), Ambroise (Marie-Ève Mark) et Cathy, ses petits-enfants, ses arrière-petits-enfants, sa sœur Marie Mennekapo (Alphonse Grégoire) ainsi que ses beaux-frères, ses belles-sœurs, ses neveux, ses nièces et ses amis.</p>
<p>La famille a confié la direction des funérailles aux services professionnels de la Maison L.J.G. Mallet du 1429, rue du Canot à Havre-Saint-Pierre, maintenant reconnue Distinction et membre de la Corporation des Thanatologues du Québec.</p>
<p>Vous pouvez consulter cet avis de décès sur le <a href="https://nouveau.maisonmallet.com">www.maisonmallet.com</a></p>
<p>Ceux et celles qui le désirent, peuvent y envoyer des messages de sympathie.</p>
<p>&nbsp;</p>
<hr />
<p>Envoyer vos condoléances</p>
<p>[contact-form to= »fmenekapo18@gmail.com » subject= »Condoléances Gabriel Mennekapo »][contact-field label= »Votre nom » type= »name » required= »1&Prime;][contact-field label= »Votre courriel » type= »email » required= »1&Prime;][contact-field label= »Condoléances » type= »textarea »][/contact-form]</p>
