{"id":67281,"date":"2025-07-10T18:13:45","date_gmt":"2025-07-10T22:13:45","guid":{"rendered":"https:\/\/nouveau.maisonmallet.com\/?post_type=event&#038;p=67281"},"modified":"2025-09-26T21:38:03","modified_gmt":"2025-09-27T01:38:03","slug":"plante-dominique","status":"publish","type":"event","link":"https:\/\/nouveau.maisonmallet.com\/back05_01\/?event=plante-dominique","title":{"rendered":"PLANTE, Dominique"},"content":{"rendered":"<p>Le Complexe Thanatologique Mallet &#038; fils a le regret de vous annoncer le d\u00e9c\u00e8s de<\/p>\n<p>Dominique Plante<br \/>\n1949 &#8211; 2025<\/p>\n<p>\u00c0 Rimouski, le 10 juillet 2025, est d\u00e9c\u00e9d\u00e9e \u00e0 l&rsquo;\u00e2ge de 76 ans, madame Dominique Plante \u00e9pouse de feu Aubin Hachey et domicili\u00e9e \u00e0 Rimouski autrefois de Sept-\u00celes. <\/p>\n<p>La c\u00e9r\u00e9monie comm\u00e9morative de madame Dominique Plante aura lieu le samedi 23 ao\u00fbt 2025 \u00e0 15 h 45 \u00e0 la chapelle du Complexe Thanatologique Mallet &#038; fils du 585, boul. Laure \u00e0 Sept-\u00celes et de l\u00e0 au cimeti\u00e8re Catholique de Sept-\u00celes.<\/p>\n<p>Selon ses volont\u00e9s, elle a \u00e9t\u00e9 confi\u00e9e au cr\u00e9matorium de la Maison Mallet &#038; fils pour cr\u00e9mation.<\/p>\n<p>La famille re\u00e7oit parents et amis le samedi 23 ao\u00fbt 2025 de 13 h \u00e0 16 h au Complexe Thanatologique Mallet &#038; fils du 585 Boul. Laure \u00e0 Sept-\u00celes.<\/p>\n<p>Elle laisse dans le deuil ses filles : Chantal (Gilles Allain) et Nancy (Yves Desch\u00eanes), son fils Yannick, ses petits-enfants : Guillaume (Am\u00e9lie), Anne-Sophie (C\u00e9drick), Myriam (Simon) et Mathieu (Audrey), son arri\u00e8re-petit-fils Jules ainsi que son fr\u00e8re Berthier (Andr\u00e9e), ses s\u0153urs : Jovette (Jean-Paul) et Suzie, ses beaux-fr\u00e8res, ses belles-s\u0153urs, ses neveux, ses ni\u00e8ces et ses amis.<\/p>\n<p>Vos marques de sympathie peuvent se traduire par un don \u00e0 la Soci\u00e9t\u00e9 Canadienne du cancer www.cancer.com<\/p>\n<p>La famille a confi\u00e9 les arrangements aux services professionnels de la Maison Mallet &#038; fils du 585 Boul. Laure \u00e0 Sept-\u00celes, maintenant reconnue Distinction et membre de la Corporation des Thanatologues du Qu\u00e9bec.<\/p>\n<p>Vous pouvez consulter cet avis de d\u00e9c\u00e8s sur le : www.maisonmallet.com<\/p>\n<p>Ceux et celles qui le d\u00e9sirent, peuvent y envoyer des messages de sympathie.<\/p>\n<p>[contact-form to=\u00a0\u00bbnancy.hachey71@gmail.com\u00a0\u00bb subject=\u00a0\u00bbCondol\u00e9ances Dominique Plante\u00a0\u00bb][contact-field label=\u00a0\u00bbVotre nom\u00a0\u00bb type=\u00a0\u00bbname\u00a0\u00bb required=\u00a0\u00bb1&Prime;][contact-field label=\u00a0\u00bbVotre courriel\u00a0\u00bb type=\u00a0\u00bbemail\u00a0\u00bb required=\u00a0\u00bb1&Prime;][contact-field label=\u00a0\u00bbCondol\u00e9ances\u00a0\u00bb type=\u00a0\u00bbtextarea\u00a0\u00bb][\/contact-form]<\/p>\n","protected":false},"featured_media":67288,"template":"","event_cat":[6],"class_list":["post-67281","event","type-event","status-publish","has-post-thumbnail","hentry","event_cat-maison-mallet-et-fils-inc"],"_links":{"self":[{"href":"https:\/\/nouveau.maisonmallet.com\/back05_01\/index.php?rest_route=\/wp\/v2\/event\/67281","targetHints":{"allow":["GET"]}}],"collection":[{"href":"https:\/\/nouveau.maisonmallet.com\/back05_01\/index.php?rest_route=\/wp\/v2\/event"}],"about":[{"href":"https:\/\/nouveau.maisonmallet.com\/back05_01\/index.php?rest_route=\/wp\/v2\/types\/event"}],"wp:featuredmedia":[{"embeddable":true,"href":"https:\/\/nouveau.maisonmallet.com\/back05_01\/index.php?rest_route=\/wp\/v2\/media\/67288"}],"wp:attachment":[{"href":"https:\/\/nouveau.maisonmallet.com\/back05_01\/index.php?rest_route=%2Fwp%2Fv2%2Fmedia&parent=67281"}],"wp:term":[{"taxonomy":"event_cat","embeddable":true,"href":"https:\/\/nouveau.maisonmallet.com\/back05_01\/index.php?rest_route=%2Fwp%2Fv2%2Fevent_cat&post=67281"}],"curies":[{"name":"wp","href":"https:\/\/api.w.org\/{rel}","templated":true}]}}

<p>Le Complexe Thanatologique Mallet &#038; fils a le regret de vous annoncer le décès de</p>
<p>Dominique Plante<br />
1949 &#8211; 2025</p>
<p>À Rimouski, le 10 juillet 2025, est décédée à l&rsquo;âge de 76 ans, madame Dominique Plante épouse de feu Aubin Hachey et domiciliée à Rimouski autrefois de Sept-Îles. </p>
<p>La cérémonie commémorative de madame Dominique Plante aura lieu le samedi 23 août 2025 à 15 h 45 à la chapelle du Complexe Thanatologique Mallet &#038; fils du 585, boul. Laure à Sept-Îles et de là au cimetière Catholique de Sept-Îles.</p>
<p>Selon ses volontés, elle a été confiée au crématorium de la Maison Mallet &#038; fils pour crémation.</p>
<p>La famille reçoit parents et amis le samedi 23 août 2025 de 13 h à 16 h au Complexe Thanatologique Mallet &#038; fils du 585 Boul. Laure à Sept-Îles.</p>
<p>Elle laisse dans le deuil ses filles : Chantal (Gilles Allain) et Nancy (Yves Deschênes), son fils Yannick, ses petits-enfants : Guillaume (Amélie), Anne-Sophie (Cédrick), Myriam (Simon) et Mathieu (Audrey), son arrière-petit-fils Jules ainsi que son frère Berthier (Andrée), ses sœurs : Jovette (Jean-Paul) et Suzie, ses beaux-frères, ses belles-sœurs, ses neveux, ses nièces et ses amis.</p>
<p>Vos marques de sympathie peuvent se traduire par un don à la Société Canadienne du cancer www.cancer.com</p>
<p>La famille a confié les arrangements aux services professionnels de la Maison Mallet &#038; fils du 585 Boul. Laure à Sept-Îles, maintenant reconnue Distinction et membre de la Corporation des Thanatologues du Québec.</p>
<p>Vous pouvez consulter cet avis de décès sur le : www.maisonmallet.com</p>
<p>Ceux et celles qui le désirent, peuvent y envoyer des messages de sympathie.</p>
<p>[contact-form to= »nancy.hachey71@gmail.com » subject= »Condoléances Dominique Plante »][contact-field label= »Votre nom » type= »name » required= »1&Prime;][contact-field label= »Votre courriel » type= »email » required= »1&Prime;][contact-field label= »Condoléances » type= »textarea »][/contact-form]</p>
