{"id":67338,"date":"2025-04-08T20:07:49","date_gmt":"2025-04-09T00:07:49","guid":{"rendered":"https:\/\/nouveau.maisonmallet.com\/?post_type=event&#038;p=67338"},"modified":"2025-09-26T21:37:33","modified_gmt":"2025-09-27T01:37:33","slug":"derosby-evelyne","status":"publish","type":"event","link":"https:\/\/nouveau.maisonmallet.com\/back05_01\/?event=derosby-evelyne","title":{"rendered":"DEROSBY, Evelyne"},"content":{"rendered":"<p>Le Complexe Thanatologique Mallet &#038; fils a le regret de vous annoncer le d\u00e9c\u00e8s de<\/p>\n<p>Evelyne Derosby<br \/>\n1935 \u2013 2025<\/p>\n<p>\u00c0 Sept-\u00celes, le 8 avril 2025, est d\u00e9c\u00e9d\u00e9e \u00e0 l\u2019\u00e2ge de 89 ans, madame Evelyne Derosby \u00e9pouse de feu Fernand Gaudreault et domicili\u00e9e \u00e0 Baie-Trinit\u00e9.<\/p>\n<p>Les fun\u00e9railles de madame Evelyne Derosby auront lieu, le samedi 30 ao\u00fbt 2025 \u00e0 11 h en la chapelle Sainte-Anne des Ilets Caribou et de l\u00e0 au cimeti\u00e8re de Baie-Trinit\u00e9.<\/p>\n<p>Selon ses volont\u00e9s, elle a \u00e9t\u00e9 confi\u00e9e au cr\u00e9matorium de la Maison Mallet &#038; fils pour cr\u00e9mation.<\/p>\n<p>La famille re\u00e7oit parents et amis, le samedi 30 ao\u00fbt 2025 de 10 h \u00e0 11 h \u00e0 la chapelle Saint-Anne des Ilets Caribou.<\/p>\n<p>Elle laisse dans le deuil ses enfants : Marl\u00e8ne, Denis, Suzanne (R\u00e9al), Daniel (Doris), Carlos, Gina (Jacky) David et Carole (Jules), ses petits-enfants, ses arri\u00e8re-petits-enfants ainsi que ses s\u0153urs : No\u00eblla et Denise (R\u00e9nald), ses beaux-fr\u00e8res, ses belles-s\u0153urs, ses neveux, ses ni\u00e8ces et ses ami(e)s.<\/p>\n<p>Elle \u00e9tait la m\u00e8re de feu Gino et de feu Nancy.<\/p>\n<p>La famille a confi\u00e9 la direction des fun\u00e9railles aux services professionnels de la Maison Mallet &#038; fils du 57, route 138 \u00e0 Port-Cartier, maintenant reconnue Distinction et membre de la Corporation des Thanatologues du Qu\u00e9bec.<\/p>\n<p>Vous pouvez consulter cet avis de d\u00e9c\u00e8s, sur le www.maisonmallet.com <\/p>\n<p>Ceux et celles qui le d\u00e9sirent, peuvent y envoyer des messages de sympathie.<\/p>\n<p>[contact-form to=\u00a0\u00bbginagaudrealt6@gmail.com\u00a0\u00bb subject=\u00a0\u00bbCondol\u00e9ances Evelyne Derosby\u00a0\u00bb][contact-field label=\u00a0\u00bbVotre nom\u00a0\u00bb type=\u00a0\u00bbname\u00a0\u00bb required=\u00a0\u00bb1&Prime;][contact-field label=\u00a0\u00bbVotre courriel\u00a0\u00bb type=\u00a0\u00bbemail\u00a0\u00bb required=\u00a0\u00bb1&Prime;][contact-field label=\u00a0\u00bbCondol\u00e9ances\u00a0\u00bb type=\u00a0\u00bbtextarea\u00a0\u00bb][\/contact-form]<\/p>\n","protected":false},"featured_media":67340,"template":"","event_cat":[6],"class_list":["post-67338","event","type-event","status-publish","has-post-thumbnail","hentry","event_cat-maison-mallet-et-fils-inc"],"_links":{"self":[{"href":"https:\/\/nouveau.maisonmallet.com\/back05_01\/index.php?rest_route=\/wp\/v2\/event\/67338","targetHints":{"allow":["GET"]}}],"collection":[{"href":"https:\/\/nouveau.maisonmallet.com\/back05_01\/index.php?rest_route=\/wp\/v2\/event"}],"about":[{"href":"https:\/\/nouveau.maisonmallet.com\/back05_01\/index.php?rest_route=\/wp\/v2\/types\/event"}],"wp:featuredmedia":[{"embeddable":true,"href":"https:\/\/nouveau.maisonmallet.com\/back05_01\/index.php?rest_route=\/wp\/v2\/media\/67340"}],"wp:attachment":[{"href":"https:\/\/nouveau.maisonmallet.com\/back05_01\/index.php?rest_route=%2Fwp%2Fv2%2Fmedia&parent=67338"}],"wp:term":[{"taxonomy":"event_cat","embeddable":true,"href":"https:\/\/nouveau.maisonmallet.com\/back05_01\/index.php?rest_route=%2Fwp%2Fv2%2Fevent_cat&post=67338"}],"curies":[{"name":"wp","href":"https:\/\/api.w.org\/{rel}","templated":true}]}}

<p>Le Complexe Thanatologique Mallet &#038; fils a le regret de vous annoncer le décès de</p>
<p>Evelyne Derosby<br />
1935 – 2025</p>
<p>À Sept-Îles, le 8 avril 2025, est décédée à l’âge de 89 ans, madame Evelyne Derosby épouse de feu Fernand Gaudreault et domiciliée à Baie-Trinité.</p>
<p>Les funérailles de madame Evelyne Derosby auront lieu, le samedi 30 août 2025 à 11 h en la chapelle Sainte-Anne des Ilets Caribou et de là au cimetière de Baie-Trinité.</p>
<p>Selon ses volontés, elle a été confiée au crématorium de la Maison Mallet &#038; fils pour crémation.</p>
<p>La famille reçoit parents et amis, le samedi 30 août 2025 de 10 h à 11 h à la chapelle Saint-Anne des Ilets Caribou.</p>
<p>Elle laisse dans le deuil ses enfants : Marlène, Denis, Suzanne (Réal), Daniel (Doris), Carlos, Gina (Jacky) David et Carole (Jules), ses petits-enfants, ses arrière-petits-enfants ainsi que ses sœurs : Noëlla et Denise (Rénald), ses beaux-frères, ses belles-sœurs, ses neveux, ses nièces et ses ami(e)s.</p>
<p>Elle était la mère de feu Gino et de feu Nancy.</p>
<p>La famille a confié la direction des funérailles aux services professionnels de la Maison Mallet &#038; fils du 57, route 138 à Port-Cartier, maintenant reconnue Distinction et membre de la Corporation des Thanatologues du Québec.</p>
<p>Vous pouvez consulter cet avis de décès, sur le www.maisonmallet.com </p>
<p>Ceux et celles qui le désirent, peuvent y envoyer des messages de sympathie.</p>
<p>[contact-form to= »ginagaudrealt6@gmail.com » subject= »Condoléances Evelyne Derosby »][contact-field label= »Votre nom » type= »name » required= »1&Prime;][contact-field label= »Votre courriel » type= »email » required= »1&Prime;][contact-field label= »Condoléances » type= »textarea »][/contact-form]</p>
