{"id":67341,"date":"2025-08-09T20:19:41","date_gmt":"2025-08-10T00:19:41","guid":{"rendered":"https:\/\/nouveau.maisonmallet.com\/?post_type=event&#038;p=67341"},"modified":"2025-09-26T21:36:53","modified_gmt":"2025-09-27T01:36:53","slug":"vigneault-serge","status":"publish","type":"event","link":"https:\/\/nouveau.maisonmallet.com\/back05_01\/?event=vigneault-serge","title":{"rendered":"VIGNEAULT, Serge"},"content":{"rendered":"<p>Le Complexe Thanatologique Mallet &#038; fils a le regret de vous annoncer le d\u00e9c\u00e8s de<\/p>\n<p>Serge Vigneault<br \/>\n1960 \u2013 2025<\/p>\n<p>\u00c0 Sept-\u00celes (maison L\u2019\u00c9lyme des sables), le 9 ao\u00fbt 2025, est d\u00e9c\u00e9d\u00e9 \u00e0 l\u2019\u00e2ge de 64 ans, monsieur Serge Vigneault fils de feu Lucette Bourgeois de feu R\u00e9al Vigneault domicili\u00e9 \u00e0 Sept-\u00celes.<\/p>\n<p>Les fun\u00e9railles de monsieur Serge Vigneault auront lieu le samedi 23 ao\u00fbt 2025 \u00e0 10 h en l\u2019\u00e9glise St-C\u0153ur de Marie situ\u00e9e au 175, rue de l\u2019\u00e9glise \u00e0 Clarke-City et de l\u00e0 au cimeti\u00e8re de l\u2019endroit. <\/p>\n<p>La famille re\u00e7oit parents et amis le samedi 23 ao\u00fbt 2025 jour des fun\u00e9railles \u00e0 compter de 9 h \u00e0 l\u2019\u00e9glise St-C\u0153ur de Marie de Clarke-City.<\/p>\n<p>Il laisse dans le deuil ses enfants : Jimmy Gauthier et Annie Sergerie, la m\u00e8re de ses enfants Huguette Gauthier, ses s\u0153urs : Nicole (Roland Vigneault), Suzanne, Louise (Michel Turgeon) et Manon (Michel Corneau), ses fr\u00e8res : Andr\u00e9, Yvon, Denis (Doris C\u00e9cyr) ainsi que ses neveux, ses ni\u00e8ces, ses oncles, ses tantes, ses cousins, ses cousines et de nombreux ami(e)s.<\/p>\n<p>Il \u00e9tait le fr\u00e8re de feu R\u00e9mi feu Pierre et de feu Solange Vigneau ainsi que le beau-fr\u00e8re de feu Nelson Roussy.<\/p>\n<p>La famille a confi\u00e9 la direction des fun\u00e9railles aux services professionnels de la Maison Mallet &#038; fils du 585 Boul. Laure \u00e0 Sept-\u00celes, maintenant reconnue Distinction et membre de la Corporation des Thanatologues du Qu\u00e9bec.<\/p>\n<p>Vous pouvez consulter cet avis de d\u00e9c\u00e8s sur le : www.maisonmallet.com  <\/p>\n<p>Ceux et celles qui le d\u00e9sirent, peuvent y envoyer des messages de sympathie.<\/p>\n<p>[contact-form to=\u00a0\u00bbmarc@maisonmallet.com\u00a0\u00bb subject=\u00a0\u00bbCondol\u00e9ances Serge Vigneault\u00a0\u00bb][contact-field label=\u00a0\u00bbVotre nom\u00a0\u00bb type=\u00a0\u00bbname\u00a0\u00bb required=\u00a0\u00bb1&Prime;][contact-field label=\u00a0\u00bbVotre courriel\u00a0\u00bb type=\u00a0\u00bbemail\u00a0\u00bb required=\u00a0\u00bb1&Prime;][contact-field label=\u00a0\u00bbCondol\u00e9ances\u00a0\u00bb type=\u00a0\u00bbtextarea\u00a0\u00bb][\/contact-form]<\/p>\n","protected":false},"featured_media":67343,"template":"","event_cat":[6],"class_list":["post-67341","event","type-event","status-publish","has-post-thumbnail","hentry","event_cat-maison-mallet-et-fils-inc"],"_links":{"self":[{"href":"https:\/\/nouveau.maisonmallet.com\/back05_01\/index.php?rest_route=\/wp\/v2\/event\/67341","targetHints":{"allow":["GET"]}}],"collection":[{"href":"https:\/\/nouveau.maisonmallet.com\/back05_01\/index.php?rest_route=\/wp\/v2\/event"}],"about":[{"href":"https:\/\/nouveau.maisonmallet.com\/back05_01\/index.php?rest_route=\/wp\/v2\/types\/event"}],"wp:featuredmedia":[{"embeddable":true,"href":"https:\/\/nouveau.maisonmallet.com\/back05_01\/index.php?rest_route=\/wp\/v2\/media\/67343"}],"wp:attachment":[{"href":"https:\/\/nouveau.maisonmallet.com\/back05_01\/index.php?rest_route=%2Fwp%2Fv2%2Fmedia&parent=67341"}],"wp:term":[{"taxonomy":"event_cat","embeddable":true,"href":"https:\/\/nouveau.maisonmallet.com\/back05_01\/index.php?rest_route=%2Fwp%2Fv2%2Fevent_cat&post=67341"}],"curies":[{"name":"wp","href":"https:\/\/api.w.org\/{rel}","templated":true}]}}

<p>Le Complexe Thanatologique Mallet &#038; fils a le regret de vous annoncer le décès de</p>
<p>Serge Vigneault<br />
1960 – 2025</p>
<p>À Sept-Îles (maison L’Élyme des sables), le 9 août 2025, est décédé à l’âge de 64 ans, monsieur Serge Vigneault fils de feu Lucette Bourgeois de feu Réal Vigneault domicilié à Sept-Îles.</p>
<p>Les funérailles de monsieur Serge Vigneault auront lieu le samedi 23 août 2025 à 10 h en l’église St-Cœur de Marie située au 175, rue de l’église à Clarke-City et de là au cimetière de l’endroit. </p>
<p>La famille reçoit parents et amis le samedi 23 août 2025 jour des funérailles à compter de 9 h à l’église St-Cœur de Marie de Clarke-City.</p>
<p>Il laisse dans le deuil ses enfants : Jimmy Gauthier et Annie Sergerie, la mère de ses enfants Huguette Gauthier, ses sœurs : Nicole (Roland Vigneault), Suzanne, Louise (Michel Turgeon) et Manon (Michel Corneau), ses frères : André, Yvon, Denis (Doris Cécyr) ainsi que ses neveux, ses nièces, ses oncles, ses tantes, ses cousins, ses cousines et de nombreux ami(e)s.</p>
<p>Il était le frère de feu Rémi feu Pierre et de feu Solange Vigneau ainsi que le beau-frère de feu Nelson Roussy.</p>
<p>La famille a confié la direction des funérailles aux services professionnels de la Maison Mallet &#038; fils du 585 Boul. Laure à Sept-Îles, maintenant reconnue Distinction et membre de la Corporation des Thanatologues du Québec.</p>
<p>Vous pouvez consulter cet avis de décès sur le : www.maisonmallet.com  </p>
<p>Ceux et celles qui le désirent, peuvent y envoyer des messages de sympathie.</p>
<p>[contact-form to= »marc@maisonmallet.com » subject= »Condoléances Serge Vigneault »][contact-field label= »Votre nom » type= »name » required= »1&Prime;][contact-field label= »Votre courriel » type= »email » required= »1&Prime;][contact-field label= »Condoléances » type= »textarea »][/contact-form]</p>
