{"id":67344,"date":"2025-08-12T18:09:42","date_gmt":"2025-08-12T22:09:42","guid":{"rendered":"https:\/\/nouveau.maisonmallet.com\/?post_type=event&#038;p=67344"},"modified":"2025-09-26T21:36:18","modified_gmt":"2025-09-27T01:36:18","slug":"blais-felix","status":"publish","type":"event","link":"https:\/\/nouveau.maisonmallet.com\/back05_01\/?event=blais-felix","title":{"rendered":"BLAIS, F\u00e9lix"},"content":{"rendered":"<p>Le Complexe Thanatologique Mallet &amp; fils a le regret de vous annoncer le d\u00e9c\u00e8s de<\/p>\n<p>F\u00e9lix Blais<br \/>\n1942 \u2013 2025<\/p>\n<p>\u00c0 Sept-\u00celes, le 12 ao\u00fbt 2025, est d\u00e9c\u00e9d\u00e9 \u00e0 l\u2019\u00e2ge de 82 ans, monsieur F\u00e9lix Blais fils de feu Edmond Blais et de feu Alma Marcoux domicili\u00e9 \u00e0 Sept-\u00celes.<\/p>\n<p>Les fun\u00e9railles de monsieur F\u00e9lix Blais auront lieu le samedi 23 ao\u00fbt 2025 \u00e0 14 h en l\u2019\u00e9glise St-Joseph situ\u00e9e au 535, ave. Brochu \u00e0 Sept-\u00celes.<\/p>\n<p>Selon ses volont\u00e9s, il a \u00e9t\u00e9 confi\u00e9 au cr\u00e9matorium de la Maison Mallet &amp; fils pour cr\u00e9mation.<\/p>\n<p>Il laisse dans le deuil ses enfants : Alain (Anne-Marie Vall\u00e9e), Irma (Carl Tremblay), Sonia, Fabien et Marl\u00e8ne (Guylain Aucoin), ses petits-enfants : \u00c9manuelle, Jean-Philippe, Lysanne, Mathieu, Natasha, Anouk, Roxanne, J\u00e9r\u00e9my, Saskia, Fr\u00e9d\u00e9rick et Shawn, ses arri\u00e8re-petits-enfants : Anabelle, Nathaniel, Madrick, Ayden, Rose et Zoey, ses s\u0153urs : Laurianna et \u00c9ff\u00e9e (D\u00e9lphis Jenniss) ainsi que ses neveux, ses ni\u00e8ces, ses cousins, ses cousines et ses ami(e)s.<\/p>\n<p>La famille a confi\u00e9 la direction des fun\u00e9railles aux services professionnels de la Maison Mallet &amp; fils du 585 boul. Laure \u00e0 Sept-\u00celes, maintenant reconnue Distinction et membre de la Corporation des Thanatologues du Qu\u00e9bec.<\/p>\n<p>Vous pouvez consulter cet avis de d\u00e9c\u00e8s sur le www.maisonmallet.com<\/p>\n<p>Ceux et celles qui le d\u00e9sirent, peuvent y envoyer des messages de sympathie.<\/p>\n<hr \/>\n<p>Envoyer vos condol\u00e9ances<\/p>\n<p>[contact-form to=\u00a0\u00bbmarleneblais01@gmail.com\u00a0\u00bb subject=\u00a0\u00bbCondol\u00e9ances F\u00e9lix Blais\u00a0\u00bb][contact-field label=\u00a0\u00bbVotre nom\u00a0\u00bb type=\u00a0\u00bbname\u00a0\u00bb required=\u00a0\u00bb1&Prime;][contact-field label=\u00a0\u00bbVotre courriel\u00a0\u00bb type=\u00a0\u00bbemail\u00a0\u00bb required=\u00a0\u00bb1&Prime;][contact-field label=\u00a0\u00bbCondol\u00e9ances\u00a0\u00bb type=\u00a0\u00bbtextarea\u00a0\u00bb][\/contact-form]<\/p>\n","protected":false},"featured_media":67392,"template":"","event_cat":[6],"class_list":["post-67344","event","type-event","status-publish","has-post-thumbnail","hentry","event_cat-maison-mallet-et-fils-inc"],"_links":{"self":[{"href":"https:\/\/nouveau.maisonmallet.com\/back05_01\/index.php?rest_route=\/wp\/v2\/event\/67344","targetHints":{"allow":["GET"]}}],"collection":[{"href":"https:\/\/nouveau.maisonmallet.com\/back05_01\/index.php?rest_route=\/wp\/v2\/event"}],"about":[{"href":"https:\/\/nouveau.maisonmallet.com\/back05_01\/index.php?rest_route=\/wp\/v2\/types\/event"}],"wp:featuredmedia":[{"embeddable":true,"href":"https:\/\/nouveau.maisonmallet.com\/back05_01\/index.php?rest_route=\/wp\/v2\/media\/67392"}],"wp:attachment":[{"href":"https:\/\/nouveau.maisonmallet.com\/back05_01\/index.php?rest_route=%2Fwp%2Fv2%2Fmedia&parent=67344"}],"wp:term":[{"taxonomy":"event_cat","embeddable":true,"href":"https:\/\/nouveau.maisonmallet.com\/back05_01\/index.php?rest_route=%2Fwp%2Fv2%2Fevent_cat&post=67344"}],"curies":[{"name":"wp","href":"https:\/\/api.w.org\/{rel}","templated":true}]}}

BLAIS, Félix

<p>Le Complexe Thanatologique Mallet &amp; fils a le regret de vous annoncer le décès de</p>
<p>Félix Blais<br />
1942 – 2025</p>
<p>À Sept-Îles, le 12 août 2025, est décédé à l’âge de 82 ans, monsieur Félix Blais fils de feu Edmond Blais et de feu Alma Marcoux domicilié à Sept-Îles.</p>
<p>Les funérailles de monsieur Félix Blais auront lieu le samedi 23 août 2025 à 14 h en l’église St-Joseph située au 535, ave. Brochu à Sept-Îles.</p>
<p>Selon ses volontés, il a été confié au crématorium de la Maison Mallet &amp; fils pour crémation.</p>
<p>Il laisse dans le deuil ses enfants : Alain (Anne-Marie Vallée), Irma (Carl Tremblay), Sonia, Fabien et Marlène (Guylain Aucoin), ses petits-enfants : Émanuelle, Jean-Philippe, Lysanne, Mathieu, Natasha, Anouk, Roxanne, Jérémy, Saskia, Frédérick et Shawn, ses arrière-petits-enfants : Anabelle, Nathaniel, Madrick, Ayden, Rose et Zoey, ses sœurs : Laurianna et Éffée (Délphis Jenniss) ainsi que ses neveux, ses nièces, ses cousins, ses cousines et ses ami(e)s.</p>
<p>La famille a confié la direction des funérailles aux services professionnels de la Maison Mallet &amp; fils du 585 boul. Laure à Sept-Îles, maintenant reconnue Distinction et membre de la Corporation des Thanatologues du Québec.</p>
<p>Vous pouvez consulter cet avis de décès sur le www.maisonmallet.com</p>
<p>Ceux et celles qui le désirent, peuvent y envoyer des messages de sympathie.</p>
<hr />
<p>Envoyer vos condoléances</p>
<p>[contact-form to= »marleneblais01@gmail.com » subject= »Condoléances Félix Blais »][contact-field label= »Votre nom » type= »name » required= »1&Prime;][contact-field label= »Votre courriel » type= »email » required= »1&Prime;][contact-field label= »Condoléances » type= »textarea »][/contact-form]</p>
