{"id":67693,"date":"2025-06-15T16:31:41","date_gmt":"2025-06-15T20:31:41","guid":{"rendered":"https:\/\/nouveau.maisonmallet.com\/?post_type=event&#038;p=67693"},"modified":"2025-09-26T21:33:10","modified_gmt":"2025-09-27T01:33:10","slug":"letemplier-ralphael-ralph","status":"publish","type":"event","link":"https:\/\/nouveau.maisonmallet.com\/back05_01\/?event=letemplier-ralphael-ralph","title":{"rendered":"LETEMPLIER, Ralphael (Ralph)"},"content":{"rendered":"<p>The family of the late Raphael \u201cRalph\u201d Letemplier are saddened to announce his passing on Sunday, June 15th, 2025.<\/p>\n<p>Ralph passed away peacefully at the Centre de Sant\u00e9 et de Services Sociaux de Sept-\u00celes, at the age of 88 years old.<\/p>\n<p>Ralph was a hard-working man, just ask anyone, he never really retired. He was a friend to everyone who knew him. He loved to lend a hand. Even in the days of \u201cGarage Ralph Letemplier\u201d, everyone knew who they could count on, he would never see anyone stuck. <\/p>\n<p>Ralph leaves to mourn his wife of 67 years, Alice, his children, Deborah (Terry), Marcella, Rendall (Wanita), Mario, Marius (Glenora), Arlene, and Chrissy (Jonathan). His grandchildren, Tyler, April, Jennifer, Kayla, Andr\u00e9, Ren\u00e9e, Joseph, Mike, Mark, Amy, Donald, Sydnee, Kayden and Kyler. His beautiful great-grandchildren, Finn, Adair, Taylor, Axel, Beau, Cash, and Tripp, his brothers and sisters, nieces and nephews, cousins, and a large circle of friends. Ralph was predeceased by his daughter Joanne (Claude), and two sons who passed at birth.<br \/>\nHe will be missed by all who knew him.<\/p>\n<p>Funeral service will take place on September 15th, 2025 at 1:30 pm, at St-Theresa Church in Blanc-Sablon, QC.<\/p>\n<p>The family would like to extend their gratitude for the care offered while at the Centre de Sant\u00e9 et de Services Sociaux de la Basse-C\u00f4te-Nord and the Centre de Sant\u00e9 et de Services Sociaux de Sept-\u00celes, and also to Maison Mallet et Fils.<\/p>\n<p>[contact-form to=\u00a0\u00bbchrissy.butt.sbc@gmail.com\u00a0\u00bb subject=\u00a0\u00bbCondol\u00e9ances Raphael Letemplier\u00a0\u00bb][contact-field label=\u00a0\u00bbVotre nom\u00a0\u00bb type=\u00a0\u00bbname\u00a0\u00bb required=\u00a0\u00bb1&Prime;][contact-field label=\u00a0\u00bbVotre courriel\u00a0\u00bb type=\u00a0\u00bbemail\u00a0\u00bb required=\u00a0\u00bb1&Prime;][contact-field label=\u00a0\u00bbCondol\u00e9ances\u00a0\u00bb type=\u00a0\u00bbtextarea\u00a0\u00bb][\/contact-form]<\/p>\n","protected":false},"featured_media":67695,"template":"","event_cat":[6],"class_list":["post-67693","event","type-event","status-publish","has-post-thumbnail","hentry","event_cat-maison-mallet-et-fils-inc"],"_links":{"self":[{"href":"https:\/\/nouveau.maisonmallet.com\/back05_01\/index.php?rest_route=\/wp\/v2\/event\/67693","targetHints":{"allow":["GET"]}}],"collection":[{"href":"https:\/\/nouveau.maisonmallet.com\/back05_01\/index.php?rest_route=\/wp\/v2\/event"}],"about":[{"href":"https:\/\/nouveau.maisonmallet.com\/back05_01\/index.php?rest_route=\/wp\/v2\/types\/event"}],"wp:featuredmedia":[{"embeddable":true,"href":"https:\/\/nouveau.maisonmallet.com\/back05_01\/index.php?rest_route=\/wp\/v2\/media\/67695"}],"wp:attachment":[{"href":"https:\/\/nouveau.maisonmallet.com\/back05_01\/index.php?rest_route=%2Fwp%2Fv2%2Fmedia&parent=67693"}],"wp:term":[{"taxonomy":"event_cat","embeddable":true,"href":"https:\/\/nouveau.maisonmallet.com\/back05_01\/index.php?rest_route=%2Fwp%2Fv2%2Fevent_cat&post=67693"}],"curies":[{"name":"wp","href":"https:\/\/api.w.org\/{rel}","templated":true}]}}

<p>The family of the late Raphael “Ralph” Letemplier are saddened to announce his passing on Sunday, June 15th, 2025.</p>
<p>Ralph passed away peacefully at the Centre de Santé et de Services Sociaux de Sept-Îles, at the age of 88 years old.</p>
<p>Ralph was a hard-working man, just ask anyone, he never really retired. He was a friend to everyone who knew him. He loved to lend a hand. Even in the days of “Garage Ralph Letemplier”, everyone knew who they could count on, he would never see anyone stuck. </p>
<p>Ralph leaves to mourn his wife of 67 years, Alice, his children, Deborah (Terry), Marcella, Rendall (Wanita), Mario, Marius (Glenora), Arlene, and Chrissy (Jonathan). His grandchildren, Tyler, April, Jennifer, Kayla, André, Renée, Joseph, Mike, Mark, Amy, Donald, Sydnee, Kayden and Kyler. His beautiful great-grandchildren, Finn, Adair, Taylor, Axel, Beau, Cash, and Tripp, his brothers and sisters, nieces and nephews, cousins, and a large circle of friends. Ralph was predeceased by his daughter Joanne (Claude), and two sons who passed at birth.<br />
He will be missed by all who knew him.</p>
<p>Funeral service will take place on September 15th, 2025 at 1:30 pm, at St-Theresa Church in Blanc-Sablon, QC.</p>
<p>The family would like to extend their gratitude for the care offered while at the Centre de Santé et de Services Sociaux de la Basse-Côte-Nord and the Centre de Santé et de Services Sociaux de Sept-Îles, and also to Maison Mallet et Fils.</p>
<p>[contact-form to= »chrissy.butt.sbc@gmail.com » subject= »Condoléances Raphael Letemplier »][contact-field label= »Votre nom » type= »name » required= »1&Prime;][contact-field label= »Votre courriel » type= »email » required= »1&Prime;][contact-field label= »Condoléances » type= »textarea »][/contact-form]</p>
