{"id":67701,"date":"2025-08-29T10:57:17","date_gmt":"2025-08-29T14:57:17","guid":{"rendered":"https:\/\/nouveau.maisonmallet.com\/?post_type=event&#038;p=67701"},"modified":"2025-10-02T21:15:05","modified_gmt":"2025-10-03T01:15:05","slug":"turbis-etienne","status":"publish","type":"event","link":"https:\/\/nouveau.maisonmallet.com\/back05_01\/?event=turbis-etienne","title":{"rendered":"TURBIS, \u00c9tienne"},"content":{"rendered":"<p>La Maison L.J.G. Mallet a le regret de vous annoncer le d\u00e9c\u00e8s de<\/p>\n<p>\u00c9tienne Turbis<br \/>\n1938 &#8211; 2025<\/p>\n<p>\u00c0 Havre Saint-Pierre, le 29 ao\u00fbt 2025, est d\u00e9c\u00e9d\u00e9 \u00e0 l\u2019\u00e2ge de 86 ans, monsieur \u00c9tienne Turbis \u00e9poux de madame Jeanne D\u2019Arc Gallant et domicili\u00e9 \u00e0 Havre Saint-Pierre.<\/p>\n<p>Les fun\u00e9railles de monsieur \u00c9tienne Turbis auront lieu le lundi 13 octobre 2025 \u00e0 11 h en l\u2019\u00c9glise Saint-Pierre situ\u00e9e au 742, rue Bor\u00e9ale \u00e0 Havre Saint-Pierre. <\/p>\n<p>Selon ses volont\u00e9s, il a \u00e9t\u00e9 confi\u00e9 au cr\u00e9matorium de la maison L.J.G. Mallet pour cr\u00e9mation.<\/p>\n<p>La famille re\u00e7oit parents et amis le lundi 13 octobre 2025 de 10 h \u00e0 11 h \u00e0 l\u2019\u00c9glise Saint-Pierre situ\u00e9e au 742, rue Bor\u00e9ale \u00e0 Havre Saint-Pierre.<\/p>\n<p>Il laisse dans le deuil outre son \u00e9pouse madame Jeanne D\u2019Arc Gallant, ses fils : Carol (Sylvie Larivi\u00e8re), Sylvain (B\u00e9n\u00e9dicte Pelletier) et St\u00e9phane (Marie-Claude Gagnon), sa fille Anne (Marc Francoeur), ses petits-fils : Guillaume, Jean-Nicolas, Beno\u00eet, Antoine et \u00c9tienne, ses petites-filles : \u00c9milie et M\u00e9gane ainsi que ses fr\u00e8res : Albini et Jean (Solange Morin), ses s\u0153urs : Francine (Gilles Tanguay) et Jacinthe, ses beaux-fr\u00e8res, ses belles-s\u0153urs, ses neveux, ses ni\u00e8ces, ses cousins, ses cousines et de nombreux amis.<\/p>\n<p>La famille a confi\u00e9 la direction des fun\u00e9railles aux services professionnels de la Maison L.J.G. Mallet du 1429, rue du Canot \u00e0 Havre Saint-Pierre, maintenant reconnue Distinction et membre de la Corporation des thanatologues du Qu\u00e9bec.<\/p>\n<p>Vous pouvez consulter cet avis de d\u00e9c\u00e8s, sur le www.maisonmallet.com <\/p>\n<p>Ceux et celles qui le d\u00e9sirent, peuvent y envoyer des messages de sympathie.<\/p>\n<p>[contact-form to=\u00a0\u00bbsyturbis@hotmail.com\u00a0\u00bb subject=\u00a0\u00bbCondol\u00e9ances \u00c9tienne Turbis\u00a0\u00bb][contact-field label=\u00a0\u00bbVotre nom\u00a0\u00bb type=\u00a0\u00bbname\u00a0\u00bb required=\u00a0\u00bb1&Prime;][contact-field label=\u00a0\u00bbVotre courriel\u00a0\u00bb type=\u00a0\u00bbemail\u00a0\u00bb required=\u00a0\u00bb1&Prime;][contact-field label=\u00a0\u00bbCondol\u00e9ances\u00a0\u00bb type=\u00a0\u00bbtextarea\u00a0\u00bb][\/contact-form]<\/p>\n","protected":false},"featured_media":67774,"template":"","event_cat":[7],"class_list":["post-67701","event","type-event","status-publish","has-post-thumbnail","hentry","event_cat-maison-l-j-g-mallet-inc"],"_links":{"self":[{"href":"https:\/\/nouveau.maisonmallet.com\/back05_01\/index.php?rest_route=\/wp\/v2\/event\/67701","targetHints":{"allow":["GET"]}}],"collection":[{"href":"https:\/\/nouveau.maisonmallet.com\/back05_01\/index.php?rest_route=\/wp\/v2\/event"}],"about":[{"href":"https:\/\/nouveau.maisonmallet.com\/back05_01\/index.php?rest_route=\/wp\/v2\/types\/event"}],"wp:featuredmedia":[{"embeddable":true,"href":"https:\/\/nouveau.maisonmallet.com\/back05_01\/index.php?rest_route=\/wp\/v2\/media\/67774"}],"wp:attachment":[{"href":"https:\/\/nouveau.maisonmallet.com\/back05_01\/index.php?rest_route=%2Fwp%2Fv2%2Fmedia&parent=67701"}],"wp:term":[{"taxonomy":"event_cat","embeddable":true,"href":"https:\/\/nouveau.maisonmallet.com\/back05_01\/index.php?rest_route=%2Fwp%2Fv2%2Fevent_cat&post=67701"}],"curies":[{"name":"wp","href":"https:\/\/api.w.org\/{rel}","templated":true}]}}

TURBIS, Étienne

<p>La Maison L.J.G. Mallet a le regret de vous annoncer le décès de</p>
<p>Étienne Turbis<br />
1938 &#8211; 2025</p>
<p>À Havre Saint-Pierre, le 29 août 2025, est décédé à l’âge de 86 ans, monsieur Étienne Turbis époux de madame Jeanne D’Arc Gallant et domicilié à Havre Saint-Pierre.</p>
<p>Les funérailles de monsieur Étienne Turbis auront lieu le lundi 13 octobre 2025 à 11 h en l’Église Saint-Pierre située au 742, rue Boréale à Havre Saint-Pierre. </p>
<p>Selon ses volontés, il a été confié au crématorium de la maison L.J.G. Mallet pour crémation.</p>
<p>La famille reçoit parents et amis le lundi 13 octobre 2025 de 10 h à 11 h à l’Église Saint-Pierre située au 742, rue Boréale à Havre Saint-Pierre.</p>
<p>Il laisse dans le deuil outre son épouse madame Jeanne D’Arc Gallant, ses fils : Carol (Sylvie Larivière), Sylvain (Bénédicte Pelletier) et Stéphane (Marie-Claude Gagnon), sa fille Anne (Marc Francoeur), ses petits-fils : Guillaume, Jean-Nicolas, Benoît, Antoine et Étienne, ses petites-filles : Émilie et Mégane ainsi que ses frères : Albini et Jean (Solange Morin), ses sœurs : Francine (Gilles Tanguay) et Jacinthe, ses beaux-frères, ses belles-sœurs, ses neveux, ses nièces, ses cousins, ses cousines et de nombreux amis.</p>
<p>La famille a confié la direction des funérailles aux services professionnels de la Maison L.J.G. Mallet du 1429, rue du Canot à Havre Saint-Pierre, maintenant reconnue Distinction et membre de la Corporation des thanatologues du Québec.</p>
<p>Vous pouvez consulter cet avis de décès, sur le www.maisonmallet.com </p>
<p>Ceux et celles qui le désirent, peuvent y envoyer des messages de sympathie.</p>
<p>[contact-form to= »syturbis@hotmail.com » subject= »Condoléances Étienne Turbis »][contact-field label= »Votre nom » type= »name » required= »1&Prime;][contact-field label= »Votre courriel » type= »email » required= »1&Prime;][contact-field label= »Condoléances » type= »textarea »][/contact-form]</p>
