{"id":67773,"date":"2025-07-01T10:32:51","date_gmt":"2025-07-01T14:32:51","guid":{"rendered":"https:\/\/nouveau.maisonmallet.com\/?post_type=event&#038;p=67773"},"modified":"2025-09-26T21:29:27","modified_gmt":"2025-09-27T01:29:27","slug":"beaudin-annette","status":"publish","type":"event","link":"https:\/\/nouveau.maisonmallet.com\/back05_01\/?event=beaudin-annette","title":{"rendered":"BEAUDIN, Annette"},"content":{"rendered":"<p>Le Complexe Thanatologique Mallet &#038; fils a le regret de vous annoncer le d\u00e9c\u00e8s de<\/p>\n<p>Annette Beaudin<br \/>\n1936 \u2013 2025<\/p>\n<p>\u00c0 Sept-\u00celes (maison l\u2019\u00c9lyme des sables), le 1er juillet 2025, est d\u00e9c\u00e9d\u00e9e \u00e0 l&rsquo;\u00e2ge de 89 ans, madame Annette Beaudin \u00e9pouse de feu Donat Chapadeau et domicili\u00e9e \u00e0 Sept-\u00celes.<\/p>\n<p>Selon ses volont\u00e9s, elle a \u00e9t\u00e9 confi\u00e9e au cr\u00e9matorium de la Maison Mallet &#038; fils pour cr\u00e9mation.<\/p>\n<p>Les rituels fun\u00e9raires de madame Annette Beaudin seront c\u00e9l\u00e9br\u00e9s en toute intimit\u00e9.  <\/p>\n<p>Elle laisse dans le deuil sa fille Katie (Carl Derosby), ses petits-enfants : St\u00e9phane (Annie Defayette), Pascal (Sophie Tremblay), Olivier, et Pier-Karl, ses arri\u00e8re-petites-filles : L\u00e9ane et Arielle, sa ni\u00e8ce et aidante naturelle Solange Chapados (Jean-Paul Lapierre) ainsi que sa s\u0153ur G\u00e9raldine (feu G\u00e9rard Beaudin), ses neveux, ses ni\u00e8ces et ses amis.<\/p>\n<p>Vos marques de sympathie peuvent se traduire par un don \u00e0 l\u2019\u00c9lyme des sables www.elymedessables.com<\/p>\n<p>La famille a confi\u00e9 les arrangements aux services professionnels de la Maison Mallet &#038; fils du 585 boul. Laure \u00e0 Sept-\u00celes, maintenant reconnue Distinction et membre de la Corporation des Thanatologues du Qu\u00e9bec.<\/p>\n<p>Vous pouvez consulter cet avis de d\u00e9c\u00e8s sur le : www.maisonmallet.com<\/p>\n<p>Ceux et celles qui le d\u00e9sirent, peuvent y envoyer des messages de sympathie.<\/p>\n<p>[contact-form to=\u00a0\u00bbcadochapadi@gmail.com\u00a0\u00bb subject=\u00a0\u00bbCondol\u00e9ances Annette Beaudin\u00a0\u00bb][contact-field label=\u00a0\u00bbVotre nom\u00a0\u00bb type=\u00a0\u00bbname\u00a0\u00bb required=\u00a0\u00bb1&Prime;][contact-field label=\u00a0\u00bbVotre courriel\u00a0\u00bb type=\u00a0\u00bbemail\u00a0\u00bb required=\u00a0\u00bb1&Prime;][contact-field label=\u00a0\u00bbCondol\u00e9ances\u00a0\u00bb type=\u00a0\u00bbtextarea\u00a0\u00bb][\/contact-form]<\/p>\n","protected":false},"featured_media":67815,"template":"","event_cat":[6],"class_list":["post-67773","event","type-event","status-publish","has-post-thumbnail","hentry","event_cat-maison-mallet-et-fils-inc"],"_links":{"self":[{"href":"https:\/\/nouveau.maisonmallet.com\/back05_01\/index.php?rest_route=\/wp\/v2\/event\/67773","targetHints":{"allow":["GET"]}}],"collection":[{"href":"https:\/\/nouveau.maisonmallet.com\/back05_01\/index.php?rest_route=\/wp\/v2\/event"}],"about":[{"href":"https:\/\/nouveau.maisonmallet.com\/back05_01\/index.php?rest_route=\/wp\/v2\/types\/event"}],"wp:featuredmedia":[{"embeddable":true,"href":"https:\/\/nouveau.maisonmallet.com\/back05_01\/index.php?rest_route=\/wp\/v2\/media\/67815"}],"wp:attachment":[{"href":"https:\/\/nouveau.maisonmallet.com\/back05_01\/index.php?rest_route=%2Fwp%2Fv2%2Fmedia&parent=67773"}],"wp:term":[{"taxonomy":"event_cat","embeddable":true,"href":"https:\/\/nouveau.maisonmallet.com\/back05_01\/index.php?rest_route=%2Fwp%2Fv2%2Fevent_cat&post=67773"}],"curies":[{"name":"wp","href":"https:\/\/api.w.org\/{rel}","templated":true}]}}

<p>Le Complexe Thanatologique Mallet &#038; fils a le regret de vous annoncer le décès de</p>
<p>Annette Beaudin<br />
1936 – 2025</p>
<p>À Sept-Îles (maison l’Élyme des sables), le 1er juillet 2025, est décédée à l&rsquo;âge de 89 ans, madame Annette Beaudin épouse de feu Donat Chapadeau et domiciliée à Sept-Îles.</p>
<p>Selon ses volontés, elle a été confiée au crématorium de la Maison Mallet &#038; fils pour crémation.</p>
<p>Les rituels funéraires de madame Annette Beaudin seront célébrés en toute intimité.  </p>
<p>Elle laisse dans le deuil sa fille Katie (Carl Derosby), ses petits-enfants : Stéphane (Annie Defayette), Pascal (Sophie Tremblay), Olivier, et Pier-Karl, ses arrière-petites-filles : Léane et Arielle, sa nièce et aidante naturelle Solange Chapados (Jean-Paul Lapierre) ainsi que sa sœur Géraldine (feu Gérard Beaudin), ses neveux, ses nièces et ses amis.</p>
<p>Vos marques de sympathie peuvent se traduire par un don à l’Élyme des sables www.elymedessables.com</p>
<p>La famille a confié les arrangements aux services professionnels de la Maison Mallet &#038; fils du 585 boul. Laure à Sept-Îles, maintenant reconnue Distinction et membre de la Corporation des Thanatologues du Québec.</p>
<p>Vous pouvez consulter cet avis de décès sur le : www.maisonmallet.com</p>
<p>Ceux et celles qui le désirent, peuvent y envoyer des messages de sympathie.</p>
<p>[contact-form to= »cadochapadi@gmail.com » subject= »Condoléances Annette Beaudin »][contact-field label= »Votre nom » type= »name » required= »1&Prime;][contact-field label= »Votre courriel » type= »email » required= »1&Prime;][contact-field label= »Condoléances » type= »textarea »][/contact-form]</p>
