{"id":67811,"date":"2025-09-06T11:33:41","date_gmt":"2025-09-06T15:33:41","guid":{"rendered":"https:\/\/nouveau.maisonmallet.com\/?post_type=event&#038;p=67811"},"modified":"2025-09-07T11:43:56","modified_gmt":"2025-09-07T15:43:56","slug":"beaudin-ginette-2","status":"publish","type":"event","link":"https:\/\/nouveau.maisonmallet.com\/back05_01\/?event=beaudin-ginette-2","title":{"rendered":"BEAUDIN, Ginette"},"content":{"rendered":"<p>6 mars 1947<br \/>\n11 septembre 2024<br \/>\nGinette Beaudin<\/p>\n<p>Ginette, d\u00e9j\u00e0 un an que tu nous as quitt\u00e9s. Tu resteras toujours et \u00e0 jamais dans nos c\u0153urs.<\/p>\n<p>Merci de veiller sur nous.<\/p>\n<p>Ton \u00e9poux Camille, ta petite-fille Laurie, ton petit-fils Mathis, ton gendre Benoit, les familles Beaudin et Th\u00e9riault ainsi que tous tes ami(e)s.<\/p>\n<p>[contact-form to=\u00a0\u00bbmarc@maisonmallet.com\u00a0\u00bb subject=\u00a0\u00bbCondol\u00e9ances\u00a0\u00bb][contact-field label=\u00a0\u00bbVotre nom\u00a0\u00bb type=\u00a0\u00bbname\u00a0\u00bb required=\u00a0\u00bb1&Prime;][contact-field label=\u00a0\u00bbVotre courriel\u00a0\u00bb type=\u00a0\u00bbemail\u00a0\u00bb required=\u00a0\u00bb1&Prime;][contact-field label=\u00a0\u00bbCondol\u00e9ances\u00a0\u00bb type=\u00a0\u00bbtextarea\u00a0\u00bb][\/contact-form]<\/p>\n","protected":false},"featured_media":54494,"template":"","event_cat":[6],"class_list":["post-67811","event","type-event","status-publish","has-post-thumbnail","hentry","event_cat-maison-mallet-et-fils-inc"],"_links":{"self":[{"href":"https:\/\/nouveau.maisonmallet.com\/back05_01\/index.php?rest_route=\/wp\/v2\/event\/67811","targetHints":{"allow":["GET"]}}],"collection":[{"href":"https:\/\/nouveau.maisonmallet.com\/back05_01\/index.php?rest_route=\/wp\/v2\/event"}],"about":[{"href":"https:\/\/nouveau.maisonmallet.com\/back05_01\/index.php?rest_route=\/wp\/v2\/types\/event"}],"wp:featuredmedia":[{"embeddable":true,"href":"https:\/\/nouveau.maisonmallet.com\/back05_01\/index.php?rest_route=\/wp\/v2\/media\/54494"}],"wp:attachment":[{"href":"https:\/\/nouveau.maisonmallet.com\/back05_01\/index.php?rest_route=%2Fwp%2Fv2%2Fmedia&parent=67811"}],"wp:term":[{"taxonomy":"event_cat","embeddable":true,"href":"https:\/\/nouveau.maisonmallet.com\/back05_01\/index.php?rest_route=%2Fwp%2Fv2%2Fevent_cat&post=67811"}],"curies":[{"name":"wp","href":"https:\/\/api.w.org\/{rel}","templated":true}]}}

<p>6 mars 1947<br />
11 septembre 2024<br />
Ginette Beaudin</p>
<p>Ginette, déjà un an que tu nous as quittés. Tu resteras toujours et à jamais dans nos cœurs.</p>
<p>Merci de veiller sur nous.</p>
<p>Ton époux Camille, ta petite-fille Laurie, ton petit-fils Mathis, ton gendre Benoit, les familles Beaudin et Thériault ainsi que tous tes ami(e)s.</p>
<p>[contact-form to= »marc@maisonmallet.com » subject= »Condoléances »][contact-field label= »Votre nom » type= »name » required= »1&Prime;][contact-field label= »Votre courriel » type= »email » required= »1&Prime;][contact-field label= »Condoléances » type= »textarea »][/contact-form]</p>
