{"id":67829,"date":"2025-09-02T15:04:50","date_gmt":"2025-09-02T19:04:50","guid":{"rendered":"https:\/\/nouveau.maisonmallet.com\/?post_type=event&#038;p=67829"},"modified":"2025-09-26T21:28:35","modified_gmt":"2025-09-27T01:28:35","slug":"vaillancourt-albertine","status":"publish","type":"event","link":"https:\/\/nouveau.maisonmallet.com\/back05_01\/?event=vaillancourt-albertine","title":{"rendered":"VAILLANCOURT, Albertine"},"content":{"rendered":"<p>La Maison L.J.G. Mallet a le regret de vous annoncer le d\u00e9c\u00e8s de<\/p>\n<p>Albertine Vaillancourt<br \/>\n1933 \u2013 2025<\/p>\n<p>\u00c0 Havre Saint-Pierre, le 2 septembre 2025, est d\u00e9c\u00e9d\u00e9e \u00e0 l\u2019\u00e2ge de 91 ans et 11 mois madame Albertine Vaillancourt \u00e9pouse de monsieur Donald Vaillancourt et domicili\u00e9e \u00e0 Longue-Pointe-de-Mingan. <\/p>\n<p>Les fun\u00e9railles de madame Albertine Vaillancourt auront lieu le samedi 11 octobre 2025 \u00e0 15 h en l\u2019\u00e9glise St-Fran\u00e7ois d\u2019Assise de Longue-Pointe-de-Mingan.   <\/p>\n<p>Selon ses volont\u00e9s, elle a \u00e9t\u00e9 confi\u00e9e au cr\u00e9matorium de la Maison L.J.G. Mallet pour cr\u00e9mation.<\/p>\n<p>La famille re\u00e7oit parents et amis le samedi 11 octobre 2025, jour des fun\u00e9railles \u00e0 compter de 14 h \u00e0 l\u2019\u00e9glise St-Fran\u00e7ois d\u2019Assise de Longue-Pointe-de-Mingan.<\/p>\n<p>Elle laisse dans le deuil outre son \u00e9poux monsieur Donald Vaillancourt, ses enfants : R\u00e9gis (Suzanne), Marcel (Mireille), L\u00e9o (Brigitte) et Mona (Neil), ses petits-enfants, ses arri\u00e8re-petits-enfants ainsi que ses beaux-fr\u00e8res, ses belles-s\u0153urs, ses neveux, ses ni\u00e8ces et de nombreux ami(e)s.<\/p>\n<p>Elle \u00e9tait la m\u00e8re de feu Martin Vaillancourt.<\/p>\n<p>La famille a confi\u00e9 les arrangements fun\u00e9raires aux services professionnels de la Maison L.J.G. Mallet du 1429, rue du Canot \u00e0 Havre-St-Pierre, maintenant reconnue Distinction et membre de la Corporation des Thanatologues du Qu\u00e9bec.<\/p>\n<p>Vous pouvez consulter cet avis de d\u00e9c\u00e8s, sur le www.maisonmallet.com <\/p>\n<p>Ceux et celles qui le d\u00e9sirent, peuvent y envoyer des messages de sympathie.<\/p>\n<p>[contact-form to=\u00a0\u00bbleovill@hotmail.com\u00a0\u00bb subject=\u00a0\u00bbCondol\u00e9ances Albertine Vaillancourt\u00a0\u00bb][contact-field label=\u00a0\u00bbVotre nom\u00a0\u00bb type=\u00a0\u00bbname\u00a0\u00bb required=\u00a0\u00bb1&Prime;][contact-field label=\u00a0\u00bbVotre courriel\u00a0\u00bb type=\u00a0\u00bbemail\u00a0\u00bb required=\u00a0\u00bb1&Prime;][contact-field label=\u00a0\u00bbCondol\u00e9ances\u00a0\u00bb type=\u00a0\u00bbtextarea\u00a0\u00bb][\/contact-form]<\/p>\n","protected":false},"featured_media":67873,"template":"","event_cat":[7],"class_list":["post-67829","event","type-event","status-publish","has-post-thumbnail","hentry","event_cat-maison-l-j-g-mallet-inc"],"_links":{"self":[{"href":"https:\/\/nouveau.maisonmallet.com\/back05_01\/index.php?rest_route=\/wp\/v2\/event\/67829","targetHints":{"allow":["GET"]}}],"collection":[{"href":"https:\/\/nouveau.maisonmallet.com\/back05_01\/index.php?rest_route=\/wp\/v2\/event"}],"about":[{"href":"https:\/\/nouveau.maisonmallet.com\/back05_01\/index.php?rest_route=\/wp\/v2\/types\/event"}],"wp:featuredmedia":[{"embeddable":true,"href":"https:\/\/nouveau.maisonmallet.com\/back05_01\/index.php?rest_route=\/wp\/v2\/media\/67873"}],"wp:attachment":[{"href":"https:\/\/nouveau.maisonmallet.com\/back05_01\/index.php?rest_route=%2Fwp%2Fv2%2Fmedia&parent=67829"}],"wp:term":[{"taxonomy":"event_cat","embeddable":true,"href":"https:\/\/nouveau.maisonmallet.com\/back05_01\/index.php?rest_route=%2Fwp%2Fv2%2Fevent_cat&post=67829"}],"curies":[{"name":"wp","href":"https:\/\/api.w.org\/{rel}","templated":true}]}}

<p>La Maison L.J.G. Mallet a le regret de vous annoncer le décès de</p>
<p>Albertine Vaillancourt<br />
1933 – 2025</p>
<p>À Havre Saint-Pierre, le 2 septembre 2025, est décédée à l’âge de 91 ans et 11 mois madame Albertine Vaillancourt épouse de monsieur Donald Vaillancourt et domiciliée à Longue-Pointe-de-Mingan. </p>
<p>Les funérailles de madame Albertine Vaillancourt auront lieu le samedi 11 octobre 2025 à 15 h en l’église St-François d’Assise de Longue-Pointe-de-Mingan.   </p>
<p>Selon ses volontés, elle a été confiée au crématorium de la Maison L.J.G. Mallet pour crémation.</p>
<p>La famille reçoit parents et amis le samedi 11 octobre 2025, jour des funérailles à compter de 14 h à l’église St-François d’Assise de Longue-Pointe-de-Mingan.</p>
<p>Elle laisse dans le deuil outre son époux monsieur Donald Vaillancourt, ses enfants : Régis (Suzanne), Marcel (Mireille), Léo (Brigitte) et Mona (Neil), ses petits-enfants, ses arrière-petits-enfants ainsi que ses beaux-frères, ses belles-sœurs, ses neveux, ses nièces et de nombreux ami(e)s.</p>
<p>Elle était la mère de feu Martin Vaillancourt.</p>
<p>La famille a confié les arrangements funéraires aux services professionnels de la Maison L.J.G. Mallet du 1429, rue du Canot à Havre-St-Pierre, maintenant reconnue Distinction et membre de la Corporation des Thanatologues du Québec.</p>
<p>Vous pouvez consulter cet avis de décès, sur le www.maisonmallet.com </p>
<p>Ceux et celles qui le désirent, peuvent y envoyer des messages de sympathie.</p>
<p>[contact-form to= »leovill@hotmail.com » subject= »Condoléances Albertine Vaillancourt »][contact-field label= »Votre nom » type= »name » required= »1&Prime;][contact-field label= »Votre courriel » type= »email » required= »1&Prime;][contact-field label= »Condoléances » type= »textarea »][/contact-form]</p>
