{"id":67877,"date":"2025-09-10T12:33:35","date_gmt":"2025-09-10T16:33:35","guid":{"rendered":"https:\/\/nouveau.maisonmallet.com\/?post_type=event&#038;p=67877"},"modified":"2025-09-12T11:39:40","modified_gmt":"2025-09-12T15:39:40","slug":"arsenault-roland","status":"publish","type":"event","link":"https:\/\/nouveau.maisonmallet.com\/back05_01\/?event=arsenault-roland","title":{"rendered":"ARSENAULT, Roland"},"content":{"rendered":"<p>Le Complexe Thanatologique Mallet &#038; fils a le regret de vous annoncer le d\u00e9c\u00e8s de<\/p>\n<p>Roland Arsenault<br \/>\n1930 \u2013 2025<\/p>\n<p>\u00c0 Sept-\u00celes (maison l\u2019\u00c9lyme des sables), le 10 septembre 2025, est d\u00e9c\u00e9d\u00e9 \u00e0 l\u2019\u00e2ge de 94 ans, monsieur Roland Arsenault \u00e9poux de feu Odette Vigneault et domicili\u00e9 \u00e0 Sept-\u00celes.<\/p>\n<p>Les fun\u00e9railles de monsieur Roland Arsenault auront lieu, le samedi 13 septembre 2025 \u00e0 14 h en l\u2019\u00e9glise Marie-Immacul\u00e9e situ\u00e9e au 180, rue Papineau \u00e0 Sept-\u00celes et de l\u00e0 au cimeti\u00e8re Catholique de Sept-\u00celes.<\/p>\n<p>La famille re\u00e7oit parents et amis le vendredi 12 septembre 2025 de 19 h \u00e0 21 h. Le samedi 13 septembre 2025, jour des fun\u00e9railles \u00e0 compter de 12 h 30 au Complexe Thanatologique Mallet &#038; fils du 585, boul. Laure \u00e0 Sept-\u00celes.<\/p>\n<p>Il laisse dans le deuil ses enfants : Danielle (Denis Cody), Francine (Ga\u00e9tan Bouchard) et Gilles, ses petits-enfants : Steve (Christine), M\u00e9lanie (Alain), Manon (Steve), Sylvain (Patsy), Katherine (Anthony) et Marie-Christine, ses arri\u00e8re-petits-enfants ainsi que ses beaux-fr\u00e8res, ses belles-s\u0153urs, ses neveux, ses ni\u00e8ces, sa cousine Raymonde Lapointe Bernatchez, la famille Parent et de nombreux ami(e)s.  <\/p>\n<p>Il \u00e9tait le p\u00e8re de feu Denis Arsenault (son fils Yan) ainsi que le fr\u00e8re de feu Lorraine Arsenault Parent.<\/p>\n<p>Vos marques de sympathie peuvent se traduire par un don \u00e0 l\u2019\u00c9lyme des sables www.elymedessables.com<\/p>\n<p>La famille a confi\u00e9 la direction des fun\u00e9railles aux services professionnels de la Maison Mallet &#038; fils du 585, boul. Laure \u00e0 Sept-\u00celes, maintenant reconnue Distinction et membre de la Corporation des Thanatologues du Qu\u00e9bec.<\/p>\n<p>Vous pouvez consulter cet avis de d\u00e9c\u00e8s sur le www.maisonmallet.com<\/p>\n<p>Ceux et celles qui le d\u00e9sirent, peuvent y envoyer des messages de sympathies.<\/p>\n<p>[contact-form to=\u00a0\u00bbmanon_2709@hotmail.com\u00a0\u00bb subject=\u00a0\u00bbCondol\u00e9ances Roland Arsenault\u00a0\u00bb][contact-field label=\u00a0\u00bbVotre nom\u00a0\u00bb type=\u00a0\u00bbname\u00a0\u00bb required=\u00a0\u00bb1&Prime;][contact-field label=\u00a0\u00bbVotre courriel\u00a0\u00bb type=\u00a0\u00bbemail\u00a0\u00bb required=\u00a0\u00bb1&Prime;][contact-field label=\u00a0\u00bbCondol\u00e9ances\u00a0\u00bb type=\u00a0\u00bbtextarea\u00a0\u00bb][\/contact-form]<\/p>\n","protected":false},"featured_media":67914,"template":"","event_cat":[6],"class_list":["post-67877","event","type-event","status-publish","has-post-thumbnail","hentry","event_cat-maison-mallet-et-fils-inc"],"_links":{"self":[{"href":"https:\/\/nouveau.maisonmallet.com\/back05_01\/index.php?rest_route=\/wp\/v2\/event\/67877","targetHints":{"allow":["GET"]}}],"collection":[{"href":"https:\/\/nouveau.maisonmallet.com\/back05_01\/index.php?rest_route=\/wp\/v2\/event"}],"about":[{"href":"https:\/\/nouveau.maisonmallet.com\/back05_01\/index.php?rest_route=\/wp\/v2\/types\/event"}],"wp:featuredmedia":[{"embeddable":true,"href":"https:\/\/nouveau.maisonmallet.com\/back05_01\/index.php?rest_route=\/wp\/v2\/media\/67914"}],"wp:attachment":[{"href":"https:\/\/nouveau.maisonmallet.com\/back05_01\/index.php?rest_route=%2Fwp%2Fv2%2Fmedia&parent=67877"}],"wp:term":[{"taxonomy":"event_cat","embeddable":true,"href":"https:\/\/nouveau.maisonmallet.com\/back05_01\/index.php?rest_route=%2Fwp%2Fv2%2Fevent_cat&post=67877"}],"curies":[{"name":"wp","href":"https:\/\/api.w.org\/{rel}","templated":true}]}}

<p>Le Complexe Thanatologique Mallet &#038; fils a le regret de vous annoncer le décès de</p>
<p>Roland Arsenault<br />
1930 – 2025</p>
<p>À Sept-Îles (maison l’Élyme des sables), le 10 septembre 2025, est décédé à l’âge de 94 ans, monsieur Roland Arsenault époux de feu Odette Vigneault et domicilié à Sept-Îles.</p>
<p>Les funérailles de monsieur Roland Arsenault auront lieu, le samedi 13 septembre 2025 à 14 h en l’église Marie-Immaculée située au 180, rue Papineau à Sept-Îles et de là au cimetière Catholique de Sept-Îles.</p>
<p>La famille reçoit parents et amis le vendredi 12 septembre 2025 de 19 h à 21 h. Le samedi 13 septembre 2025, jour des funérailles à compter de 12 h 30 au Complexe Thanatologique Mallet &#038; fils du 585, boul. Laure à Sept-Îles.</p>
<p>Il laisse dans le deuil ses enfants : Danielle (Denis Cody), Francine (Gaétan Bouchard) et Gilles, ses petits-enfants : Steve (Christine), Mélanie (Alain), Manon (Steve), Sylvain (Patsy), Katherine (Anthony) et Marie-Christine, ses arrière-petits-enfants ainsi que ses beaux-frères, ses belles-sœurs, ses neveux, ses nièces, sa cousine Raymonde Lapointe Bernatchez, la famille Parent et de nombreux ami(e)s.  </p>
<p>Il était le père de feu Denis Arsenault (son fils Yan) ainsi que le frère de feu Lorraine Arsenault Parent.</p>
<p>Vos marques de sympathie peuvent se traduire par un don à l’Élyme des sables www.elymedessables.com</p>
<p>La famille a confié la direction des funérailles aux services professionnels de la Maison Mallet &#038; fils du 585, boul. Laure à Sept-Îles, maintenant reconnue Distinction et membre de la Corporation des Thanatologues du Québec.</p>
<p>Vous pouvez consulter cet avis de décès sur le www.maisonmallet.com</p>
<p>Ceux et celles qui le désirent, peuvent y envoyer des messages de sympathies.</p>
<p>[contact-form to= »manon_2709@hotmail.com » subject= »Condoléances Roland Arsenault »][contact-field label= »Votre nom » type= »name » required= »1&Prime;][contact-field label= »Votre courriel » type= »email » required= »1&Prime;][contact-field label= »Condoléances » type= »textarea »][/contact-form]</p>
