{"id":67879,"date":"2025-09-04T08:41:55","date_gmt":"2025-09-04T12:41:55","guid":{"rendered":"https:\/\/nouveau.maisonmallet.com\/?post_type=event&#038;p=67879"},"modified":"2025-09-26T21:27:55","modified_gmt":"2025-09-27T01:27:55","slug":"lavoie-luc","status":"publish","type":"event","link":"https:\/\/nouveau.maisonmallet.com\/back05_01\/?event=lavoie-luc","title":{"rendered":"LAVOIE, Luc"},"content":{"rendered":"<p>Le Complexe Thanatologique Mallet &#038; fils a le regret de vous annoncer le d\u00e9c\u00e8s de<\/p>\n<p>Luc Lavoie<br \/>\n1939 \u2013 2025<\/p>\n<p>\u00c0 Sept-\u00celes, le 4 septembre 2025, est d\u00e9c\u00e9d\u00e9 \u00e0 l\u2019\u00e2ge de 86 ans, monsieur Luc Lavoie \u00e9poux de madame Sylvie B\u00e9langer et domicili\u00e9 \u00e0 Sept-\u00celes.<\/p>\n<p>Les fun\u00e9railles de monsieur Luc Lavoie auront lieu le vendredi 19 septembre 2025 \u00e0 11 h en l\u2019\u00e9glise Sacr\u00e9-C\u0153ur situ\u00e9e au 38, rue Parent \u00e0 Port-Cartier.<\/p>\n<p>Selon ses volont\u00e9s, il a \u00e9t\u00e9 confi\u00e9 au cr\u00e9matorium de la Maison Mallet &#038; fils pour cr\u00e9mation.<\/p>\n<p>\u00c0 Sept-\u00celes<br \/>\nLa famille re\u00e7oit parents et amis le jeudi 18 septembre 2025 de18 h \u00e0 21 h au Complexe Thanatologique Mallet &#038; fils du 585, Boul. Laure \u00e0 Sept-\u00celes.<\/p>\n<p>\u00c0 Port-Cartier<br \/>\nLa famille re\u00e7oit parents et amis le vendredi 19 septembre 2025 jour des fun\u00e9railles \u00e0 compter de 9 h au Complexe Thanatologique Mallet &#038; fils du 57, route 138 \u00e0 Port-Cartier.<\/p>\n<p>Il laisse dans le deuil outre son \u00e9pouse madame Sylvie B\u00e9langer, ses enfants : Anny (Mario), Yves (Isabelle), Andr\u00e9 et Martin (Sophie) ses petits-enfants : V\u00e9ronique (Alex), \u00c9milie (J\u00e9r\u00e9my), Alexandre (Layana) et Keven (M\u00e9gane), son arri\u00e8re-petit-fils Mathis, son fr\u00e8re Jean-Claude (feu Rita) ainsi que ses beaux-fr\u00e8res, ses belles-s\u0153urs, ses neveux, ses ni\u00e8ces et de nombreux ami(e)s.<\/p>\n<p>Vos marques de sympathie peuvent se traduire par un don \u00e0 La fondation r\u00e9gionale h\u00f4pital Sept-\u00celes www.fondationsept-iles.qc.ca <\/p>\n<p>La famille a confi\u00e9 la direction des fun\u00e9railles aux services professionnels de la Maison Mallet &#038; fils du 57, route 138 \u00e0 Port-Cartier, maintenant reconnue Distinction et membre de la Corporation des Thanatologues du Qu\u00e9bec.<\/p>\n<p>Vous pouvez consulter cet avis de d\u00e9c\u00e8s, sur le www.maisonmallet.com<\/p>\n<p>Ceux et celles qui le d\u00e9sirent, peuvent y envoyer des messages de sympathie.<\/p>\n<p>[contact-form to=\u00a0\u00bbbanville.anny@telus.net\u00a0\u00bb subject=\u00a0\u00bbCondol\u00e9ances Luc Lavoie\u00a0\u00bb][contact-field label=\u00a0\u00bbVotre nom\u00a0\u00bb type=\u00a0\u00bbname\u00a0\u00bb required=\u00a0\u00bb1&Prime;][contact-field label=\u00a0\u00bbVotre courriel\u00a0\u00bb type=\u00a0\u00bbemail\u00a0\u00bb required=\u00a0\u00bb1&Prime;][contact-field label=\u00a0\u00bbCondol\u00e9ances\u00a0\u00bb type=\u00a0\u00bbtextarea\u00a0\u00bb][\/contact-form]<\/p>\n","protected":false},"featured_media":67895,"template":"","event_cat":[6],"class_list":["post-67879","event","type-event","status-publish","has-post-thumbnail","hentry","event_cat-maison-mallet-et-fils-inc"],"_links":{"self":[{"href":"https:\/\/nouveau.maisonmallet.com\/back05_01\/index.php?rest_route=\/wp\/v2\/event\/67879","targetHints":{"allow":["GET"]}}],"collection":[{"href":"https:\/\/nouveau.maisonmallet.com\/back05_01\/index.php?rest_route=\/wp\/v2\/event"}],"about":[{"href":"https:\/\/nouveau.maisonmallet.com\/back05_01\/index.php?rest_route=\/wp\/v2\/types\/event"}],"wp:featuredmedia":[{"embeddable":true,"href":"https:\/\/nouveau.maisonmallet.com\/back05_01\/index.php?rest_route=\/wp\/v2\/media\/67895"}],"wp:attachment":[{"href":"https:\/\/nouveau.maisonmallet.com\/back05_01\/index.php?rest_route=%2Fwp%2Fv2%2Fmedia&parent=67879"}],"wp:term":[{"taxonomy":"event_cat","embeddable":true,"href":"https:\/\/nouveau.maisonmallet.com\/back05_01\/index.php?rest_route=%2Fwp%2Fv2%2Fevent_cat&post=67879"}],"curies":[{"name":"wp","href":"https:\/\/api.w.org\/{rel}","templated":true}]}}

<p>Le Complexe Thanatologique Mallet &#038; fils a le regret de vous annoncer le décès de</p>
<p>Luc Lavoie<br />
1939 – 2025</p>
<p>À Sept-Îles, le 4 septembre 2025, est décédé à l’âge de 86 ans, monsieur Luc Lavoie époux de madame Sylvie Bélanger et domicilié à Sept-Îles.</p>
<p>Les funérailles de monsieur Luc Lavoie auront lieu le vendredi 19 septembre 2025 à 11 h en l’église Sacré-Cœur située au 38, rue Parent à Port-Cartier.</p>
<p>Selon ses volontés, il a été confié au crématorium de la Maison Mallet &#038; fils pour crémation.</p>
<p>À Sept-Îles<br />
La famille reçoit parents et amis le jeudi 18 septembre 2025 de18 h à 21 h au Complexe Thanatologique Mallet &#038; fils du 585, Boul. Laure à Sept-Îles.</p>
<p>À Port-Cartier<br />
La famille reçoit parents et amis le vendredi 19 septembre 2025 jour des funérailles à compter de 9 h au Complexe Thanatologique Mallet &#038; fils du 57, route 138 à Port-Cartier.</p>
<p>Il laisse dans le deuil outre son épouse madame Sylvie Bélanger, ses enfants : Anny (Mario), Yves (Isabelle), André et Martin (Sophie) ses petits-enfants : Véronique (Alex), Émilie (Jérémy), Alexandre (Layana) et Keven (Mégane), son arrière-petit-fils Mathis, son frère Jean-Claude (feu Rita) ainsi que ses beaux-frères, ses belles-sœurs, ses neveux, ses nièces et de nombreux ami(e)s.</p>
<p>Vos marques de sympathie peuvent se traduire par un don à La fondation régionale hôpital Sept-Îles www.fondationsept-iles.qc.ca </p>
<p>La famille a confié la direction des funérailles aux services professionnels de la Maison Mallet &#038; fils du 57, route 138 à Port-Cartier, maintenant reconnue Distinction et membre de la Corporation des Thanatologues du Québec.</p>
<p>Vous pouvez consulter cet avis de décès, sur le www.maisonmallet.com</p>
<p>Ceux et celles qui le désirent, peuvent y envoyer des messages de sympathie.</p>
<p>[contact-form to= »banville.anny@telus.net » subject= »Condoléances Luc Lavoie »][contact-field label= »Votre nom » type= »name » required= »1&Prime;][contact-field label= »Votre courriel » type= »email » required= »1&Prime;][contact-field label= »Condoléances » type= »textarea »][/contact-form]</p>
