{"id":67912,"date":"2025-08-13T16:26:20","date_gmt":"2025-08-13T20:26:20","guid":{"rendered":"https:\/\/nouveau.maisonmallet.com\/?post_type=event&#038;p=67912"},"modified":"2025-09-26T21:27:01","modified_gmt":"2025-09-27T01:27:01","slug":"merciersylvie","status":"publish","type":"event","link":"https:\/\/nouveau.maisonmallet.com\/back05_01\/?event=merciersylvie","title":{"rendered":"MERCIER,Sylvie"},"content":{"rendered":"<p>Le Complexe Thanatologique Mallet &#038; fils a le regret de vous annoncer le d\u00e9c\u00e8s de<\/p>\n<p>Sylvie Mercier<br \/>\n1963 \u2013 2025<\/p>\n<p>\u00c0 Qu\u00e9bec, le 13 ao\u00fbt 2025, est d\u00e9c\u00e9d\u00e9e \u00e0 l&rsquo;\u00e2ge de 61 ans, madame Sylvie Mercier, fille de feu Jean-Claude Mercier et de feu R\u00e9jeanne Lachance domicili\u00e9e \u00e0 Qu\u00e9bec.<\/p>\n<p>La c\u00e9r\u00e9monie comm\u00e9morative de madame Sylvie Mercier aura lieu le samedi 20 septembre 2025 \u00e0 13 h 20 h \u00e0 la chapelle du Complexe Thanatologique Mallet &#038; fils du 585, boul. Laure \u00e0 Sept-\u00celes et de l\u00e0 au cimeti\u00e8re de l\u2019endroit.<\/p>\n<p>La famille re\u00e7oit parents et amis le samedi 20 septembre 2025 de 11 h \u00e0 13 h 30 au Complexe Thanatologique Mallet &#038; fils du 585 Boul. Laure \u00e0 Sept-\u00celes.<\/p>\n<p>Elle laisse dans le deuil ses fr\u00e8res et s\u0153urs: Richard (Annie Levesque), Nathalie (Marc-Andr\u00e9 Labrecque), Julie (Marc Thibeault) et Michel (Julie Bolduc), ses neveux et ni\u00e8ces: No\u00e9mie, Marie-Philip, Alyssa, Alex, Samuel, Mathis, F\u00e9lix et Xavier ainsi que ses oncles, tantes, cousins, cousines et amis(es).<\/p>\n<p>Un merci tout sp\u00e9cial \u00e0 son amie Brigitte Michaud ainsi qu\u2019au personnel du 2 ieme \u00e9tage du centre d\u2019h\u00e9bergement Chauveau pour le support et les bons soins prodigu\u00e9s.<br \/>\nVos t\u00e9moignages de sympathie peuvent se traduire par un don \u00e0 l\u2019Association Qu\u00e9b\u00e9coise des Personnes de Petite Taille de Montr\u00e9al (site internet: https:\/\/aqppt.org\/) ou \u00e0 l\u2019Association Septilienne des loisirs, des sports et de la culture pour personne vivant avec un handicap (site internet: https:\/\/sante.gouv.qc.ca\/repertoire-ressources\/ressource\/?nofiche=29561&#038;ch_type=&#038;bt_rechType=&#038;theme=autres-ressources&#038;ch_choixReg=&#038;ch_rayon=0&#038;ch_code=&#038;page=98#info-generale).<\/p>\n<p>La famille a confi\u00e9 les arrangements aux services professionnels de la Maison Mallet &#038; fils du 585 Boul. Laure \u00e0 Sept-\u00celes, maintenant reconnue Distinction et membre de la Corporation des Thanatologues du Qu\u00e9bec.<\/p>\n<p>Vous pouvez consulter cet avis de d\u00e9c\u00e8s sur le : www.maisonmallet.com<\/p>\n<p>Ceux et celles qui le d\u00e9sirent, peuvent y envoyer des messages de sympathie.<\/p>\n<p>[contact-form to=\u00a0\u00bbmichel_1980@hotmail.com\u00a0\u00bb subject=\u00a0\u00bbCondol\u00e9ances Sylvie Mercier\u00a0\u00bb][contact-field label=\u00a0\u00bbVotre nom\u00a0\u00bb type=\u00a0\u00bbname\u00a0\u00bb required=\u00a0\u00bb1&Prime;][contact-field label=\u00a0\u00bbVotre courriel\u00a0\u00bb type=\u00a0\u00bbemail\u00a0\u00bb required=\u00a0\u00bb1&Prime;][contact-field label=\u00a0\u00bbCondol\u00e9ances\u00a0\u00bb type=\u00a0\u00bbtextarea\u00a0\u00bb][\/contact-form]<\/p>\n","protected":false},"featured_media":67920,"template":"","event_cat":[6],"class_list":["post-67912","event","type-event","status-publish","has-post-thumbnail","hentry","event_cat-maison-mallet-et-fils-inc"],"_links":{"self":[{"href":"https:\/\/nouveau.maisonmallet.com\/back05_01\/index.php?rest_route=\/wp\/v2\/event\/67912","targetHints":{"allow":["GET"]}}],"collection":[{"href":"https:\/\/nouveau.maisonmallet.com\/back05_01\/index.php?rest_route=\/wp\/v2\/event"}],"about":[{"href":"https:\/\/nouveau.maisonmallet.com\/back05_01\/index.php?rest_route=\/wp\/v2\/types\/event"}],"wp:featuredmedia":[{"embeddable":true,"href":"https:\/\/nouveau.maisonmallet.com\/back05_01\/index.php?rest_route=\/wp\/v2\/media\/67920"}],"wp:attachment":[{"href":"https:\/\/nouveau.maisonmallet.com\/back05_01\/index.php?rest_route=%2Fwp%2Fv2%2Fmedia&parent=67912"}],"wp:term":[{"taxonomy":"event_cat","embeddable":true,"href":"https:\/\/nouveau.maisonmallet.com\/back05_01\/index.php?rest_route=%2Fwp%2Fv2%2Fevent_cat&post=67912"}],"curies":[{"name":"wp","href":"https:\/\/api.w.org\/{rel}","templated":true}]}}

<p>Le Complexe Thanatologique Mallet &#038; fils a le regret de vous annoncer le décès de</p>
<p>Sylvie Mercier<br />
1963 – 2025</p>
<p>À Québec, le 13 août 2025, est décédée à l&rsquo;âge de 61 ans, madame Sylvie Mercier, fille de feu Jean-Claude Mercier et de feu Réjeanne Lachance domiciliée à Québec.</p>
<p>La cérémonie commémorative de madame Sylvie Mercier aura lieu le samedi 20 septembre 2025 à 13 h 20 h à la chapelle du Complexe Thanatologique Mallet &#038; fils du 585, boul. Laure à Sept-Îles et de là au cimetière de l’endroit.</p>
<p>La famille reçoit parents et amis le samedi 20 septembre 2025 de 11 h à 13 h 30 au Complexe Thanatologique Mallet &#038; fils du 585 Boul. Laure à Sept-Îles.</p>
<p>Elle laisse dans le deuil ses frères et sœurs: Richard (Annie Levesque), Nathalie (Marc-André Labrecque), Julie (Marc Thibeault) et Michel (Julie Bolduc), ses neveux et nièces: Noémie, Marie-Philip, Alyssa, Alex, Samuel, Mathis, Félix et Xavier ainsi que ses oncles, tantes, cousins, cousines et amis(es).</p>
<p>Un merci tout spécial à son amie Brigitte Michaud ainsi qu’au personnel du 2 ieme étage du centre d’hébergement Chauveau pour le support et les bons soins prodigués.<br />
Vos témoignages de sympathie peuvent se traduire par un don à l’Association Québécoise des Personnes de Petite Taille de Montréal (site internet: https://aqppt.org/) ou à l’Association Septilienne des loisirs, des sports et de la culture pour personne vivant avec un handicap (site internet: https://sante.gouv.qc.ca/repertoire-ressources/ressource/?nofiche=29561&#038;ch_type=&#038;bt_rechType=&#038;theme=autres-ressources&#038;ch_choixReg=&#038;ch_rayon=0&#038;ch_code=&#038;page=98#info-generale).</p>
<p>La famille a confié les arrangements aux services professionnels de la Maison Mallet &#038; fils du 585 Boul. Laure à Sept-Îles, maintenant reconnue Distinction et membre de la Corporation des Thanatologues du Québec.</p>
<p>Vous pouvez consulter cet avis de décès sur le : www.maisonmallet.com</p>
<p>Ceux et celles qui le désirent, peuvent y envoyer des messages de sympathie.</p>
<p>[contact-form to= »michel_1980@hotmail.com » subject= »Condoléances Sylvie Mercier »][contact-field label= »Votre nom » type= »name » required= »1&Prime;][contact-field label= »Votre courriel » type= »email » required= »1&Prime;][contact-field label= »Condoléances » type= »textarea »][/contact-form]</p>
