{"id":67917,"date":"2025-09-02T20:08:13","date_gmt":"2025-09-03T00:08:13","guid":{"rendered":"https:\/\/nouveau.maisonmallet.com\/?post_type=event&#038;p=67917"},"modified":"2025-09-26T21:26:13","modified_gmt":"2025-09-27T01:26:13","slug":"dube-jean-louis","status":"publish","type":"event","link":"https:\/\/nouveau.maisonmallet.com\/back05_01\/?event=dube-jean-louis","title":{"rendered":"DUB\u00c9, Jean-Louis"},"content":{"rendered":"<p>Le Complexe Thanatologique Mallet &#038; fils a le regret de vous annoncer le d\u00e9c\u00e8s de<\/p>\n<p>Jean-Louis Dub\u00e9<br \/>\n1941 \u2013 2025 <\/p>\n<p>\u00c0 L\u00e9vis le 2 septembre 2025, est d\u00e9c\u00e9d\u00e9 \u00e0 l&rsquo;\u00e2ge de 84 ans et 7 mois, M. Jean-Louis Dub\u00e9, \u00e9poux de feu Mme Andr\u00e9e Voyer, conjoint de feu Mme Claire Sirois; fils de feu M. Louis-Philippe Dub\u00e9 et feu Mme C\u00e9cile Morneau. Il \u00e9tait domicili\u00e9 \u00e0 L\u00e9vis et autrefois \u00e0 Sept-\u00celes et Saint-Pascal-de-Kamouraska.<\/p>\n<p>La famille recevra les condol\u00e9ances au complexe thanatologique Mallet &#038; fils, 585, boul. Laure, Sept-\u00celes, le samedi 20 septembre 2025 d\u00e8s 11 h. Une c\u00e9r\u00e9monie d\u2019Adieu sera c\u00e9l\u00e9br\u00e9e le jour m\u00eame \u00e0 15 h, au complexe.<\/p>\n<p>La famille recevra \u00e9galement les condol\u00e9ances \u00e0 la R\u00e9sidence fun\u00e9raire Daniel Caron, 395, avenue Chapleau, Saint-Pascal, le samedi 11 octobre 2025 d\u00e8s 9 h. Une liturgie de la parole sera c\u00e9l\u00e9br\u00e9e le jour m\u00eame \u00e0 11 h, au salon de Saint-Pascal et de l\u00e0 au cimeti\u00e8re paroissial.<\/p>\n<p>Il laisse dans le deuil ses enfants : Michel (Isabelle Martineau), Caroline (Alain Michaud), Julie (Yanick Chenard); ses petits-enfants : Pierre-Olivier Dub\u00e9, Abbigail Dub\u00e9 (Tomy Bouchard), Gabrielle Paradis. Il \u00e9tait le fr\u00e8re de : feu Jean-Claude (feu H\u00e9l\u00e8ne Simard), feu Lorraine (feu \u00c9mile \u00c9lis\u00e9e), feu Bertrand (feu H\u00e9l\u00e8ne Pelletier) (Marie-Jos\u00e9e Landry), Dani\u00e8le (feu Lorraine Favreau), Marcelle (Pierrot Bacon); de la famille Voyer, le beau-fr\u00e8re de : feu H\u00e9l\u00e8ne (Fernand Langlais), Dolor\u00e8s (Jacques V\u00e9zina). Sont aussi attrist\u00e9s par son d\u00e9part : son amie de c\u0153ur Grace Cot\u00e9, ses neveux, ni\u00e8ces, cousins, cousines, autres parents et de nombreux ami(e)s.<\/p>\n<p>Vos condol\u00e9ances peuvent se traduire par un don \u00e0 la Fondation de l\u2019H\u00f4tel-Dieu de L\u00e9vis, 143, rue Wolfe, L\u00e9vis (Qu\u00e9bec) G6V 3Z1 ou \u00e0 la Fondation de l\u2019h\u00f4pital r\u00e9gional de Sept-\u00celes, 540, avenue Franquelin, Sept-\u00celes (Qu\u00e9bec) G4R 2M1 ou \u00e0 la Fondation canadienne des maladies du rein, 880-5160, boul. D\u00e9carie, Montr\u00e9al (Qu\u00e9bec) H3X 2H9.<\/p>\n<p>La famille tient \u00e0 remercier tout particuli\u00e8rement le personnel du d\u00e9partement d\u2019h\u00e9modialyse de l\u2019H\u00f4tel-Dieu de L\u00e9vis pour les soins prodigu\u00e9s durant les derni\u00e8res ann\u00e9es.<\/p>\n<p>La direction des fun\u00e9railles a \u00e9t\u00e9 confi\u00e9e \u00e0 la R\u00e9sidence fun\u00e9raire Daniel Caron<br \/>\n353, avenue Chapleau, Saint-Pascal (Qu\u00e9bec) G0L 3Y0<br \/>\nRenseignements : 418 492-2222, Sans frais : 1 800 300-2951<br \/>\ninfo@groupefunerairecaron.com   groupefunerairecaron.com<\/p>\n<p>et \u00e0 la Maison Mallet &#038; fils du 585 Boul. Laure \u00e0 Sept-\u00celes, maintenant reconnue Distinction et membre de la Corporation des Thanatologues du Qu\u00e9bec.<\/p>\n<p>Vous pouvez consulter cet avis de d\u00e9c\u00e8s sur le : www.maisonmallet.com  <\/p>\n<p>Ceux et celles qui le d\u00e9sirent, peuvent y envoyer des messages de sympathie.<br \/>\n[contact-form to=\u00a0\u00bbmichel.dube3781@gmail.com\u00a0\u00bb subject=\u00a0\u00bbCondol\u00e9ances Louis Dub\u00e9\u00a0\u00bb][contact-field label=\u00a0\u00bbVotre nom\u00a0\u00bb type=\u00a0\u00bbname\u00a0\u00bb required=\u00a0\u00bb1&Prime;][contact-field label=\u00a0\u00bbVotre courriel\u00a0\u00bb type=\u00a0\u00bbemail\u00a0\u00bb required=\u00a0\u00bb1&Prime;][contact-field label=\u00a0\u00bbCondol\u00e9ances\u00a0\u00bb type=\u00a0\u00bbtextarea\u00a0\u00bb][\/contact-form]<\/p>\n","protected":false},"featured_media":67969,"template":"","event_cat":[6],"class_list":["post-67917","event","type-event","status-publish","has-post-thumbnail","hentry","event_cat-maison-mallet-et-fils-inc"],"_links":{"self":[{"href":"https:\/\/nouveau.maisonmallet.com\/back05_01\/index.php?rest_route=\/wp\/v2\/event\/67917","targetHints":{"allow":["GET"]}}],"collection":[{"href":"https:\/\/nouveau.maisonmallet.com\/back05_01\/index.php?rest_route=\/wp\/v2\/event"}],"about":[{"href":"https:\/\/nouveau.maisonmallet.com\/back05_01\/index.php?rest_route=\/wp\/v2\/types\/event"}],"wp:featuredmedia":[{"embeddable":true,"href":"https:\/\/nouveau.maisonmallet.com\/back05_01\/index.php?rest_route=\/wp\/v2\/media\/67969"}],"wp:attachment":[{"href":"https:\/\/nouveau.maisonmallet.com\/back05_01\/index.php?rest_route=%2Fwp%2Fv2%2Fmedia&parent=67917"}],"wp:term":[{"taxonomy":"event_cat","embeddable":true,"href":"https:\/\/nouveau.maisonmallet.com\/back05_01\/index.php?rest_route=%2Fwp%2Fv2%2Fevent_cat&post=67917"}],"curies":[{"name":"wp","href":"https:\/\/api.w.org\/{rel}","templated":true}]}}

DUBÉ, Jean-Louis

<p>Le Complexe Thanatologique Mallet &#038; fils a le regret de vous annoncer le décès de</p>
<p>Jean-Louis Dubé<br />
1941 – 2025 </p>
<p>À Lévis le 2 septembre 2025, est décédé à l&rsquo;âge de 84 ans et 7 mois, M. Jean-Louis Dubé, époux de feu Mme Andrée Voyer, conjoint de feu Mme Claire Sirois; fils de feu M. Louis-Philippe Dubé et feu Mme Cécile Morneau. Il était domicilié à Lévis et autrefois à Sept-Îles et Saint-Pascal-de-Kamouraska.</p>
<p>La famille recevra les condoléances au complexe thanatologique Mallet &#038; fils, 585, boul. Laure, Sept-Îles, le samedi 20 septembre 2025 dès 11 h. Une cérémonie d’Adieu sera célébrée le jour même à 15 h, au complexe.</p>
<p>La famille recevra également les condoléances à la Résidence funéraire Daniel Caron, 395, avenue Chapleau, Saint-Pascal, le samedi 11 octobre 2025 dès 9 h. Une liturgie de la parole sera célébrée le jour même à 11 h, au salon de Saint-Pascal et de là au cimetière paroissial.</p>
<p>Il laisse dans le deuil ses enfants : Michel (Isabelle Martineau), Caroline (Alain Michaud), Julie (Yanick Chenard); ses petits-enfants : Pierre-Olivier Dubé, Abbigail Dubé (Tomy Bouchard), Gabrielle Paradis. Il était le frère de : feu Jean-Claude (feu Hélène Simard), feu Lorraine (feu Émile Élisée), feu Bertrand (feu Hélène Pelletier) (Marie-Josée Landry), Danièle (feu Lorraine Favreau), Marcelle (Pierrot Bacon); de la famille Voyer, le beau-frère de : feu Hélène (Fernand Langlais), Dolorès (Jacques Vézina). Sont aussi attristés par son départ : son amie de cœur Grace Coté, ses neveux, nièces, cousins, cousines, autres parents et de nombreux ami(e)s.</p>
<p>Vos condoléances peuvent se traduire par un don à la Fondation de l’Hôtel-Dieu de Lévis, 143, rue Wolfe, Lévis (Québec) G6V 3Z1 ou à la Fondation de l’hôpital régional de Sept-Îles, 540, avenue Franquelin, Sept-Îles (Québec) G4R 2M1 ou à la Fondation canadienne des maladies du rein, 880-5160, boul. Décarie, Montréal (Québec) H3X 2H9.</p>
<p>La famille tient à remercier tout particulièrement le personnel du département d’hémodialyse de l’Hôtel-Dieu de Lévis pour les soins prodigués durant les dernières années.</p>
<p>La direction des funérailles a été confiée à la Résidence funéraire Daniel Caron<br />
353, avenue Chapleau, Saint-Pascal (Québec) G0L 3Y0<br />
Renseignements : 418 492-2222, Sans frais : 1 800 300-2951<br />
info@groupefunerairecaron.com   groupefunerairecaron.com</p>
<p>et à la Maison Mallet &#038; fils du 585 Boul. Laure à Sept-Îles, maintenant reconnue Distinction et membre de la Corporation des Thanatologues du Québec.</p>
<p>Vous pouvez consulter cet avis de décès sur le : www.maisonmallet.com  </p>
<p>Ceux et celles qui le désirent, peuvent y envoyer des messages de sympathie.<br />
[contact-form to= »michel.dube3781@gmail.com » subject= »Condoléances Louis Dubé »][contact-field label= »Votre nom » type= »name » required= »1&Prime;][contact-field label= »Votre courriel » type= »email » required= »1&Prime;][contact-field label= »Condoléances » type= »textarea »][/contact-form]</p>
