{"id":67996,"date":"2025-09-22T09:12:20","date_gmt":"2025-09-22T13:12:20","guid":{"rendered":"https:\/\/nouveau.maisonmallet.com\/?post_type=event&#038;p=67996"},"modified":"2025-09-24T12:15:33","modified_gmt":"2025-09-24T16:15:33","slug":"cormier-monique","status":"publish","type":"event","link":"https:\/\/nouveau.maisonmallet.com\/back05_01\/?event=cormier-monique","title":{"rendered":"CORMIER, Monique"},"content":{"rendered":"<p>La Maison L.J.G. Mallet a le regret de vous annoncer le d\u00e9c\u00e8s de<\/p>\n<p>Monique Cormier<br \/>\n1937 &#8211; 2025<\/p>\n<p>\u00c0 Havre Saint-Pierre, le 20 septembre 2025, est d\u00e9c\u00e9d\u00e9e \u00e0 l\u2019\u00e2ge de 88 ans, madame Monique Cormier \u00e9pouse de feu Jean-Louis Boudreau et domicili\u00e9e \u00e0 Havre Saint-Pierre. <\/p>\n<p>Les fun\u00e9railles de madame Monique Cormier auront lieu le samedi 27 septembre 2025 \u00e0 10 h en l\u2019\u00e9glise St-Pierre situ\u00e9e au 742, rue Bor\u00e9ale \u00e0 Havre Saint-Pierre et de l\u00e0 au cimeti\u00e8re de l\u2019endroit. <\/p>\n<p>La famille re\u00e7oit parents et amis le vendredi 26 septembre 2025 de 19 h \u00e0 21 h au salon de la Maison L.J.G. Mallet du 1429, rue du Canot \u00e0 Havre Saint-Pierre.<\/p>\n<p>Elle laisse dans le deuil sa fille Suzie (Louis Vigneault), ses petits-enfants : Guillaume (Liliane Nolet) et Caroll-Ann M\u00e9thot, son fr\u00e8re Jean-Louis, ses s\u0153urs : Micheline et Louisette (Lionel Cyr), ses belles-s\u0153urs : Rosabelle, Rita et Ren\u00e9e Th\u00e9riault, ses beaux-fr\u00e8res : Arnold (Lucette Boudreau), Jules R. Boudreau (Yvonne Pr\u00e9vereau), Raymond Blaney et Michel Gignac ainsi que ses neveux, ses ni\u00e8ces, ses cousins, ses cousines et de nombreux ami(e)s.<\/p>\n<p>La famille tient \u00e0 remercier chaleureusement le personnel du foyer et des soins de longue dur\u00e9e du CISSS de la Minganie.<\/p>\n<p>Vos marques de sympathie peuvent se traduire par un don au Centre de Sant\u00e9 de la Minganie. <\/p>\n<p>La famille a confi\u00e9 la direction des fun\u00e9railles aux services professionnels de la Maison L.J.G. Mallet du 1429, rue du Canot \u00e0 Havre Saint-Pierre membre de la Corporation des Thanatologues du Qu\u00e9bec.<\/p>\n<p>Vous pouvez consulter cet avis de d\u00e9c\u00e8s, sur le www.maisonmallet.com <\/p>\n<p>Ceux et celles qui le d\u00e9sirent, peuvent y envoyer des messages de sympathie.<\/p>\n<p>[contact-form to=\u00a0\u00bbs_bou44@hotmail.com\u00a0\u00bb subject=\u00a0\u00bbCondol\u00e9ances Monique Cormier\u00a0\u00bb][contact-field label=\u00a0\u00bbVotre nom\u00a0\u00bb type=\u00a0\u00bbname\u00a0\u00bb required=\u00a0\u00bb1&Prime;][contact-field label=\u00a0\u00bbVotre courriel\u00a0\u00bb type=\u00a0\u00bbemail\u00a0\u00bb required=\u00a0\u00bb1&Prime;][contact-field label=\u00a0\u00bbCondol\u00e9ances\u00a0\u00bb type=\u00a0\u00bbtextarea\u00a0\u00bb][\/contact-form]<\/p>\n","protected":false},"featured_media":68147,"template":"","event_cat":[7],"class_list":["post-67996","event","type-event","status-publish","has-post-thumbnail","hentry","event_cat-maison-l-j-g-mallet-inc"],"_links":{"self":[{"href":"https:\/\/nouveau.maisonmallet.com\/back05_01\/index.php?rest_route=\/wp\/v2\/event\/67996","targetHints":{"allow":["GET"]}}],"collection":[{"href":"https:\/\/nouveau.maisonmallet.com\/back05_01\/index.php?rest_route=\/wp\/v2\/event"}],"about":[{"href":"https:\/\/nouveau.maisonmallet.com\/back05_01\/index.php?rest_route=\/wp\/v2\/types\/event"}],"wp:featuredmedia":[{"embeddable":true,"href":"https:\/\/nouveau.maisonmallet.com\/back05_01\/index.php?rest_route=\/wp\/v2\/media\/68147"}],"wp:attachment":[{"href":"https:\/\/nouveau.maisonmallet.com\/back05_01\/index.php?rest_route=%2Fwp%2Fv2%2Fmedia&parent=67996"}],"wp:term":[{"taxonomy":"event_cat","embeddable":true,"href":"https:\/\/nouveau.maisonmallet.com\/back05_01\/index.php?rest_route=%2Fwp%2Fv2%2Fevent_cat&post=67996"}],"curies":[{"name":"wp","href":"https:\/\/api.w.org\/{rel}","templated":true}]}}

<p>La Maison L.J.G. Mallet a le regret de vous annoncer le décès de</p>
<p>Monique Cormier<br />
1937 &#8211; 2025</p>
<p>À Havre Saint-Pierre, le 20 septembre 2025, est décédée à l’âge de 88 ans, madame Monique Cormier épouse de feu Jean-Louis Boudreau et domiciliée à Havre Saint-Pierre. </p>
<p>Les funérailles de madame Monique Cormier auront lieu le samedi 27 septembre 2025 à 10 h en l’église St-Pierre située au 742, rue Boréale à Havre Saint-Pierre et de là au cimetière de l’endroit. </p>
<p>La famille reçoit parents et amis le vendredi 26 septembre 2025 de 19 h à 21 h au salon de la Maison L.J.G. Mallet du 1429, rue du Canot à Havre Saint-Pierre.</p>
<p>Elle laisse dans le deuil sa fille Suzie (Louis Vigneault), ses petits-enfants : Guillaume (Liliane Nolet) et Caroll-Ann Méthot, son frère Jean-Louis, ses sœurs : Micheline et Louisette (Lionel Cyr), ses belles-sœurs : Rosabelle, Rita et Renée Thériault, ses beaux-frères : Arnold (Lucette Boudreau), Jules R. Boudreau (Yvonne Prévereau), Raymond Blaney et Michel Gignac ainsi que ses neveux, ses nièces, ses cousins, ses cousines et de nombreux ami(e)s.</p>
<p>La famille tient à remercier chaleureusement le personnel du foyer et des soins de longue durée du CISSS de la Minganie.</p>
<p>Vos marques de sympathie peuvent se traduire par un don au Centre de Santé de la Minganie. </p>
<p>La famille a confié la direction des funérailles aux services professionnels de la Maison L.J.G. Mallet du 1429, rue du Canot à Havre Saint-Pierre membre de la Corporation des Thanatologues du Québec.</p>
<p>Vous pouvez consulter cet avis de décès, sur le www.maisonmallet.com </p>
<p>Ceux et celles qui le désirent, peuvent y envoyer des messages de sympathie.</p>
<p>[contact-form to= »s_bou44@hotmail.com » subject= »Condoléances Monique Cormier »][contact-field label= »Votre nom » type= »name » required= »1&Prime;][contact-field label= »Votre courriel » type= »email » required= »1&Prime;][contact-field label= »Condoléances » type= »textarea »][/contact-form]</p>
