{"id":68107,"date":"2025-09-24T17:14:49","date_gmt":"2025-09-24T21:14:49","guid":{"rendered":"https:\/\/nouveau.maisonmallet.com\/?post_type=event&#038;p=68107"},"modified":"2025-09-25T17:19:38","modified_gmt":"2025-09-25T21:19:38","slug":"boudreau-sylvain","status":"publish","type":"event","link":"https:\/\/nouveau.maisonmallet.com\/back05_01\/?event=boudreau-sylvain","title":{"rendered":"BOUDREAU, Sylvain"},"content":{"rendered":"<p>La Maison L.J.G. Mallet a le regret de vous annoncer le d\u00e9c\u00e8s de<\/p>\n<p>Sylvain Boudreau<br \/>\n1955 &#8211; 2025<\/p>\n<p>\u00c0 Aguanish, le 17 septembre 2025, est d\u00e9c\u00e9d\u00e9 \u00e0 l\u2019\u00e2ge de 69 ans, monsieur Sylvain Boudreau \u00e9poux de madame Suzanne Leblanc et domicili\u00e9 \u00e0 Havre Saint-Pierre.<\/p>\n<p>Selon ses volont\u00e9s, il a \u00e9t\u00e9 confi\u00e9 au cr\u00e9matorium de la Maison L.J.G. Mallet pour cr\u00e9mation.<\/p>\n<p>La famille re\u00e7oit parents et amis le vendredi 3 octobre 2025 de 14 h \u00e0 18 h au salon de la Maison L.J.G. Mallet du 1429, rue du Canot \u00e0 Havre Saint-Pierre.<\/p>\n<p>Il laisse dans le deuil outre son \u00e9pouse madame Suzanne Leblanc, ses fils : Christopher (Monica Guillemette), Donavan (Roxane Vigneault) et son fils de c\u0153ur Marc-Antoine Poulin (Marie-Pier Blais), ses petits-enfants : Noah, Philip, Hubert, Nellie, Charles, Laurence, Edouard et Cl\u00e9mence ainsi ses fr\u00e8res, ses s\u0153urs, ses beaux-fr\u00e8res, ses belles-s\u0153urs, ses neveux, ses ni\u00e8ces, ses oncles, ses tantes, ses cousins, ses cousines et de nombreux amis.<\/p>\n<p>Vos marques de sympathie peuvent se traduire par un don \u00e0 la Soci\u00e9t\u00e9 Canadienne du cancer www.cancer.ca<\/p>\n<p>La famille a confi\u00e9 les arrangements aux services professionnels de la Maison L.J.G. Mallet du 1429, rue du Canot \u00e0 Havre Saint-Pierre, maintenant reconnue Distinction et membre de la Corporation des Thanatologues du Qu\u00e9bec.<\/p>\n<p>Vous pouvez consulter cet avis de d\u00e9c\u00e8s sur le www.maisonmallet.com<\/p>\n<p>Ceux et celles qui le d\u00e9sirent, peuvent y envoyer des messages de sympathie.<\/p>\n<p>[contact-form to=\u00a0\u00bbSuSy2006-2018@outlook.com,lise@maisonmallet.com\u00a0\u00bb subject=\u00a0\u00bbCondol\u00e9ances Sylvain Boudreau\u00a0\u00bb][contact-field label=\u00a0\u00bbVotre nom\u00a0\u00bb type=\u00a0\u00bbname\u00a0\u00bb required=\u00a0\u00bb1&Prime;][contact-field label=\u00a0\u00bbVotre courriel\u00a0\u00bb type=\u00a0\u00bbemail\u00a0\u00bb required=\u00a0\u00bb1&Prime;][contact-field label=\u00a0\u00bbCondol\u00e9ances\u00a0\u00bb type=\u00a0\u00bbtextarea\u00a0\u00bb][\/contact-form]<\/p>\n","protected":false},"featured_media":68161,"template":"","event_cat":[7],"class_list":["post-68107","event","type-event","status-publish","has-post-thumbnail","hentry","event_cat-maison-l-j-g-mallet-inc"],"_links":{"self":[{"href":"https:\/\/nouveau.maisonmallet.com\/back05_01\/index.php?rest_route=\/wp\/v2\/event\/68107","targetHints":{"allow":["GET"]}}],"collection":[{"href":"https:\/\/nouveau.maisonmallet.com\/back05_01\/index.php?rest_route=\/wp\/v2\/event"}],"about":[{"href":"https:\/\/nouveau.maisonmallet.com\/back05_01\/index.php?rest_route=\/wp\/v2\/types\/event"}],"wp:featuredmedia":[{"embeddable":true,"href":"https:\/\/nouveau.maisonmallet.com\/back05_01\/index.php?rest_route=\/wp\/v2\/media\/68161"}],"wp:attachment":[{"href":"https:\/\/nouveau.maisonmallet.com\/back05_01\/index.php?rest_route=%2Fwp%2Fv2%2Fmedia&parent=68107"}],"wp:term":[{"taxonomy":"event_cat","embeddable":true,"href":"https:\/\/nouveau.maisonmallet.com\/back05_01\/index.php?rest_route=%2Fwp%2Fv2%2Fevent_cat&post=68107"}],"curies":[{"name":"wp","href":"https:\/\/api.w.org\/{rel}","templated":true}]}}

<p>La Maison L.J.G. Mallet a le regret de vous annoncer le décès de</p>
<p>Sylvain Boudreau<br />
1955 &#8211; 2025</p>
<p>À Aguanish, le 17 septembre 2025, est décédé à l’âge de 69 ans, monsieur Sylvain Boudreau époux de madame Suzanne Leblanc et domicilié à Havre Saint-Pierre.</p>
<p>Selon ses volontés, il a été confié au crématorium de la Maison L.J.G. Mallet pour crémation.</p>
<p>La famille reçoit parents et amis le vendredi 3 octobre 2025 de 14 h à 18 h au salon de la Maison L.J.G. Mallet du 1429, rue du Canot à Havre Saint-Pierre.</p>
<p>Il laisse dans le deuil outre son épouse madame Suzanne Leblanc, ses fils : Christopher (Monica Guillemette), Donavan (Roxane Vigneault) et son fils de cœur Marc-Antoine Poulin (Marie-Pier Blais), ses petits-enfants : Noah, Philip, Hubert, Nellie, Charles, Laurence, Edouard et Clémence ainsi ses frères, ses sœurs, ses beaux-frères, ses belles-sœurs, ses neveux, ses nièces, ses oncles, ses tantes, ses cousins, ses cousines et de nombreux amis.</p>
<p>Vos marques de sympathie peuvent se traduire par un don à la Société Canadienne du cancer www.cancer.ca</p>
<p>La famille a confié les arrangements aux services professionnels de la Maison L.J.G. Mallet du 1429, rue du Canot à Havre Saint-Pierre, maintenant reconnue Distinction et membre de la Corporation des Thanatologues du Québec.</p>
<p>Vous pouvez consulter cet avis de décès sur le www.maisonmallet.com</p>
<p>Ceux et celles qui le désirent, peuvent y envoyer des messages de sympathie.</p>
<p>[contact-form to= »SuSy2006-2018@outlook.com,lise@maisonmallet.com » subject= »Condoléances Sylvain Boudreau »][contact-field label= »Votre nom » type= »name » required= »1&Prime;][contact-field label= »Votre courriel » type= »email » required= »1&Prime;][contact-field label= »Condoléances » type= »textarea »][/contact-form]</p>
