{"id":68157,"date":"2025-09-24T17:21:13","date_gmt":"2025-09-24T21:21:13","guid":{"rendered":"https:\/\/nouveau.maisonmallet.com\/?post_type=event&#038;p=68157"},"modified":"2025-09-25T17:26:22","modified_gmt":"2025-09-25T21:26:22","slug":"lebrun-emelie","status":"publish","type":"event","link":"https:\/\/nouveau.maisonmallet.com\/back05_01\/?event=lebrun-emelie","title":{"rendered":"LEBRUN, \u00c9m\u00e9lie"},"content":{"rendered":"<p>La Maison L.J.G. Mallet a le regret de vous annoncer le d\u00e9c\u00e8s de<\/p>\n<p>\u00c9m\u00e9lie Lebrun<br \/>\n1955 \u2013 2025<\/p>\n<p>\u00c0 Havre Saint-Pierre, le 1er septembre 2025, est d\u00e9c\u00e9d\u00e9e \u00e0 l\u2019\u00e2ge de 69 ans, madame \u00c9m\u00e9lie Lebrun fille de feu Joseph Lebrun et de feu Th\u00e9r\u00e8se Doyle domicili\u00e9e \u00e0 Havre Saint-Pierre. <\/p>\n<p>Les fun\u00e9railles de madame \u00c9m\u00e9lie Lebrun auront lieu le samedi 11 octobre 2025 \u00e0 14 h en l\u2019\u00e9glise St-Pierre situ\u00e9e au 742, rue Bor\u00e9ale \u00e0 Havre St-Pierre et de l\u00e0 au cimeti\u00e8re de l\u2019endroit.<\/p>\n<p>Selon ses volont\u00e9s, elle a \u00e9t\u00e9 confi\u00e9e au cr\u00e9matorium de la maison L.J.G. Mallet pour cr\u00e9mation.<\/p>\n<p>La famille re\u00e7oit parents et amis le samedi 11 octobre 2025 de 13 h \u00e0 14 h \u00e0 l\u2019\u00e9glise St-Pierre situ\u00e9e au 742, rue Bor\u00e9ale \u00e0 Havre Saint-Pierre.  <\/p>\n<p>Elle laisse dans le deuil ses s\u0153urs : Ludivine, Micheline, Jeannine, Marguerite, Liette (Daniel Plante) et Dolor\u00e8s, son fr\u00e8re L\u00e9o (Lina Primard), sa filleule Nelly ainsi que ses neveux, ses ni\u00e8ces, ses cousins, ses cousines et de nombreux ami(e)s.<\/p>\n<p>Elle \u00e9tait la s\u0153ur de feu Lucien.<\/p>\n<p>La famille a confi\u00e9 la direction des fun\u00e9railles aux services professionnels de la Maison L.J.G. Mallet du 1429, rue du Canot \u00e0 Havre-St-Pierre, membre de la Corporation des thanatologues du Qu\u00e9bec.<\/p>\n<p>Vous pouvez consulter cet avis de d\u00e9c\u00e8s, sur le site www.maisonmallet.com <\/p>\n<p>Ceux et celles qui le d\u00e9sirent, peuvent y envoyer des messages de sympathie.<\/p>\n<p>[contact-form to=\u00a0\u00bbluluperle@hotmail.com, lise@maisonmallet.com\u00a0\u00bb subject=\u00a0\u00bbCondol\u00e9ances \u00c9m\u00e9lie Lebrun\u00a0\u00bb][contact-field label=\u00a0\u00bbVotre nom\u00a0\u00bb type=\u00a0\u00bbname\u00a0\u00bb required=\u00a0\u00bb1&Prime;][contact-field label=\u00a0\u00bbVotre courriel\u00a0\u00bb type=\u00a0\u00bbemail\u00a0\u00bb required=\u00a0\u00bb1&Prime;][contact-field label=\u00a0\u00bbCondol\u00e9ances\u00a0\u00bb type=\u00a0\u00bbtextarea\u00a0\u00bb][\/contact-form]<\/p>\n","protected":false},"featured_media":68163,"template":"","event_cat":[7],"class_list":["post-68157","event","type-event","status-publish","has-post-thumbnail","hentry","event_cat-maison-l-j-g-mallet-inc"],"_links":{"self":[{"href":"https:\/\/nouveau.maisonmallet.com\/back05_01\/index.php?rest_route=\/wp\/v2\/event\/68157","targetHints":{"allow":["GET"]}}],"collection":[{"href":"https:\/\/nouveau.maisonmallet.com\/back05_01\/index.php?rest_route=\/wp\/v2\/event"}],"about":[{"href":"https:\/\/nouveau.maisonmallet.com\/back05_01\/index.php?rest_route=\/wp\/v2\/types\/event"}],"wp:featuredmedia":[{"embeddable":true,"href":"https:\/\/nouveau.maisonmallet.com\/back05_01\/index.php?rest_route=\/wp\/v2\/media\/68163"}],"wp:attachment":[{"href":"https:\/\/nouveau.maisonmallet.com\/back05_01\/index.php?rest_route=%2Fwp%2Fv2%2Fmedia&parent=68157"}],"wp:term":[{"taxonomy":"event_cat","embeddable":true,"href":"https:\/\/nouveau.maisonmallet.com\/back05_01\/index.php?rest_route=%2Fwp%2Fv2%2Fevent_cat&post=68157"}],"curies":[{"name":"wp","href":"https:\/\/api.w.org\/{rel}","templated":true}]}}

LEBRUN, Émélie

<p>La Maison L.J.G. Mallet a le regret de vous annoncer le décès de</p>
<p>Émélie Lebrun<br />
1955 – 2025</p>
<p>À Havre Saint-Pierre, le 1er septembre 2025, est décédée à l’âge de 69 ans, madame Émélie Lebrun fille de feu Joseph Lebrun et de feu Thérèse Doyle domiciliée à Havre Saint-Pierre. </p>
<p>Les funérailles de madame Émélie Lebrun auront lieu le samedi 11 octobre 2025 à 14 h en l’église St-Pierre située au 742, rue Boréale à Havre St-Pierre et de là au cimetière de l’endroit.</p>
<p>Selon ses volontés, elle a été confiée au crématorium de la maison L.J.G. Mallet pour crémation.</p>
<p>La famille reçoit parents et amis le samedi 11 octobre 2025 de 13 h à 14 h à l’église St-Pierre située au 742, rue Boréale à Havre Saint-Pierre.  </p>
<p>Elle laisse dans le deuil ses sœurs : Ludivine, Micheline, Jeannine, Marguerite, Liette (Daniel Plante) et Dolorès, son frère Léo (Lina Primard), sa filleule Nelly ainsi que ses neveux, ses nièces, ses cousins, ses cousines et de nombreux ami(e)s.</p>
<p>Elle était la sœur de feu Lucien.</p>
<p>La famille a confié la direction des funérailles aux services professionnels de la Maison L.J.G. Mallet du 1429, rue du Canot à Havre-St-Pierre, membre de la Corporation des thanatologues du Québec.</p>
<p>Vous pouvez consulter cet avis de décès, sur le site www.maisonmallet.com </p>
<p>Ceux et celles qui le désirent, peuvent y envoyer des messages de sympathie.</p>
<p>[contact-form to= »luluperle@hotmail.com, lise@maisonmallet.com » subject= »Condoléances Émélie Lebrun »][contact-field label= »Votre nom » type= »name » required= »1&Prime;][contact-field label= »Votre courriel » type= »email » required= »1&Prime;][contact-field label= »Condoléances » type= »textarea »][/contact-form]</p>
