{"id":68241,"date":"2025-09-28T13:32:54","date_gmt":"2025-09-28T17:32:54","guid":{"rendered":"https:\/\/nouveau.maisonmallet.com\/?post_type=event&#038;p=68241"},"modified":"2025-09-29T13:39:31","modified_gmt":"2025-09-29T17:39:31","slug":"vollant-suzanne","status":"publish","type":"event","link":"https:\/\/nouveau.maisonmallet.com\/back05_01\/?event=vollant-suzanne","title":{"rendered":"VOLLANT, Suzanne"},"content":{"rendered":"<p>Le Complexe Thanatologique Mallet &#038; fils a le regret de vous annoncer le d\u00e9c\u00e8s de<\/p>\n<p>Suzanne Vollant<br \/>\n1950 \u2013 2025<\/p>\n<p>\u00c0 Sept-\u00celes, le 24 septembre 2025, est d\u00e9c\u00e9d\u00e9e \u00e0 l\u2019\u00e2ge de 75 ans, madame Suzanne Vollant fille de feu Arthur Vollant et de feu Louisa Pinette domicili\u00e9e \u00e0 Mani-utenam. <\/p>\n<p>Les fun\u00e9railles de madame Suzanne Vollant auront lieu le mardi 30 septembre 2025 \u00e0 14 h en l\u2019\u00e9glise Notre-Dame du Cap situ\u00e9e au 139, rue de l\u2019\u00c9glise \u00e0 Mani-utenam et de l\u00e0 au cimeti\u00e8re de Mani-utenam.<\/p>\n<p>La famille re\u00e7oit parents et amis le lundi 29 septembre 2025 de 13 h \u00e0 16 h et de 19 h \u00e0 22 h. Le mardi 30 septembre 2025 jour des fun\u00e9railles \u00e0 compter de 12 h 30 au Complexe Thanatologique Mallet &#038; fils du 585 boul. Laure \u00e0 Sept-\u00celes. <\/p>\n<p>Elle laisse dans le deuil son fils Guillaume (Annette Dub\u00e9), sa fille Sylvie, ses petits-enfants : Daisy Nanipou (Luc Rousselot), sa petite-fille de c\u0153ur Marie-Christine ses enfants : Haylie et Na\u00efma, Josua et Makue Vollant, son arri\u00e8re-petit-fils Desmond, ses s\u0153urs : Marie-Reine et Marcelle ainsi que ses neveux, ses ni\u00e8ces, ses cousins, ses cousines et de nombreux ami(e)s.<\/p>\n<p>La famille a confi\u00e9 la direction des fun\u00e9railles aux services professionnels de la Maison Mallet &#038; fils du 585, Boul. Laure \u00e0 Sept-\u00celes, maintenant reconnue Distinction et membre de la Corporation des Thanatologues du Qu\u00e9bec.<\/p>\n<p>Vous pouvez consulter cet avis de d\u00e9c\u00e8s sur le www.maisonmallet.com<\/p>\n<p>Ceux et celles qui le d\u00e9sirent, peuvent y envoyer des messages de condol\u00e9ances.<\/p>\n<p>[contact-form to=\u00a0\u00bbdiomvollant@hotmail.fr\u00a0\u00bb subject=\u00a0\u00bbCondol\u00e9ances Suzanne Vollant\u00a0\u00bb][contact-field label=\u00a0\u00bbVotre nom\u00a0\u00bb type=\u00a0\u00bbname\u00a0\u00bb required=\u00a0\u00bb1&Prime;][contact-field label=\u00a0\u00bbVotre courriel\u00a0\u00bb type=\u00a0\u00bbemail\u00a0\u00bb required=\u00a0\u00bb1&Prime;][contact-field label=\u00a0\u00bbCondol\u00e9ances\u00a0\u00bb type=\u00a0\u00bbtextarea\u00a0\u00bb][\/contact-form]<\/p>\n","protected":false},"featured_media":68245,"template":"","event_cat":[6],"class_list":["post-68241","event","type-event","status-publish","has-post-thumbnail","hentry","event_cat-maison-mallet-et-fils-inc"],"_links":{"self":[{"href":"https:\/\/nouveau.maisonmallet.com\/back05_01\/index.php?rest_route=\/wp\/v2\/event\/68241","targetHints":{"allow":["GET"]}}],"collection":[{"href":"https:\/\/nouveau.maisonmallet.com\/back05_01\/index.php?rest_route=\/wp\/v2\/event"}],"about":[{"href":"https:\/\/nouveau.maisonmallet.com\/back05_01\/index.php?rest_route=\/wp\/v2\/types\/event"}],"wp:featuredmedia":[{"embeddable":true,"href":"https:\/\/nouveau.maisonmallet.com\/back05_01\/index.php?rest_route=\/wp\/v2\/media\/68245"}],"wp:attachment":[{"href":"https:\/\/nouveau.maisonmallet.com\/back05_01\/index.php?rest_route=%2Fwp%2Fv2%2Fmedia&parent=68241"}],"wp:term":[{"taxonomy":"event_cat","embeddable":true,"href":"https:\/\/nouveau.maisonmallet.com\/back05_01\/index.php?rest_route=%2Fwp%2Fv2%2Fevent_cat&post=68241"}],"curies":[{"name":"wp","href":"https:\/\/api.w.org\/{rel}","templated":true}]}}

<p>Le Complexe Thanatologique Mallet &#038; fils a le regret de vous annoncer le décès de</p>
<p>Suzanne Vollant<br />
1950 – 2025</p>
<p>À Sept-Îles, le 24 septembre 2025, est décédée à l’âge de 75 ans, madame Suzanne Vollant fille de feu Arthur Vollant et de feu Louisa Pinette domiciliée à Mani-utenam. </p>
<p>Les funérailles de madame Suzanne Vollant auront lieu le mardi 30 septembre 2025 à 14 h en l’église Notre-Dame du Cap située au 139, rue de l’Église à Mani-utenam et de là au cimetière de Mani-utenam.</p>
<p>La famille reçoit parents et amis le lundi 29 septembre 2025 de 13 h à 16 h et de 19 h à 22 h. Le mardi 30 septembre 2025 jour des funérailles à compter de 12 h 30 au Complexe Thanatologique Mallet &#038; fils du 585 boul. Laure à Sept-Îles. </p>
<p>Elle laisse dans le deuil son fils Guillaume (Annette Dubé), sa fille Sylvie, ses petits-enfants : Daisy Nanipou (Luc Rousselot), sa petite-fille de cœur Marie-Christine ses enfants : Haylie et Naïma, Josua et Makue Vollant, son arrière-petit-fils Desmond, ses sœurs : Marie-Reine et Marcelle ainsi que ses neveux, ses nièces, ses cousins, ses cousines et de nombreux ami(e)s.</p>
<p>La famille a confié la direction des funérailles aux services professionnels de la Maison Mallet &#038; fils du 585, Boul. Laure à Sept-Îles, maintenant reconnue Distinction et membre de la Corporation des Thanatologues du Québec.</p>
<p>Vous pouvez consulter cet avis de décès sur le www.maisonmallet.com</p>
<p>Ceux et celles qui le désirent, peuvent y envoyer des messages de condoléances.</p>
<p>[contact-form to= »diomvollant@hotmail.fr » subject= »Condoléances Suzanne Vollant »][contact-field label= »Votre nom » type= »name » required= »1&Prime;][contact-field label= »Votre courriel » type= »email » required= »1&Prime;][contact-field label= »Condoléances » type= »textarea »][/contact-form]</p>
