{"id":68244,"date":"2025-09-30T10:34:20","date_gmt":"2025-09-30T14:34:20","guid":{"rendered":"https:\/\/nouveau.maisonmallet.com\/?post_type=event&#038;p=68244"},"modified":"2025-10-01T10:39:28","modified_gmt":"2025-10-01T14:39:28","slug":"lavoie-roger","status":"publish","type":"event","link":"https:\/\/nouveau.maisonmallet.com\/back05_01\/?event=lavoie-roger","title":{"rendered":"LAVOIE, Roger"},"content":{"rendered":"<p>Le Complexe Thanatologique Mallet &#038; fils a le regret de vous annoncer le d\u00e9c\u00e8s de<\/p>\n<p>Roger Lavoie<br \/>\n1945 \u2013 2025<\/p>\n<p>\u00c0 Sept-\u00celes, le 24 septembre 2025, est d\u00e9c\u00e9d\u00e9 \u00e0 l\u2019\u00e2ge de 79 ans, monsieur Roger Lavoie \u00e9poux de feu Colette Allaire et domicili\u00e9 \u00e0 Sept-\u00celes.<\/p>\n<p>Selon ses volont\u00e9s, il a \u00e9t\u00e9 confi\u00e9 au cr\u00e9matorium de la maison Mallet &#038; fils pour cr\u00e9mation.<\/p>\n<p>La famille re\u00e7oit parents et amis le samedi 4 octobre 2025 de 13 h \u00e0 16 h au Complexe Thanatologique Mallet &#038; fils du 585 Boul. Laure \u00e0 Sept-\u00celes.<\/p>\n<p>Il laisse dans le deuil ses filles Nancy et Ren\u00e9e France, son fils R\u00e9mi, ses petites-filles : Marie-\u00c8ve (Davis Gauthier), Jasmine (Yannick Rodgers), Sandrine (Charles M\u00e9thot), \u00c9lo\u00efse et Annabelle, son petit-fils Pierre Olivier, son arri\u00e8re-petite-fille Layla ainsi que ses fr\u00e8res, ses s\u0153urs, ses beaux-fr\u00e8res, ses belles-s\u0153urs, ses neveux, ses ni\u00e8ces, ses cousins, ses cousines et ses ami(e)s.<\/p>\n<p>Vos marques de sympathie peuvent se traduire par un don la Fondation des maladies du c\u0153ur et de l\u2019AVC www.coeuretavc.ca <\/p>\n<p>La famille a confi\u00e9 les arrangements aux services professionnels de la Maison Mallet &#038; fils du 585 Boul. Laure \u00e0 Sept-\u00celes, maintenant reconnue Distinction et membre de la Corporation des Thanatologues du Qu\u00e9bec.<\/p>\n<p>Vous pouvez consulter cet avis de d\u00e9c\u00e8s sur le www.maisonmallet.com<\/p>\n<p>Ceux et celles qui le d\u00e9sirent, peuvent y envoyer des messages de sympathie.<\/p>\n<p>[contact-form to=\u00a0\u00bblavoienancy08@gmail.com\u00a0\u00bb subject=\u00a0\u00bbCondol\u00e9ances Roger Lavoie\u00a0\u00bb][contact-field label=\u00a0\u00bbVotre nom\u00a0\u00bb type=\u00a0\u00bbname\u00a0\u00bb required=\u00a0\u00bb1&Prime;][contact-field label=\u00a0\u00bbVotre courriel\u00a0\u00bb type=\u00a0\u00bbemail\u00a0\u00bb required=\u00a0\u00bb1&Prime;][contact-field label=\u00a0\u00bbCondol\u00e9ances\u00a0\u00bb type=\u00a0\u00bbtextarea\u00a0\u00bb][\/contact-form]<\/p>\n","protected":false},"featured_media":68270,"template":"","event_cat":[6],"class_list":["post-68244","event","type-event","status-publish","has-post-thumbnail","hentry","event_cat-maison-mallet-et-fils-inc"],"_links":{"self":[{"href":"https:\/\/nouveau.maisonmallet.com\/back05_01\/index.php?rest_route=\/wp\/v2\/event\/68244","targetHints":{"allow":["GET"]}}],"collection":[{"href":"https:\/\/nouveau.maisonmallet.com\/back05_01\/index.php?rest_route=\/wp\/v2\/event"}],"about":[{"href":"https:\/\/nouveau.maisonmallet.com\/back05_01\/index.php?rest_route=\/wp\/v2\/types\/event"}],"wp:featuredmedia":[{"embeddable":true,"href":"https:\/\/nouveau.maisonmallet.com\/back05_01\/index.php?rest_route=\/wp\/v2\/media\/68270"}],"wp:attachment":[{"href":"https:\/\/nouveau.maisonmallet.com\/back05_01\/index.php?rest_route=%2Fwp%2Fv2%2Fmedia&parent=68244"}],"wp:term":[{"taxonomy":"event_cat","embeddable":true,"href":"https:\/\/nouveau.maisonmallet.com\/back05_01\/index.php?rest_route=%2Fwp%2Fv2%2Fevent_cat&post=68244"}],"curies":[{"name":"wp","href":"https:\/\/api.w.org\/{rel}","templated":true}]}}

<p>Le Complexe Thanatologique Mallet &#038; fils a le regret de vous annoncer le décès de</p>
<p>Roger Lavoie<br />
1945 – 2025</p>
<p>À Sept-Îles, le 24 septembre 2025, est décédé à l’âge de 79 ans, monsieur Roger Lavoie époux de feu Colette Allaire et domicilié à Sept-Îles.</p>
<p>Selon ses volontés, il a été confié au crématorium de la maison Mallet &#038; fils pour crémation.</p>
<p>La famille reçoit parents et amis le samedi 4 octobre 2025 de 13 h à 16 h au Complexe Thanatologique Mallet &#038; fils du 585 Boul. Laure à Sept-Îles.</p>
<p>Il laisse dans le deuil ses filles Nancy et Renée France, son fils Rémi, ses petites-filles : Marie-Ève (Davis Gauthier), Jasmine (Yannick Rodgers), Sandrine (Charles Méthot), Éloïse et Annabelle, son petit-fils Pierre Olivier, son arrière-petite-fille Layla ainsi que ses frères, ses sœurs, ses beaux-frères, ses belles-sœurs, ses neveux, ses nièces, ses cousins, ses cousines et ses ami(e)s.</p>
<p>Vos marques de sympathie peuvent se traduire par un don la Fondation des maladies du cœur et de l’AVC www.coeuretavc.ca </p>
<p>La famille a confié les arrangements aux services professionnels de la Maison Mallet &#038; fils du 585 Boul. Laure à Sept-Îles, maintenant reconnue Distinction et membre de la Corporation des Thanatologues du Québec.</p>
<p>Vous pouvez consulter cet avis de décès sur le www.maisonmallet.com</p>
<p>Ceux et celles qui le désirent, peuvent y envoyer des messages de sympathie.</p>
<p>[contact-form to= »lavoienancy08@gmail.com » subject= »Condoléances Roger Lavoie »][contact-field label= »Votre nom » type= »name » required= »1&Prime;][contact-field label= »Votre courriel » type= »email » required= »1&Prime;][contact-field label= »Condoléances » type= »textarea »][/contact-form]</p>
