{"id":68278,"date":"2025-10-02T12:40:18","date_gmt":"2025-10-02T16:40:18","guid":{"rendered":"https:\/\/nouveau.maisonmallet.com\/?post_type=event&#038;p=68278"},"modified":"2025-10-03T12:45:43","modified_gmt":"2025-10-03T16:45:43","slug":"desrosiers-rose-hilda","status":"publish","type":"event","link":"https:\/\/nouveau.maisonmallet.com\/back05_01\/?event=desrosiers-rose-hilda","title":{"rendered":"DESROSIERS, Rose-Hilda"},"content":{"rendered":"<p>Le Complexe Thanatologique Mallet &#038; fils a le regret de vous annoncer le d\u00e9c\u00e8s de<\/p>\n<p>Rose-Hilda Desrosiers<br \/>\n1930 \u2013 2025<\/p>\n<p>\u00c0 Sept-\u00celes (maison \u00c9lyme des sables), le 17 septembre 2025, est d\u00e9c\u00e9d\u00e9e \u00e0 l\u2019\u00e2ge de 95 ans, madame Rose-Hilda Desrosiers \u00e9pouse de feu Oscar Bernier et domicili\u00e9e \u00e0 Rivi\u00e8re Pentec\u00f4te.<\/p>\n<p>La mise en terre de madame Rose-Hilda Desrosiers aura lieu le samedi 11 octobre 2025 \u00e0 13 h 30 au cimeti\u00e8re de Rivi\u00e8re Pentec\u00f4te.<\/p>\n<p>Selon ses volont\u00e9s, elle a \u00e9t\u00e9 confi\u00e9e au cr\u00e9matorium de la Maison Mallet &#038; fils pour cr\u00e9mation.<\/p>\n<p>Elle laisse dans le deuil ses enfants : Diane, Jocelyne (Fernand Lapierre), Christian (Manon Leboeuf), Claude (Brigitte Martin) et Lise (Dan Riverin), ses petits-enfants : Christiane, Isabelle, Steve, M\u00e9lanie, Carl et Karine, ses arri\u00e8res-petits-petits-enfants : Keven, Dave, Kim, Steven, Evan, Maya, Anabelle, Tristan, Charles-Olivier et Alexis, ses arri\u00e8res-arri\u00e8res-petits-enfants, son fr\u00e8res \u00c9milien, ses s\u0153urs : Dalila, Andr\u00e9e, Pierrette, Monique, Doris, Odette et Danielle ainsi que ses beaux-fr\u00e8res, ses belles-s\u0153urs, ses neveux, ses ni\u00e8ces et ses ami(e)s.<\/p>\n<p>La famille a confi\u00e9 les arrangements aux services professionnels de la Maison Mallet &#038; fils du 585 Boul. Laure \u00e0 Sept-\u00celes, maintenant reconnue Distinction et membre de la Corporation des Thanatologues du Qu\u00e9bec.<\/p>\n<p>Vous pouvez consulter cet avis de d\u00e9c\u00e8s sur le : www.maisonmallet.com  <\/p>\n<p>Ceux et celles qui le d\u00e9sirent, peuvent y envoyer des messages de sympathie.<\/p>\n<p>[contact-form to=\u00a0\u00bbisabelleetnorbert@msn.com\u00a0\u00bb subject=\u00a0\u00bbCondol\u00e9ances Rose-Hilda Desrosiers\u00a0\u00bb][contact-field label=\u00a0\u00bbVotre nom\u00a0\u00bb type=\u00a0\u00bbname\u00a0\u00bb required=\u00a0\u00bb1&Prime;][contact-field label=\u00a0\u00bbVotre courriel\u00a0\u00bb type=\u00a0\u00bbemail\u00a0\u00bb required=\u00a0\u00bb1&Prime;][contact-field label=\u00a0\u00bbCondol\u00e9ances\u00a0\u00bb type=\u00a0\u00bbtextarea\u00a0\u00bb][\/contact-form]<\/p>\n","protected":false},"featured_media":68313,"template":"","event_cat":[6],"class_list":["post-68278","event","type-event","status-publish","has-post-thumbnail","hentry","event_cat-maison-mallet-et-fils-inc"],"_links":{"self":[{"href":"https:\/\/nouveau.maisonmallet.com\/back05_01\/index.php?rest_route=\/wp\/v2\/event\/68278","targetHints":{"allow":["GET"]}}],"collection":[{"href":"https:\/\/nouveau.maisonmallet.com\/back05_01\/index.php?rest_route=\/wp\/v2\/event"}],"about":[{"href":"https:\/\/nouveau.maisonmallet.com\/back05_01\/index.php?rest_route=\/wp\/v2\/types\/event"}],"wp:featuredmedia":[{"embeddable":true,"href":"https:\/\/nouveau.maisonmallet.com\/back05_01\/index.php?rest_route=\/wp\/v2\/media\/68313"}],"wp:attachment":[{"href":"https:\/\/nouveau.maisonmallet.com\/back05_01\/index.php?rest_route=%2Fwp%2Fv2%2Fmedia&parent=68278"}],"wp:term":[{"taxonomy":"event_cat","embeddable":true,"href":"https:\/\/nouveau.maisonmallet.com\/back05_01\/index.php?rest_route=%2Fwp%2Fv2%2Fevent_cat&post=68278"}],"curies":[{"name":"wp","href":"https:\/\/api.w.org\/{rel}","templated":true}]}}

<p>Le Complexe Thanatologique Mallet &#038; fils a le regret de vous annoncer le décès de</p>
<p>Rose-Hilda Desrosiers<br />
1930 – 2025</p>
<p>À Sept-Îles (maison Élyme des sables), le 17 septembre 2025, est décédée à l’âge de 95 ans, madame Rose-Hilda Desrosiers épouse de feu Oscar Bernier et domiciliée à Rivière Pentecôte.</p>
<p>La mise en terre de madame Rose-Hilda Desrosiers aura lieu le samedi 11 octobre 2025 à 13 h 30 au cimetière de Rivière Pentecôte.</p>
<p>Selon ses volontés, elle a été confiée au crématorium de la Maison Mallet &#038; fils pour crémation.</p>
<p>Elle laisse dans le deuil ses enfants : Diane, Jocelyne (Fernand Lapierre), Christian (Manon Leboeuf), Claude (Brigitte Martin) et Lise (Dan Riverin), ses petits-enfants : Christiane, Isabelle, Steve, Mélanie, Carl et Karine, ses arrières-petits-petits-enfants : Keven, Dave, Kim, Steven, Evan, Maya, Anabelle, Tristan, Charles-Olivier et Alexis, ses arrières-arrières-petits-enfants, son frères Émilien, ses sœurs : Dalila, Andrée, Pierrette, Monique, Doris, Odette et Danielle ainsi que ses beaux-frères, ses belles-sœurs, ses neveux, ses nièces et ses ami(e)s.</p>
<p>La famille a confié les arrangements aux services professionnels de la Maison Mallet &#038; fils du 585 Boul. Laure à Sept-Îles, maintenant reconnue Distinction et membre de la Corporation des Thanatologues du Québec.</p>
<p>Vous pouvez consulter cet avis de décès sur le : www.maisonmallet.com  </p>
<p>Ceux et celles qui le désirent, peuvent y envoyer des messages de sympathie.</p>
<p>[contact-form to= »isabelleetnorbert@msn.com » subject= »Condoléances Rose-Hilda Desrosiers »][contact-field label= »Votre nom » type= »name » required= »1&Prime;][contact-field label= »Votre courriel » type= »email » required= »1&Prime;][contact-field label= »Condoléances » type= »textarea »][/contact-form]</p>
