{"id":68357,"date":"2025-10-06T22:21:36","date_gmt":"2025-10-07T02:21:36","guid":{"rendered":"https:\/\/nouveau.maisonmallet.com\/?post_type=event&#038;p=68357"},"modified":"2025-10-07T22:27:35","modified_gmt":"2025-10-08T02:27:35","slug":"morissette-rachel","status":"publish","type":"event","link":"https:\/\/nouveau.maisonmallet.com\/back05_01\/?event=morissette-rachel","title":{"rendered":"MORISSETTE, Rachel"},"content":{"rendered":"<p>Le Complexe Thanatologique Mallet &#038; fils a le regret de vous annoncer le d\u00e9c\u00e8s de<\/p>\n<p>Rachel Morissette<br \/>\n1937 &#8211; 2024<\/p>\n<p>\u00c0 Montr\u00e9al, le 18 octobre 2024, est d\u00e9c\u00e9d\u00e9e \u00e0 l\u2019\u00e2ge de 86 ans, madame Rachel Morissette \u00e9pouse de feu Simon L\u00e9vesque domicili\u00e9e \u00e0 Montr\u00e9al autrefois de Gallix.<\/p>\n<p>La c\u00e9r\u00e9monie comm\u00e9morative de madame Rachel Morissette aura lieu le 11 octobre 2025 \u00e0 13 h en l\u2019\u00e9glise Sainte-Marguerite situ\u00e9e au 350, rue Th\u00e9riault \u00e0 Gallix et de l\u00e0 au columbarium du Cimeti\u00e8re Catholique de Sept-\u00celes. <\/p>\n<p>Selon ses volont\u00e9s, elle a \u00e9t\u00e9 confi\u00e9e au cr\u00e9matorium de la Maison Mallet &#038; fils pour cr\u00e9mation.<\/p>\n<p>La famille re\u00e7oit parents et amis le samedi 11 octobre 2025 de 10 h \u00e0 13 h \u00e0 l\u2019\u00e9glise Sainte-Marguerite situ\u00e9e au 350, rue Th\u00e9riault \u00e0 Gallix.  <\/p>\n<p>Elle laisse dans le deuil ses filles : feu Johanne, Sylvie et Guylaine (Claude), ses petits-enfants : feu S\u00e9bastien, Maxime, Kathleen (Philippe), Olivier (Fabiano) et Marie-\u00c8ve (Eric), ses arri\u00e8res petits-enfants :  Loup, \u00c9mile, \u00c9lisabeth, Charlie et Laurent ainsi que ses fr\u00e8res et s\u0153urs : feu Jean-Marie (feu Lise Chabot), feu Marie-Reine (feu Marc Gilbert), feu Ghislaine (feu Gilles Boucher), Evanna (feu Michel Pruneau), Jocelyn (Yvonne Carrier), Th\u00e9r\u00e8se (Robert Fontaine) et Ren\u00e9e (Raynald Nadeau) et de nombreux parents et amis.<\/p>\n<p>La famille tient \u00e0 remercier du plus profond de son c\u0153ur, tous les membres du personnel du 5e \u00e9tage de la R\u00e9sidence \u00c9loria-Lepage, \u00e0 Montr\u00e9al, pour leur bienveillance, leur d\u00e9vouement et l\u2019empathie dont ils ont fait preuve avec elle.<\/p>\n<p>La famille a confi\u00e9 les arrangements aux services professionnels de la Maison Mallet &#038; fils du 585 Boul. Laure \u00e0 Sept-\u00celes, maintenant reconnue Distinction et membre de la Corporation des Thanatologues du Qu\u00e9bec.<\/p>\n<p>Vous pouvez consulter cet avis de d\u00e9c\u00e8s sur le : www.maisonmallet.com<\/p>\n<p>Ceux et celles qui le d\u00e9sirent, peuvent y envoyer des messages de sympathie.<\/p>\n<p>[contact-form to=\u00a0\u00bbglevesque29@hotmail.com\u00a0\u00bb subject=\u00a0\u00bbCondol\u00e9ances Rachel Morisette\u00a0\u00bb][contact-field label=\u00a0\u00bbVotre nom\u00a0\u00bb type=\u00a0\u00bbname\u00a0\u00bb required=\u00a0\u00bb1&Prime;][contact-field label=\u00a0\u00bbVotre courriel\u00a0\u00bb type=\u00a0\u00bbemail\u00a0\u00bb required=\u00a0\u00bb1&Prime;][contact-field label=\u00a0\u00bbCondol\u00e9ances\u00a0\u00bb type=\u00a0\u00bbtextarea\u00a0\u00bb][\/contact-form]<\/p>\n","protected":false},"featured_media":68386,"template":"","event_cat":[6],"class_list":["post-68357","event","type-event","status-publish","has-post-thumbnail","hentry","event_cat-maison-mallet-et-fils-inc"],"_links":{"self":[{"href":"https:\/\/nouveau.maisonmallet.com\/back05_01\/index.php?rest_route=\/wp\/v2\/event\/68357","targetHints":{"allow":["GET"]}}],"collection":[{"href":"https:\/\/nouveau.maisonmallet.com\/back05_01\/index.php?rest_route=\/wp\/v2\/event"}],"about":[{"href":"https:\/\/nouveau.maisonmallet.com\/back05_01\/index.php?rest_route=\/wp\/v2\/types\/event"}],"wp:featuredmedia":[{"embeddable":true,"href":"https:\/\/nouveau.maisonmallet.com\/back05_01\/index.php?rest_route=\/wp\/v2\/media\/68386"}],"wp:attachment":[{"href":"https:\/\/nouveau.maisonmallet.com\/back05_01\/index.php?rest_route=%2Fwp%2Fv2%2Fmedia&parent=68357"}],"wp:term":[{"taxonomy":"event_cat","embeddable":true,"href":"https:\/\/nouveau.maisonmallet.com\/back05_01\/index.php?rest_route=%2Fwp%2Fv2%2Fevent_cat&post=68357"}],"curies":[{"name":"wp","href":"https:\/\/api.w.org\/{rel}","templated":true}]}}

<p>Le Complexe Thanatologique Mallet &#038; fils a le regret de vous annoncer le décès de</p>
<p>Rachel Morissette<br />
1937 &#8211; 2024</p>
<p>À Montréal, le 18 octobre 2024, est décédée à l’âge de 86 ans, madame Rachel Morissette épouse de feu Simon Lévesque domiciliée à Montréal autrefois de Gallix.</p>
<p>La cérémonie commémorative de madame Rachel Morissette aura lieu le 11 octobre 2025 à 13 h en l’église Sainte-Marguerite située au 350, rue Thériault à Gallix et de là au columbarium du Cimetière Catholique de Sept-Îles. </p>
<p>Selon ses volontés, elle a été confiée au crématorium de la Maison Mallet &#038; fils pour crémation.</p>
<p>La famille reçoit parents et amis le samedi 11 octobre 2025 de 10 h à 13 h à l’église Sainte-Marguerite située au 350, rue Thériault à Gallix.  </p>
<p>Elle laisse dans le deuil ses filles : feu Johanne, Sylvie et Guylaine (Claude), ses petits-enfants : feu Sébastien, Maxime, Kathleen (Philippe), Olivier (Fabiano) et Marie-Ève (Eric), ses arrières petits-enfants :  Loup, Émile, Élisabeth, Charlie et Laurent ainsi que ses frères et sœurs : feu Jean-Marie (feu Lise Chabot), feu Marie-Reine (feu Marc Gilbert), feu Ghislaine (feu Gilles Boucher), Evanna (feu Michel Pruneau), Jocelyn (Yvonne Carrier), Thérèse (Robert Fontaine) et Renée (Raynald Nadeau) et de nombreux parents et amis.</p>
<p>La famille tient à remercier du plus profond de son cœur, tous les membres du personnel du 5e étage de la Résidence Éloria-Lepage, à Montréal, pour leur bienveillance, leur dévouement et l’empathie dont ils ont fait preuve avec elle.</p>
<p>La famille a confié les arrangements aux services professionnels de la Maison Mallet &#038; fils du 585 Boul. Laure à Sept-Îles, maintenant reconnue Distinction et membre de la Corporation des Thanatologues du Québec.</p>
<p>Vous pouvez consulter cet avis de décès sur le : www.maisonmallet.com</p>
<p>Ceux et celles qui le désirent, peuvent y envoyer des messages de sympathie.</p>
<p>[contact-form to= »glevesque29@hotmail.com » subject= »Condoléances Rachel Morisette »][contact-field label= »Votre nom » type= »name » required= »1&Prime;][contact-field label= »Votre courriel » type= »email » required= »1&Prime;][contact-field label= »Condoléances » type= »textarea »][/contact-form]</p>
