{"id":68385,"date":"2025-10-07T08:29:48","date_gmt":"2025-10-07T12:29:48","guid":{"rendered":"https:\/\/nouveau.maisonmallet.com\/?post_type=event&#038;p=68385"},"modified":"2025-10-08T08:33:35","modified_gmt":"2025-10-08T12:33:35","slug":"benoit-anita","status":"publish","type":"event","link":"https:\/\/nouveau.maisonmallet.com\/back05_01\/?event=benoit-anita","title":{"rendered":"BENOIT, Anita"},"content":{"rendered":"<p>Le Complexe Thanatologique Mallet &#038; fils a le regret de vous annoncer le d\u00e9c\u00e8s de<\/p>\n<p>Anita Benoit<br \/>\n1961 &#8211; 2025<\/p>\n<p>\u00c0 Sept-\u00celes le 2 octobre 2025, est d\u00e9c\u00e9d\u00e9e \u00e0 l&rsquo;\u00e2ge de 64 ans, madame Anita Benoit conjointe de Livain Duguay et domicili\u00e9e \u00e0 Sept-\u00celes. <\/p>\n<p>Selon ses volont\u00e9s, elle a \u00e9t\u00e9 confi\u00e9e au cr\u00e9matorium de la Maison Mallet &#038; fils pour cr\u00e9mation.<\/p>\n<p>La famille re\u00e7oit parents et amis le dimanche 12 octobre 2025 de 13 h \u00e0 16 h au Complexe Thanatologique Mallet &#038; fils du 585 Boul. Laure \u00e0 Sept-\u00celes.<\/p>\n<p>Elle laisse dans le deuil outre son conjoint monsieur Livain Duguay, sa fille Natacha (Eric Tremblay), son fils Steve, ses petits-enfants : Samuel et Rapha\u00ebl, ses fr\u00e8res : Claude et Marc (Lyne Gargano), ses s\u0153urs : Aline (Raymond Cudia) et Maria, ses filleuls : Kevin Thibodeau et Chantal Benoit, ses deux grandes amies :  Lucette Arsenault et Line Boucher ainsi que ses neveux, ses ni\u00e8ces, ses cousins, ses cousines et de nombreux ami(e)s. <\/p>\n<p>La famille tient \u00e0 remercier les soins intensifs de l\u2019h\u00f4pital de Sept-\u00celes pour leurs bons soins.<\/p>\n<p>La famille a confi\u00e9 les arrangements aux services professionnels de la Maison Mallet &#038; fils du 585 Boul. Laure \u00e0 Sept-\u00celes, maintenant reconnue Distinction et membre de la Corporation des Thanatologues du Qu\u00e9bec.<\/p>\n<p>Vous pouvez consulter cet avis de d\u00e9c\u00e8s sur le : www.maisonmallet.com<\/p>\n<p>Ceux et celles qui le d\u00e9sirent, peuvent y envoyer des messages de sympathie.<\/p>\n<p>[contact-form to=\u00a0\u00bbsteve-duguay1@hotmail.com\u00a0\u00bb subject=\u00a0\u00bbCondol\u00e9ances Anita Benoit\u00a0\u00bb][contact-field label=\u00a0\u00bbVotre nom\u00a0\u00bb type=\u00a0\u00bbname\u00a0\u00bb required=\u00a0\u00bb1&Prime;][contact-field label=\u00a0\u00bbVotre courriel\u00a0\u00bb type=\u00a0\u00bbemail\u00a0\u00bb required=\u00a0\u00bb1&Prime;][contact-field label=\u00a0\u00bbCondol\u00e9ances\u00a0\u00bb type=\u00a0\u00bbtextarea\u00a0\u00bb][\/contact-form]<\/p>\n","protected":false},"featured_media":68394,"template":"","event_cat":[6],"class_list":["post-68385","event","type-event","status-publish","has-post-thumbnail","hentry","event_cat-maison-mallet-et-fils-inc"],"_links":{"self":[{"href":"https:\/\/nouveau.maisonmallet.com\/back05_01\/index.php?rest_route=\/wp\/v2\/event\/68385","targetHints":{"allow":["GET"]}}],"collection":[{"href":"https:\/\/nouveau.maisonmallet.com\/back05_01\/index.php?rest_route=\/wp\/v2\/event"}],"about":[{"href":"https:\/\/nouveau.maisonmallet.com\/back05_01\/index.php?rest_route=\/wp\/v2\/types\/event"}],"wp:featuredmedia":[{"embeddable":true,"href":"https:\/\/nouveau.maisonmallet.com\/back05_01\/index.php?rest_route=\/wp\/v2\/media\/68394"}],"wp:attachment":[{"href":"https:\/\/nouveau.maisonmallet.com\/back05_01\/index.php?rest_route=%2Fwp%2Fv2%2Fmedia&parent=68385"}],"wp:term":[{"taxonomy":"event_cat","embeddable":true,"href":"https:\/\/nouveau.maisonmallet.com\/back05_01\/index.php?rest_route=%2Fwp%2Fv2%2Fevent_cat&post=68385"}],"curies":[{"name":"wp","href":"https:\/\/api.w.org\/{rel}","templated":true}]}}

<p>Le Complexe Thanatologique Mallet &#038; fils a le regret de vous annoncer le décès de</p>
<p>Anita Benoit<br />
1961 &#8211; 2025</p>
<p>À Sept-Îles le 2 octobre 2025, est décédée à l&rsquo;âge de 64 ans, madame Anita Benoit conjointe de Livain Duguay et domiciliée à Sept-Îles. </p>
<p>Selon ses volontés, elle a été confiée au crématorium de la Maison Mallet &#038; fils pour crémation.</p>
<p>La famille reçoit parents et amis le dimanche 12 octobre 2025 de 13 h à 16 h au Complexe Thanatologique Mallet &#038; fils du 585 Boul. Laure à Sept-Îles.</p>
<p>Elle laisse dans le deuil outre son conjoint monsieur Livain Duguay, sa fille Natacha (Eric Tremblay), son fils Steve, ses petits-enfants : Samuel et Raphaël, ses frères : Claude et Marc (Lyne Gargano), ses sœurs : Aline (Raymond Cudia) et Maria, ses filleuls : Kevin Thibodeau et Chantal Benoit, ses deux grandes amies :  Lucette Arsenault et Line Boucher ainsi que ses neveux, ses nièces, ses cousins, ses cousines et de nombreux ami(e)s. </p>
<p>La famille tient à remercier les soins intensifs de l’hôpital de Sept-Îles pour leurs bons soins.</p>
<p>La famille a confié les arrangements aux services professionnels de la Maison Mallet &#038; fils du 585 Boul. Laure à Sept-Îles, maintenant reconnue Distinction et membre de la Corporation des Thanatologues du Québec.</p>
<p>Vous pouvez consulter cet avis de décès sur le : www.maisonmallet.com</p>
<p>Ceux et celles qui le désirent, peuvent y envoyer des messages de sympathie.</p>
<p>[contact-form to= »steve-duguay1@hotmail.com » subject= »Condoléances Anita Benoit »][contact-field label= »Votre nom » type= »name » required= »1&Prime;][contact-field label= »Votre courriel » type= »email » required= »1&Prime;][contact-field label= »Condoléances » type= »textarea »][/contact-form]</p>
