{"id":68436,"date":"2025-10-08T10:02:42","date_gmt":"2025-10-08T14:02:42","guid":{"rendered":"https:\/\/nouveau.maisonmallet.com\/?post_type=event&#038;p=68436"},"modified":"2025-10-10T13:55:27","modified_gmt":"2025-10-10T17:55:27","slug":"hamel-gerald","status":"publish","type":"event","link":"https:\/\/nouveau.maisonmallet.com\/back05_01\/?event=hamel-gerald","title":{"rendered":"HAMEL, G\u00e9rald"},"content":{"rendered":"<p>Le Complexe Thanatologique Mallet &#038; fils a le regret de vous annoncer le d\u00e9c\u00e8s de<\/p>\n<p>G\u00e9rald Hamel<br \/>\n1948 \u2013 2025 <\/p>\n<p>\u00c0 Sept-\u00celes (maison \u00c9lyme des sables), le 26 septembre 2025, est d\u00e9c\u00e9d\u00e9 \u00e0 l\u2019\u00e2ge de 76 ans, monsieur G\u00e9rald Hamel \u00e9poux de madame Rita Moreau domicili\u00e9 \u00e0 Maliotenam.<\/p>\n<p>Selon ses volont\u00e9s, il a \u00e9t\u00e9 confi\u00e9 au cr\u00e9matorium de la Maison Mallet &#038; fils pour cr\u00e9mation.<\/p>\n<p>Il laisse dans le deuil outre son \u00e9pouse madame Rita Moreau, ses enfants : St\u00e9phane, Claudia et Ma\u00efka, ses petits-enfants : John-Andr\u00e9, Maxime (R\u00e9becca Tremblay), Shania, Lucien (Kelsey Kirkpatrick), Camiliss (Delyla), Sarah, Justin, Ma\u00efna, Donovan, Jacinthe, Brandon, Molika et Fran\u00e7ois, ses arri\u00e8re-petits-enfants : Jessie, Logan, Liam, Violette, Waiden, Na\u00efma, Rayan, Keyden, Jemma, Hellay, Eliane et Madison, Anderson-James et Aria-Jos\u00e9phine ses fr\u00e8res et s\u0153urs : Madeleine Hamel, Jean Marcotte, Anne Rachel Hamel, Ang\u00e8le Hamel (Claude Desjardins), Jean-Louis Hamel, Yves Hamel, Roxy Hamel et Guylaine Hamel, ses neveux, ses ni\u00e8ces ainsi qu\u2019autres parents et ami(e)s.<\/p>\n<p>La famille a confi\u00e9 les arrangements aux services professionnels de la Maison Mallet &#038; fils du 585 Boul. Laure \u00e0 Sept-\u00celes, maintenant reconnue Distinction et membre de la Corporation des Thanatologues du Qu\u00e9bec.<\/p>\n<p>Vous pouvez consulter cet avis de d\u00e9c\u00e8s sur le : www.maisonmallet.com  <\/p>\n<p>Ceux et celles qui le d\u00e9sirent, peuvent y envoyer des messages de sympathie.<\/p>\n<p>[contact-form to=\u00a0\u00bbr.moreau1949@outlook.com\u00a0\u00bb subject=\u00a0\u00bbCondol\u00e9ances G\u00e9rald Hamel\u00a0\u00bb][contact-field label=\u00a0\u00bbVotre nom\u00a0\u00bb type=\u00a0\u00bbname\u00a0\u00bb required=\u00a0\u00bb1&Prime;][contact-field label=\u00a0\u00bbVotre courriel\u00a0\u00bb type=\u00a0\u00bbemail\u00a0\u00bb required=\u00a0\u00bb1&Prime;][contact-field label=\u00a0\u00bbCondol\u00e9ances\u00a0\u00bb type=\u00a0\u00bbtextarea\u00a0\u00bb][\/contact-form]<\/p>\n","protected":false},"featured_media":68444,"template":"","event_cat":[6],"class_list":["post-68436","event","type-event","status-publish","has-post-thumbnail","hentry","event_cat-maison-mallet-et-fils-inc"],"_links":{"self":[{"href":"https:\/\/nouveau.maisonmallet.com\/back05_01\/index.php?rest_route=\/wp\/v2\/event\/68436","targetHints":{"allow":["GET"]}}],"collection":[{"href":"https:\/\/nouveau.maisonmallet.com\/back05_01\/index.php?rest_route=\/wp\/v2\/event"}],"about":[{"href":"https:\/\/nouveau.maisonmallet.com\/back05_01\/index.php?rest_route=\/wp\/v2\/types\/event"}],"wp:featuredmedia":[{"embeddable":true,"href":"https:\/\/nouveau.maisonmallet.com\/back05_01\/index.php?rest_route=\/wp\/v2\/media\/68444"}],"wp:attachment":[{"href":"https:\/\/nouveau.maisonmallet.com\/back05_01\/index.php?rest_route=%2Fwp%2Fv2%2Fmedia&parent=68436"}],"wp:term":[{"taxonomy":"event_cat","embeddable":true,"href":"https:\/\/nouveau.maisonmallet.com\/back05_01\/index.php?rest_route=%2Fwp%2Fv2%2Fevent_cat&post=68436"}],"curies":[{"name":"wp","href":"https:\/\/api.w.org\/{rel}","templated":true}]}}

HAMEL, Gérald

<p>Le Complexe Thanatologique Mallet &#038; fils a le regret de vous annoncer le décès de</p>
<p>Gérald Hamel<br />
1948 – 2025 </p>
<p>À Sept-Îles (maison Élyme des sables), le 26 septembre 2025, est décédé à l’âge de 76 ans, monsieur Gérald Hamel époux de madame Rita Moreau domicilié à Maliotenam.</p>
<p>Selon ses volontés, il a été confié au crématorium de la Maison Mallet &#038; fils pour crémation.</p>
<p>Il laisse dans le deuil outre son épouse madame Rita Moreau, ses enfants : Stéphane, Claudia et Maïka, ses petits-enfants : John-André, Maxime (Rébecca Tremblay), Shania, Lucien (Kelsey Kirkpatrick), Camiliss (Delyla), Sarah, Justin, Maïna, Donovan, Jacinthe, Brandon, Molika et François, ses arrière-petits-enfants : Jessie, Logan, Liam, Violette, Waiden, Naïma, Rayan, Keyden, Jemma, Hellay, Eliane et Madison, Anderson-James et Aria-Joséphine ses frères et sœurs : Madeleine Hamel, Jean Marcotte, Anne Rachel Hamel, Angèle Hamel (Claude Desjardins), Jean-Louis Hamel, Yves Hamel, Roxy Hamel et Guylaine Hamel, ses neveux, ses nièces ainsi qu’autres parents et ami(e)s.</p>
<p>La famille a confié les arrangements aux services professionnels de la Maison Mallet &#038; fils du 585 Boul. Laure à Sept-Îles, maintenant reconnue Distinction et membre de la Corporation des Thanatologues du Québec.</p>
<p>Vous pouvez consulter cet avis de décès sur le : www.maisonmallet.com  </p>
<p>Ceux et celles qui le désirent, peuvent y envoyer des messages de sympathie.</p>
<p>[contact-form to= »r.moreau1949@outlook.com » subject= »Condoléances Gérald Hamel »][contact-field label= »Votre nom » type= »name » required= »1&Prime;][contact-field label= »Votre courriel » type= »email » required= »1&Prime;][contact-field label= »Condoléances » type= »textarea »][/contact-form]</p>
