{"id":68483,"date":"2025-10-09T11:15:59","date_gmt":"2025-10-09T15:15:59","guid":{"rendered":"https:\/\/nouveau.maisonmallet.com\/?post_type=event&#038;p=68483"},"modified":"2025-10-10T12:51:44","modified_gmt":"2025-10-10T16:51:44","slug":"boudoul-aline","status":"publish","type":"event","link":"https:\/\/nouveau.maisonmallet.com\/back05_01\/?event=boudoul-aline","title":{"rendered":"BOUDOUL, Aline"},"content":{"rendered":"<p>Le Complexe Thanatologique Mallet &#038; fils a le regret de vous annoncer le d\u00e9c\u00e8s de<\/p>\n<p>Aline Boudoul<br \/>\n1936 &#8211; 2025<\/p>\n<p>\u00c0 Sept-\u00celes (\u00c9lyme des sables), le 8 octobre 2025, est d\u00e9c\u00e9d\u00e9e \u00e0 l&rsquo;\u00e2ge de 89 ans, madame Aline Boudoul \u00e9pouse de feu Walter No\u00ebl et domicili\u00e9e \u00e0 Sept-\u00celes. <\/p>\n<p>La c\u00e9r\u00e9monie comm\u00e9morative de madame Aline Boudoul aura lieu le lundi 13 octobre 2025 \u00e0 14 h \u00e0 la chapelle du Complexe Thanatologique Mallet &#038; fils du 585, boul. Laure \u00e0 Sept-\u00celes et de l\u00e0 au columbarium du cimeti\u00e8re catholique de Sept-\u00celes.<\/p>\n<p>Selon ses volont\u00e9s, elle a \u00e9t\u00e9 confi\u00e9e au cr\u00e9matorium de la Maison Mallet &#038; fils pour cr\u00e9mation.<\/p>\n<p>La famille re\u00e7oit parents et amis le dimanche 12 octobre 2025 de 19 h \u00e0 22 h. Le lundi 13 octobre 2025 \u00e0 compter de 13 h au Complexe Thanatologique Mallet &#038; fils du 585 Boul. Laure \u00e0 Sept-\u00celes.<\/p>\n<p>Elle laisse dans le deuil son fils Jacques, sa fille Yolaine (Pierre B\u00e9langer), ses petites-filles : Gabrielle (Simon Marcotte) et Catherine (Lambert Tanguay-Rioux) ainsi que son fr\u00e8re Alfred (Gis\u00e8le B\u00e9rub\u00e9), sa s\u0153ur Lucia (feu Jean-Claude McDonald), son beau-fr\u00e8re, sa belle-s\u0153ur, ses neveux, ses ni\u00e8ces, ses cousins, ses cousines et de nombreux ami(e)s. <\/p>\n<p>Vos marques de sympathie peuvent se traduire par un don \u00e0 l\u2019\u00c9lyme des sables www.elymedessables.com<\/p>\n<p>La famille a confi\u00e9 les arrangements aux services professionnels de la Maison Mallet &#038; fils du 585 Boul. Laure \u00e0 Sept-\u00celes, maintenant reconnue Distinction et membre de la Corporation des Thanatologues du Qu\u00e9bec.<\/p>\n<p>Vous pouvez consulter cet avis de d\u00e9c\u00e8s sur le : www.maisonmallet.com<\/p>\n<p>Ceux et celles qui le d\u00e9sirent, peuvent y envoyer des messages de sympathie.<\/p>\n<p>[contact-form to=\u00a0\u00bbyolainenoel@gmail.com\u00a0\u00bb subject=\u00a0\u00bbCondol\u00e9ances Aline Boudoul\u00a0\u00bb][contact-field label=\u00a0\u00bbVotre nom\u00a0\u00bb type=\u00a0\u00bbname\u00a0\u00bb required=\u00a0\u00bb1&Prime;][contact-field label=\u00a0\u00bbVotre courriel\u00a0\u00bb type=\u00a0\u00bbemail\u00a0\u00bb required=\u00a0\u00bb1&Prime;][contact-field label=\u00a0\u00bbCondol\u00e9ances\u00a0\u00bb type=\u00a0\u00bbtextarea\u00a0\u00bb][\/contact-form]<\/p>\n","protected":false},"featured_media":68489,"template":"","event_cat":[6],"class_list":["post-68483","event","type-event","status-publish","has-post-thumbnail","hentry","event_cat-maison-mallet-et-fils-inc"],"_links":{"self":[{"href":"https:\/\/nouveau.maisonmallet.com\/back05_01\/index.php?rest_route=\/wp\/v2\/event\/68483","targetHints":{"allow":["GET"]}}],"collection":[{"href":"https:\/\/nouveau.maisonmallet.com\/back05_01\/index.php?rest_route=\/wp\/v2\/event"}],"about":[{"href":"https:\/\/nouveau.maisonmallet.com\/back05_01\/index.php?rest_route=\/wp\/v2\/types\/event"}],"wp:featuredmedia":[{"embeddable":true,"href":"https:\/\/nouveau.maisonmallet.com\/back05_01\/index.php?rest_route=\/wp\/v2\/media\/68489"}],"wp:attachment":[{"href":"https:\/\/nouveau.maisonmallet.com\/back05_01\/index.php?rest_route=%2Fwp%2Fv2%2Fmedia&parent=68483"}],"wp:term":[{"taxonomy":"event_cat","embeddable":true,"href":"https:\/\/nouveau.maisonmallet.com\/back05_01\/index.php?rest_route=%2Fwp%2Fv2%2Fevent_cat&post=68483"}],"curies":[{"name":"wp","href":"https:\/\/api.w.org\/{rel}","templated":true}]}}

<p>Le Complexe Thanatologique Mallet &#038; fils a le regret de vous annoncer le décès de</p>
<p>Aline Boudoul<br />
1936 &#8211; 2025</p>
<p>À Sept-Îles (Élyme des sables), le 8 octobre 2025, est décédée à l&rsquo;âge de 89 ans, madame Aline Boudoul épouse de feu Walter Noël et domiciliée à Sept-Îles. </p>
<p>La cérémonie commémorative de madame Aline Boudoul aura lieu le lundi 13 octobre 2025 à 14 h à la chapelle du Complexe Thanatologique Mallet &#038; fils du 585, boul. Laure à Sept-Îles et de là au columbarium du cimetière catholique de Sept-Îles.</p>
<p>Selon ses volontés, elle a été confiée au crématorium de la Maison Mallet &#038; fils pour crémation.</p>
<p>La famille reçoit parents et amis le dimanche 12 octobre 2025 de 19 h à 22 h. Le lundi 13 octobre 2025 à compter de 13 h au Complexe Thanatologique Mallet &#038; fils du 585 Boul. Laure à Sept-Îles.</p>
<p>Elle laisse dans le deuil son fils Jacques, sa fille Yolaine (Pierre Bélanger), ses petites-filles : Gabrielle (Simon Marcotte) et Catherine (Lambert Tanguay-Rioux) ainsi que son frère Alfred (Gisèle Bérubé), sa sœur Lucia (feu Jean-Claude McDonald), son beau-frère, sa belle-sœur, ses neveux, ses nièces, ses cousins, ses cousines et de nombreux ami(e)s. </p>
<p>Vos marques de sympathie peuvent se traduire par un don à l’Élyme des sables www.elymedessables.com</p>
<p>La famille a confié les arrangements aux services professionnels de la Maison Mallet &#038; fils du 585 Boul. Laure à Sept-Îles, maintenant reconnue Distinction et membre de la Corporation des Thanatologues du Québec.</p>
<p>Vous pouvez consulter cet avis de décès sur le : www.maisonmallet.com</p>
<p>Ceux et celles qui le désirent, peuvent y envoyer des messages de sympathie.</p>
<p>[contact-form to= »yolainenoel@gmail.com » subject= »Condoléances Aline Boudoul »][contact-field label= »Votre nom » type= »name » required= »1&Prime;][contact-field label= »Votre courriel » type= »email » required= »1&Prime;][contact-field label= »Condoléances » type= »textarea »][/contact-form]</p>
