{"id":68502,"date":"2025-10-09T20:36:15","date_gmt":"2025-10-10T00:36:15","guid":{"rendered":"https:\/\/nouveau.maisonmallet.com\/?post_type=event&#038;p=68502"},"modified":"2025-10-28T17:10:43","modified_gmt":"2025-10-28T21:10:43","slug":"coulouarn-michel","status":"publish","type":"event","link":"https:\/\/nouveau.maisonmallet.com\/back05_01\/?event=coulouarn-michel","title":{"rendered":"COULOUARN, Michel"},"content":{"rendered":"<p>Le Complexe Thanatologique Mallet &#038; fils a le regret de vous annoncer le d\u00e9c\u00e8s de<\/p>\n<p>Michel Coulouarn<br \/>\n1952 \u2013 2025<\/p>\n<p>\u00c0 Qu\u00e9bec, le 7 octobre 2025, est d\u00e9c\u00e9d\u00e9 \u00e0 l\u2019\u00e2ge de 72 ans, monsieur Michel Coulouarn conjoint de madame Jacinthe Pomerleau et domicili\u00e9 \u00e0 Sept-\u00celes.<\/p>\n<p>Selon ses volont\u00e9s, il a \u00e9t\u00e9 confi\u00e9 au cr\u00e9matorium de la maison Mallet &#038; fils pour cr\u00e9mation.<\/p>\n<p>La famille re\u00e7oit parents et amis le samedi 18 octobre 2025 de 13 h \u00e0 16 h au Complexe Thanatologique Mallet &#038; fils du 585 Boul. Laure \u00e0 Sept-\u00celes.<\/p>\n<p>Il laisse dans le deuil outre sa conjointe madame Jacinthe Pomerleau, sa fille Maude, son fils Vincent (Annick Lucas), ses petits-enfants : M\u00e9gane, M\u00e9lodie, Daphn\u00e9e et Louis ainsi que son fr\u00e8re Jean (feu Mariette Beaudin), son neveu Yann, ses ni\u00e8ces : Pascale (Bruno Bourgeois), Brigitte (son fils Loic-Ali, son petit-fils Gaspard) et ses ami(e)s.<\/p>\n<p>La famille a confi\u00e9 les arrangements aux services professionnels de la Maison Mallet &#038; fils du 585 Boul. Laure \u00e0 Sept-\u00celes, maintenant reconnue Distinction et membre de la Corporation des Thanatologues du Qu\u00e9bec.<\/p>\n<p>Vous pouvez consulter cet avis de d\u00e9c\u00e8s sur le www.maisonmallet.com<\/p>\n<p>Ceux et celles qui le d\u00e9sirent, peuvent y envoyer des messages de sympathie.<\/p>\n<p>[contact-form to=\u00a0\u00bbmaude.coulouarn@norda.com\u00a0\u00bb subject=\u00a0\u00bbCondol\u00e9ances Michel Coulouarn\u00a0\u00bb][contact-field label=\u00a0\u00bbVotre nom\u00a0\u00bb type=\u00a0\u00bbname\u00a0\u00bb required=\u00a0\u00bb1&Prime;][contact-field label=\u00a0\u00bbVotre courriel\u00a0\u00bb type=\u00a0\u00bbemail\u00a0\u00bb required=\u00a0\u00bb1&Prime;][contact-field label=\u00a0\u00bbCondol\u00e9ances\u00a0\u00bb type=\u00a0\u00bbtextarea\u00a0\u00bb][\/contact-form]<\/p>\n","protected":false},"featured_media":68543,"template":"","event_cat":[6],"class_list":["post-68502","event","type-event","status-publish","has-post-thumbnail","hentry","event_cat-maison-mallet-et-fils-inc"],"_links":{"self":[{"href":"https:\/\/nouveau.maisonmallet.com\/back05_01\/index.php?rest_route=\/wp\/v2\/event\/68502","targetHints":{"allow":["GET"]}}],"collection":[{"href":"https:\/\/nouveau.maisonmallet.com\/back05_01\/index.php?rest_route=\/wp\/v2\/event"}],"about":[{"href":"https:\/\/nouveau.maisonmallet.com\/back05_01\/index.php?rest_route=\/wp\/v2\/types\/event"}],"wp:featuredmedia":[{"embeddable":true,"href":"https:\/\/nouveau.maisonmallet.com\/back05_01\/index.php?rest_route=\/wp\/v2\/media\/68543"}],"wp:attachment":[{"href":"https:\/\/nouveau.maisonmallet.com\/back05_01\/index.php?rest_route=%2Fwp%2Fv2%2Fmedia&parent=68502"}],"wp:term":[{"taxonomy":"event_cat","embeddable":true,"href":"https:\/\/nouveau.maisonmallet.com\/back05_01\/index.php?rest_route=%2Fwp%2Fv2%2Fevent_cat&post=68502"}],"curies":[{"name":"wp","href":"https:\/\/api.w.org\/{rel}","templated":true}]}}

<p>Le Complexe Thanatologique Mallet &#038; fils a le regret de vous annoncer le décès de</p>
<p>Michel Coulouarn<br />
1952 – 2025</p>
<p>À Québec, le 7 octobre 2025, est décédé à l’âge de 72 ans, monsieur Michel Coulouarn conjoint de madame Jacinthe Pomerleau et domicilié à Sept-Îles.</p>
<p>Selon ses volontés, il a été confié au crématorium de la maison Mallet &#038; fils pour crémation.</p>
<p>La famille reçoit parents et amis le samedi 18 octobre 2025 de 13 h à 16 h au Complexe Thanatologique Mallet &#038; fils du 585 Boul. Laure à Sept-Îles.</p>
<p>Il laisse dans le deuil outre sa conjointe madame Jacinthe Pomerleau, sa fille Maude, son fils Vincent (Annick Lucas), ses petits-enfants : Mégane, Mélodie, Daphnée et Louis ainsi que son frère Jean (feu Mariette Beaudin), son neveu Yann, ses nièces : Pascale (Bruno Bourgeois), Brigitte (son fils Loic-Ali, son petit-fils Gaspard) et ses ami(e)s.</p>
<p>La famille a confié les arrangements aux services professionnels de la Maison Mallet &#038; fils du 585 Boul. Laure à Sept-Îles, maintenant reconnue Distinction et membre de la Corporation des Thanatologues du Québec.</p>
<p>Vous pouvez consulter cet avis de décès sur le www.maisonmallet.com</p>
<p>Ceux et celles qui le désirent, peuvent y envoyer des messages de sympathie.</p>
<p>[contact-form to= »maude.coulouarn@norda.com » subject= »Condoléances Michel Coulouarn »][contact-field label= »Votre nom » type= »name » required= »1&Prime;][contact-field label= »Votre courriel » type= »email » required= »1&Prime;][contact-field label= »Condoléances » type= »textarea »][/contact-form]</p>
