{"id":68541,"date":"2025-10-10T11:12:37","date_gmt":"2025-10-10T15:12:37","guid":{"rendered":"https:\/\/nouveau.maisonmallet.com\/?post_type=event&#038;p=68541"},"modified":"2025-10-31T16:30:27","modified_gmt":"2025-10-31T20:30:27","slug":"bourgeois-l-juliette","status":"publish","type":"event","link":"https:\/\/nouveau.maisonmallet.com\/back05_01\/?event=bourgeois-l-juliette","title":{"rendered":"BOURGEOIS L, Juliette"},"content":{"rendered":"<p>Le Complexe Thanatologique Mallet &#038; fils a le regret de vous annoncer le d\u00e9c\u00e8s de<\/p>\n<p>Juliette L. Bourgeois<br \/>\n1937 \u2013 2025<\/p>\n<p>\u00c0 Sept-\u00celes (maison l\u2019\u00c9lyme des sables), le 5 octobre 2025, est d\u00e9c\u00e9d\u00e9e \u00e0 l&rsquo;\u00e2ge de 88 ans, madame Juliette L. Bourgeois, \u00e9pouse de feu L\u00e9onide Bourgeois et domicili\u00e9e \u00e0 Sept-\u00celes. <\/p>\n<p>La famille re\u00e7oit parents et amis le vendredi 31 octobre 2025 de 13 h \u00e0 16 h et de 19 h \u00e0 22 h. Le samedi 1er novembre 2025 jour des fun\u00e9railles \u00e0 compter de 9 h au Complexe Thanatologique Mallet &#038; fils du 585 Boul. Laure \u00e0 Sept-\u00celes.<\/p>\n<p>Les fun\u00e9railles de madame Juliette L. Bourgeois auront lieu le samedi 1er novembre 2025 \u00e0 10 h 30 en l\u2019\u00e9glise St-Joseph situ\u00e9e au 535, ave. Brochu \u00e0 Sept-\u00celes et de l\u00e0 au Cr\u00e9matorium Mallet &#038; fils pour cr\u00e9mation.   <\/p>\n<p>Elle laisse dans le deuil ses enfants : Jacques (Germaine), R\u00e9al (Patricia), Anne (Glorien) et Nancy (Raoul), ses petits-enfants : Jimmy, Christian, Jessy, Stevens, Dania, Carolann et L\u00e9onie, son ami de c\u0153ur monsieur Michel Morin, ses arri\u00e8re-petits-enfants, ses beaux-fr\u00e8res, ses belles-s\u0153urs ainsi que ses neveux, ses ni\u00e8ces, ses cousins, ses cousines et de nombreux ami(e)s. <\/p>\n<p>Vos marques de sympathie peuvent se traduire par un don \u00e0 l\u2019\u00c9lyme des sables www.elymedessables.com<\/p>\n<p>La famille a confi\u00e9 la direction des fun\u00e9railles aux services professionnels de la Maison Mallet &#038; fils du 585, boul. Laure \u00e0 Sept-\u00celes, maintenant reconnue Distinction et membre de la Corporation des Thanatologues du Qu\u00e9bec.<\/p>\n<p>Vous pouvez consulter cet avis de d\u00e9c\u00e8s sur le : www.maisonmallet.com<\/p>\n<p>Ceux et celles qui le d\u00e9sirent, peuvent y envoyer des messages de sympathie.<\/p>\n<p>[contact-form to=\u00a0\u00bbjacquesbourgeois@live.ca\u00a0\u00bb subject=\u00a0\u00bbCondol\u00e9ances Juliette L. Bourgeois\u00a0\u00bb][contact-field label=\u00a0\u00bbVotre nom\u00a0\u00bb type=\u00a0\u00bbname\u00a0\u00bb required=\u00a0\u00bb1&Prime;][contact-field label=\u00a0\u00bbVotre courriel\u00a0\u00bb type=\u00a0\u00bbemail\u00a0\u00bb required=\u00a0\u00bb1&Prime;][contact-field label=\u00a0\u00bbCondol\u00e9ances\u00a0\u00bb type=\u00a0\u00bbtextarea\u00a0\u00bb][\/contact-form]<\/p>\n","protected":false},"featured_media":68567,"template":"","event_cat":[6],"class_list":["post-68541","event","type-event","status-publish","has-post-thumbnail","hentry","event_cat-maison-mallet-et-fils-inc"],"_links":{"self":[{"href":"https:\/\/nouveau.maisonmallet.com\/back05_01\/index.php?rest_route=\/wp\/v2\/event\/68541","targetHints":{"allow":["GET"]}}],"collection":[{"href":"https:\/\/nouveau.maisonmallet.com\/back05_01\/index.php?rest_route=\/wp\/v2\/event"}],"about":[{"href":"https:\/\/nouveau.maisonmallet.com\/back05_01\/index.php?rest_route=\/wp\/v2\/types\/event"}],"wp:featuredmedia":[{"embeddable":true,"href":"https:\/\/nouveau.maisonmallet.com\/back05_01\/index.php?rest_route=\/wp\/v2\/media\/68567"}],"wp:attachment":[{"href":"https:\/\/nouveau.maisonmallet.com\/back05_01\/index.php?rest_route=%2Fwp%2Fv2%2Fmedia&parent=68541"}],"wp:term":[{"taxonomy":"event_cat","embeddable":true,"href":"https:\/\/nouveau.maisonmallet.com\/back05_01\/index.php?rest_route=%2Fwp%2Fv2%2Fevent_cat&post=68541"}],"curies":[{"name":"wp","href":"https:\/\/api.w.org\/{rel}","templated":true}]}}

<p>Le Complexe Thanatologique Mallet &#038; fils a le regret de vous annoncer le décès de</p>
<p>Juliette L. Bourgeois<br />
1937 – 2025</p>
<p>À Sept-Îles (maison l’Élyme des sables), le 5 octobre 2025, est décédée à l&rsquo;âge de 88 ans, madame Juliette L. Bourgeois, épouse de feu Léonide Bourgeois et domiciliée à Sept-Îles. </p>
<p>La famille reçoit parents et amis le vendredi 31 octobre 2025 de 13 h à 16 h et de 19 h à 22 h. Le samedi 1er novembre 2025 jour des funérailles à compter de 9 h au Complexe Thanatologique Mallet &#038; fils du 585 Boul. Laure à Sept-Îles.</p>
<p>Les funérailles de madame Juliette L. Bourgeois auront lieu le samedi 1er novembre 2025 à 10 h 30 en l’église St-Joseph située au 535, ave. Brochu à Sept-Îles et de là au Crématorium Mallet &#038; fils pour crémation.   </p>
<p>Elle laisse dans le deuil ses enfants : Jacques (Germaine), Réal (Patricia), Anne (Glorien) et Nancy (Raoul), ses petits-enfants : Jimmy, Christian, Jessy, Stevens, Dania, Carolann et Léonie, son ami de cœur monsieur Michel Morin, ses arrière-petits-enfants, ses beaux-frères, ses belles-sœurs ainsi que ses neveux, ses nièces, ses cousins, ses cousines et de nombreux ami(e)s. </p>
<p>Vos marques de sympathie peuvent se traduire par un don à l’Élyme des sables www.elymedessables.com</p>
<p>La famille a confié la direction des funérailles aux services professionnels de la Maison Mallet &#038; fils du 585, boul. Laure à Sept-Îles, maintenant reconnue Distinction et membre de la Corporation des Thanatologues du Québec.</p>
<p>Vous pouvez consulter cet avis de décès sur le : www.maisonmallet.com</p>
<p>Ceux et celles qui le désirent, peuvent y envoyer des messages de sympathie.</p>
<p>[contact-form to= »jacquesbourgeois@live.ca » subject= »Condoléances Juliette L. Bourgeois »][contact-field label= »Votre nom » type= »name » required= »1&Prime;][contact-field label= »Votre courriel » type= »email » required= »1&Prime;][contact-field label= »Condoléances » type= »textarea »][/contact-form]</p>
