{"id":68565,"date":"2025-10-08T14:42:44","date_gmt":"2025-10-08T18:42:44","guid":{"rendered":"https:\/\/nouveau.maisonmallet.com\/?post_type=event&#038;p=68565"},"modified":"2026-01-31T15:48:40","modified_gmt":"2026-01-31T20:48:40","slug":"neron-lucette","status":"publish","type":"event","link":"https:\/\/nouveau.maisonmallet.com\/back05_01\/?event=neron-lucette","title":{"rendered":"N\u00c9RON, Lucette"},"content":{"rendered":"<p>Le Complexe Thanatologique Mallet &#038; fils a le regret de vous annoncer le d\u00e9c\u00e8s de<\/p>\n<p>Lucette N\u00e9ron<br \/>\n1934 &#8211; 2025<\/p>\n<p>\u00c0 Sept-\u00celes (maison L\u2019\u00c9lyme des sables), le 8 octobre 2025, est d\u00e9c\u00e9d\u00e9e \u00e0 l\u2019\u00e2ge de 90 ans, madame Lucette N\u00e9ron \u00e9pouse de feu Cyrille Bolduc et domicili\u00e9e \u00e0 Sept-\u00celes.<\/p>\n<p>Les fun\u00e9railles de madame Lucette N\u00e9ron auront lieu le samedi 27 juin 2026 \u00e0 10 h en l\u2019\u00e9glise St-Joseph situ\u00e9e au 535, ave. Brochu \u00e0 Sept-\u00celes.  <\/p>\n<p>Selon ses volont\u00e9s, elle a \u00e9t\u00e9 confi\u00e9e au cr\u00e9matorium de la Maison Mallet &#038; fils pour cr\u00e9mation.<\/p>\n<p>La famille re\u00e7oit parents et amis le vendredi 26 juin 2026 de 19 h \u00e0 22 h au Complexe Thanatologique Mallet &#038; fils du 585, boul. Laure \u00e0 Sept-\u00celes.<\/p>\n<p>Elle laisse dans le deuil ses enfants : Rodrigue (Sylvie Beaulieu), Francine (Marcel Leblanc) et Dario (Martine Fournier), ses petits-enfants : St\u00e9phanie (Jimmy C\u00f4t\u00e9), Marilyn (S\u00e9bastien Synnett), S\u00e9bastien, Wayne (Chelsi L\u00e9vesque) et Robin (Sabrianne D\u00e9raps), ses arri\u00e8re-petits-enfants : F\u00e9lix, Am\u00e9lie, Olivier, Florent, \u00c9douard, Alice, Jake, Zac, Logan et Sierra ainsi que ses fr\u00e8res, ses s\u0153urs, ses beaux-fr\u00e8res, ses belles-s\u0153urs, ses neveux, ses ni\u00e8ces et de nombreux ami(e)s.<\/p>\n<p>Elle \u00e9tait la m\u00e8re de feu Arl\u00e8ne Bolduc (Bruce Keays).<\/p>\n<p>Un merci sp\u00e9cial au Dre. Annie Lebel pour les bons soins.<\/p>\n<p>Vos marques de sympathie peuvent se traduire par un don \u00e0 l\u2019\u00c9lyme des sables www.elymedessables.com<\/p>\n<p>La famille a confi\u00e9 la direction des fun\u00e9railles aux services professionnels de la Maison Mallet &#038; fils du 585, boul. Laure \u00e0 Sept-\u00celes, maintenant reconnue Distinction et membre de la Corporation des Thanatologues du Qu\u00e9bec.<\/p>\n<p>Vous pouvez consulter cet avis de d\u00e9c\u00e8s sur le www.maisonmallet.com<\/p>\n<p>Ceux et celles qui le d\u00e9sirent, peuvent y envoyer des messages de sympathies.<\/p>\n<p>[contact-form to=\u00a0\u00bbparbou2@hotmail.com\u00a0\u00bb subject=\u00a0\u00bbCondol\u00e9ances Lucette N\u00e9ron\u00a0\u00bb][contact-field label=\u00a0\u00bbVotre nom\u00a0\u00bb type=\u00a0\u00bbname\u00a0\u00bb required=\u00a0\u00bb1&Prime;][contact-field label=\u00a0\u00bbVotre courriel\u00a0\u00bb type=\u00a0\u00bbemail\u00a0\u00bb required=\u00a0\u00bb1&Prime;][contact-field label=\u00a0\u00bbCondol\u00e9ances\u00a0\u00bb type=\u00a0\u00bbtextarea\u00a0\u00bb][\/contact-form]<\/p>\n","protected":false},"featured_media":68651,"template":"","event_cat":[6],"class_list":["post-68565","event","type-event","status-publish","has-post-thumbnail","hentry","event_cat-maison-mallet-et-fils-inc"],"_links":{"self":[{"href":"https:\/\/nouveau.maisonmallet.com\/back05_01\/index.php?rest_route=\/wp\/v2\/event\/68565","targetHints":{"allow":["GET"]}}],"collection":[{"href":"https:\/\/nouveau.maisonmallet.com\/back05_01\/index.php?rest_route=\/wp\/v2\/event"}],"about":[{"href":"https:\/\/nouveau.maisonmallet.com\/back05_01\/index.php?rest_route=\/wp\/v2\/types\/event"}],"wp:featuredmedia":[{"embeddable":true,"href":"https:\/\/nouveau.maisonmallet.com\/back05_01\/index.php?rest_route=\/wp\/v2\/media\/68651"}],"wp:attachment":[{"href":"https:\/\/nouveau.maisonmallet.com\/back05_01\/index.php?rest_route=%2Fwp%2Fv2%2Fmedia&parent=68565"}],"wp:term":[{"taxonomy":"event_cat","embeddable":true,"href":"https:\/\/nouveau.maisonmallet.com\/back05_01\/index.php?rest_route=%2Fwp%2Fv2%2Fevent_cat&post=68565"}],"curies":[{"name":"wp","href":"https:\/\/api.w.org\/{rel}","templated":true}]}}

NÉRON, Lucette

<p>Le Complexe Thanatologique Mallet &#038; fils a le regret de vous annoncer le décès de</p>
<p>Lucette Néron<br />
1934 &#8211; 2025</p>
<p>À Sept-Îles (maison L’Élyme des sables), le 8 octobre 2025, est décédée à l’âge de 90 ans, madame Lucette Néron épouse de feu Cyrille Bolduc et domiciliée à Sept-Îles.</p>
<p>Les funérailles de madame Lucette Néron auront lieu le samedi 27 juin 2026 à 10 h en l’église St-Joseph située au 535, ave. Brochu à Sept-Îles.  </p>
<p>Selon ses volontés, elle a été confiée au crématorium de la Maison Mallet &#038; fils pour crémation.</p>
<p>La famille reçoit parents et amis le vendredi 26 juin 2026 de 19 h à 22 h au Complexe Thanatologique Mallet &#038; fils du 585, boul. Laure à Sept-Îles.</p>
<p>Elle laisse dans le deuil ses enfants : Rodrigue (Sylvie Beaulieu), Francine (Marcel Leblanc) et Dario (Martine Fournier), ses petits-enfants : Stéphanie (Jimmy Côté), Marilyn (Sébastien Synnett), Sébastien, Wayne (Chelsi Lévesque) et Robin (Sabrianne Déraps), ses arrière-petits-enfants : Félix, Amélie, Olivier, Florent, Édouard, Alice, Jake, Zac, Logan et Sierra ainsi que ses frères, ses sœurs, ses beaux-frères, ses belles-sœurs, ses neveux, ses nièces et de nombreux ami(e)s.</p>
<p>Elle était la mère de feu Arlène Bolduc (Bruce Keays).</p>
<p>Un merci spécial au Dre. Annie Lebel pour les bons soins.</p>
<p>Vos marques de sympathie peuvent se traduire par un don à l’Élyme des sables www.elymedessables.com</p>
<p>La famille a confié la direction des funérailles aux services professionnels de la Maison Mallet &#038; fils du 585, boul. Laure à Sept-Îles, maintenant reconnue Distinction et membre de la Corporation des Thanatologues du Québec.</p>
<p>Vous pouvez consulter cet avis de décès sur le www.maisonmallet.com</p>
<p>Ceux et celles qui le désirent, peuvent y envoyer des messages de sympathies.</p>
<p>[contact-form to= »parbou2@hotmail.com » subject= »Condoléances Lucette Néron »][contact-field label= »Votre nom » type= »name » required= »1&Prime;][contact-field label= »Votre courriel » type= »email » required= »1&Prime;][contact-field label= »Condoléances » type= »textarea »][/contact-form]</p>
