{"id":68694,"date":"2025-10-20T16:11:15","date_gmt":"2025-10-20T20:11:15","guid":{"rendered":"https:\/\/nouveau.maisonmallet.com\/?post_type=event&#038;p=68694"},"modified":"2025-10-21T16:15:32","modified_gmt":"2025-10-21T20:15:32","slug":"fortin-louise-aimee","status":"publish","type":"event","link":"https:\/\/nouveau.maisonmallet.com\/back05_01\/?event=fortin-louise-aimee","title":{"rendered":"FORTIN, Louise Aim\u00e9e"},"content":{"rendered":"<p>Le Complexe Thanatologique Mallet &#038; fils a le regret de vous annoncer le d\u00e9c\u00e8s de<\/p>\n<p>Louise Aim\u00e9e Fortin<br \/>\n1957 \u2013 2025<\/p>\n<p>\u00c0 Sept-\u00celes, est d\u00e9c\u00e9d\u00e9e \u00e0 l\u2019\u00e2ge de 68 ans madame Louise Aim\u00e9e Fortin conjointe de feu Serge Roch et domicili\u00e9e \u00e0 Sept-\u00celes.                                                                                                                                     <\/p>\n<p>Les fun\u00e9railles de madame Louise Aim\u00e9e Fortin auront lieu le lundi 27 octobre 2025 \u00e0 10 h en l\u2019\u00e9glise Notre-Dame-des-Indiens de Matimekush-Lac John et de l\u00e0 au cimeti\u00e8re de l\u2019endroit. <\/p>\n<p>\u00c0 Sept-\u00celes<br \/>\nLa famille re\u00e7oit parents et amis le jeudi 23 octobre 2025 de 19 h \u00e0 22 h au Complexe Thanatologique Mallet &#038; fils du 585, boul. Laure \u00e0 Sept-\u00celes.<\/p>\n<p>\u00c0 Schefferville<br \/>\nLa famille re\u00e7oit parents et amis le dimanche 26 octobre 2025 au 101, rue Atlantic \u00e0 Matimekush-Lac John. <\/p>\n<p>Elle laisse dans le deuil ses fr\u00e8res et ses s\u0153urs : Jean-Marie, Pierrette, Gisline (Sylvain), Albert et Micheline, ses neveux, ses ni\u00e8ces, sa tante ainsi que ses cousins, ses cousines et de nombreux ami(e)s.<\/p>\n<p>La famille a confi\u00e9 les arrangements fun\u00e9raires aux services professionnels de la Maison Mallet &#038; fils du 585, boul. Laure \u00e0 Sept-\u00celes et la direction des fun\u00e9railles \u00e0 la Maison Porlier du 515, rue French \u00e0 Schefferville, membre de la Corporation des Thanatologues du Qu\u00e9bec.<\/p>\n<p>Vous pouvez consulter cet avis de d\u00e9c\u00e8s, sur le  www.maisonmallet.com <\/p>\n<p>Ceux et celle qui le d\u00e9sirent, peuvent y envoyer des messages de sympathie.<\/p>\n<p>[contact-form to=\u00a0\u00bbjassfortin@outlook.com\u00a0\u00bb subject=\u00a0\u00bbCondol\u00e9ances Louise Aim\u00e9e Fortin\u00a0\u00bb][contact-field label=\u00a0\u00bbVotre nom\u00a0\u00bb type=\u00a0\u00bbname\u00a0\u00bb required=\u00a0\u00bb1&Prime;][contact-field label=\u00a0\u00bbVotre courriel\u00a0\u00bb type=\u00a0\u00bbemail\u00a0\u00bb required=\u00a0\u00bb1&Prime;][contact-field label=\u00a0\u00bbCondol\u00e9ances\u00a0\u00bb type=\u00a0\u00bbtextarea\u00a0\u00bb][\/contact-form]<\/p>\n","protected":false},"featured_media":68698,"template":"","event_cat":[6],"class_list":["post-68694","event","type-event","status-publish","has-post-thumbnail","hentry","event_cat-maison-mallet-et-fils-inc"],"_links":{"self":[{"href":"https:\/\/nouveau.maisonmallet.com\/back05_01\/index.php?rest_route=\/wp\/v2\/event\/68694","targetHints":{"allow":["GET"]}}],"collection":[{"href":"https:\/\/nouveau.maisonmallet.com\/back05_01\/index.php?rest_route=\/wp\/v2\/event"}],"about":[{"href":"https:\/\/nouveau.maisonmallet.com\/back05_01\/index.php?rest_route=\/wp\/v2\/types\/event"}],"wp:featuredmedia":[{"embeddable":true,"href":"https:\/\/nouveau.maisonmallet.com\/back05_01\/index.php?rest_route=\/wp\/v2\/media\/68698"}],"wp:attachment":[{"href":"https:\/\/nouveau.maisonmallet.com\/back05_01\/index.php?rest_route=%2Fwp%2Fv2%2Fmedia&parent=68694"}],"wp:term":[{"taxonomy":"event_cat","embeddable":true,"href":"https:\/\/nouveau.maisonmallet.com\/back05_01\/index.php?rest_route=%2Fwp%2Fv2%2Fevent_cat&post=68694"}],"curies":[{"name":"wp","href":"https:\/\/api.w.org\/{rel}","templated":true}]}}

FORTIN, Louise Aimée

<p>Le Complexe Thanatologique Mallet &#038; fils a le regret de vous annoncer le décès de</p>
<p>Louise Aimée Fortin<br />
1957 – 2025</p>
<p>À Sept-Îles, est décédée à l’âge de 68 ans madame Louise Aimée Fortin conjointe de feu Serge Roch et domiciliée à Sept-Îles.                                                                                                                                     </p>
<p>Les funérailles de madame Louise Aimée Fortin auront lieu le lundi 27 octobre 2025 à 10 h en l’église Notre-Dame-des-Indiens de Matimekush-Lac John et de là au cimetière de l’endroit. </p>
<p>À Sept-Îles<br />
La famille reçoit parents et amis le jeudi 23 octobre 2025 de 19 h à 22 h au Complexe Thanatologique Mallet &#038; fils du 585, boul. Laure à Sept-Îles.</p>
<p>À Schefferville<br />
La famille reçoit parents et amis le dimanche 26 octobre 2025 au 101, rue Atlantic à Matimekush-Lac John. </p>
<p>Elle laisse dans le deuil ses frères et ses sœurs : Jean-Marie, Pierrette, Gisline (Sylvain), Albert et Micheline, ses neveux, ses nièces, sa tante ainsi que ses cousins, ses cousines et de nombreux ami(e)s.</p>
<p>La famille a confié les arrangements funéraires aux services professionnels de la Maison Mallet &#038; fils du 585, boul. Laure à Sept-Îles et la direction des funérailles à la Maison Porlier du 515, rue French à Schefferville, membre de la Corporation des Thanatologues du Québec.</p>
<p>Vous pouvez consulter cet avis de décès, sur le  www.maisonmallet.com </p>
<p>Ceux et celle qui le désirent, peuvent y envoyer des messages de sympathie.</p>
<p>[contact-form to= »jassfortin@outlook.com » subject= »Condoléances Louise Aimée Fortin »][contact-field label= »Votre nom » type= »name » required= »1&Prime;][contact-field label= »Votre courriel » type= »email » required= »1&Prime;][contact-field label= »Condoléances » type= »textarea »][/contact-form]</p>
