{"id":68697,"date":"2025-10-20T16:20:58","date_gmt":"2025-10-20T20:20:58","guid":{"rendered":"https:\/\/nouveau.maisonmallet.com\/?post_type=event&#038;p=68697"},"modified":"2025-10-21T17:08:07","modified_gmt":"2025-10-21T21:08:07","slug":"myrtle-poirier-nee-obrien","status":"publish","type":"event","link":"https:\/\/nouveau.maisonmallet.com\/back05_01\/?event=myrtle-poirier-nee-obrien","title":{"rendered":"Myrtle Poirier (n\u00e9e O&rsquo;Brien)"},"content":{"rendered":"<p>Myrtle Poirier (n\u00e9e O\u2019Brien)<\/p>\n<p>C\u2019est avec une grande tristesse que vous nous annon\u00e7ons le d\u00e9c\u00e8s de Myrtle Poirier (n\u00e9e O\u2019Brien).<\/p>\n<p>Elle nous a quitt\u00e9 le 17 octobre 2025 \u00e0 l\u2019\u00e2ge de 85 ans.  \u00c9pouse d\u00e9vou\u00e9e de Clarence Poirier, elle laisse dans en deuil ses filles ch\u00e9ries Clare (Jean-Fran\u00e7ois Brisson) et Nancy (Richard Moreau) et son fils feu Peter, ainsi que ses pr\u00e9cieux petits-enfants Evelyn et Philippe Moreau qui ont illumin\u00e9 sa vie de leur affection.<\/p>\n<p>Myrtle laisse \u00e9galement dans le deuil sa s\u0153ur Edna O\u2019Brien (Charles Langlois).  Elle a rejoint son fr\u00e8re Albert O\u2019Brien (Jeanine Boudreault) et ses s\u0153urs Norma (Jack Booth) et Nora (Gerald Sigouin) qui nous ont quitt\u00e9s pr\u00e9c\u00e9demment.<\/p>\n<p>Ses filleuls, de nombreuses ni\u00e8ces et neveux, plusieurs amis(e), ancien(ne)s coll\u00e8gues de travail et b\u00e9n\u00e9volat, garderont un souvenir d\u2019une femme d\u2019une grande gentillesse, g\u00e9n\u00e9reuse, rayonnante, rassembleuse ainsi qu\u2019une grande cuisini\u00e8re et excellente sportive. <\/p>\n<p>La famille remercie sinc\u00e8rement le personnel soignant du CHSLD Dr Chevrier et Yolly pour leur attention et leur compassion.<br \/>\nEn sa memoire vos t\u00e9moignages de sympathies peuvent se traduire par un don au Centre Quatre Poches. https:\/\/www.4poches.org\/financement-campagne-4-poches<br \/>\nLa famille a confi\u00e9 la direction des fun\u00e9railles aux services professionnels de la Maison Mallet &#038; fils du 585, boul. Laure \u00e0 Sept-\u00celes, maintenant reconnue Distinction et membre de la Corporation des Thanatologues du Qu\u00e9bec.<br \/>\nVous pouvez consulter cet avis de d\u00e9c\u00e8s sur le www.maisonmallet.com<br \/>\nCeux et celles qui le d\u00e9sirent, peuvent y envoyer des messages de sympathies.<br \/>\nD\u00e9tails d\u2019une c\u00e9r\u00e9monie comm\u00e9morative \u00e0 Montr\u00e9al seront communiqu\u00e9s ult\u00e9rieurement. <\/p>\n<p>It is with great sadness that we announce the passing of Myrtle Poirier (n\u00e9e O\u2019Brien).<\/p>\n<p>She left us on October 17, 2025, at the age of 85. A devoted wife to Clarence Poirier, she leaves in mourning her beloved daughters Clare (Jean-Fran\u00e7ois Brisson) and Nancy (Richard Moreau), and her late son Peter, as well as her precious grandchildren Evelyn and Philippe Moreau, who brought endless joy and pride.<\/p>\n<p>Myrtle is also survived by her sister Edna O\u2019Brien (Charles Langlois). She has now joined her brother Albert O\u2019Brien (Jeanine Boudreault) and her sisters Norma (Jack Booth) and Nora (Gerald Sigouin), who have left us as well.<\/p>\n<p>Her godchildren, numerous nieces and nephews, many friends, and former work and volunteer colleagues will cherish the memory of a very kind, generous, radiant and unifying woman as well as a wonderful cook and accomplished athlete.<\/p>\n<p>The family will receive relatives and friends on Friday, October 24, from 7:00 p.m. to 10:00 p.m. at Maison Mallet et Fils, and again on Saturday, October 25, from 10:00 a.m. to 11:00 a.m., before the funeral service to be held at Saint C\u0153ur de Marie Church, 175 rue de l\u2019\u00c9glise, Clarke City.  A prayer will be said at the Sept-\u00celes Cemetery.<\/p>\n<p>The family sincerely thanks the staff of CHSLD Dr. Chevrier and Yolly for their attention and compassion.  Donations can be made to the Centre Quatre Poches in her memory. https:\/\/www.4poches.org\/financement-campagne-4-pochesDetails regarding a memorial ceremony in Montreal will be announced at a later date.<\/p>\n<p>[contact-form to=\u00a0\u00bbncpoirier@videotron.ca\u00a0\u00bb subject=\u00a0\u00bbCondol\u00e9ances Myrtle O&rsquo;Brien\u00a0\u00bb][contact-field label=\u00a0\u00bbVotre nom\u00a0\u00bb type=\u00a0\u00bbname\u00a0\u00bb required=\u00a0\u00bb1&Prime;][contact-field label=\u00a0\u00bbVotre courriel\u00a0\u00bb type=\u00a0\u00bbemail\u00a0\u00bb required=\u00a0\u00bb1&Prime;][contact-field label=\u00a0\u00bbCondol\u00e9ances\u00a0\u00bb type=\u00a0\u00bbtextarea\u00a0\u00bb][\/contact-form]<\/p>\n","protected":false},"featured_media":68702,"template":"","event_cat":[6],"class_list":["post-68697","event","type-event","status-publish","has-post-thumbnail","hentry","event_cat-maison-mallet-et-fils-inc"],"_links":{"self":[{"href":"https:\/\/nouveau.maisonmallet.com\/back05_01\/index.php?rest_route=\/wp\/v2\/event\/68697","targetHints":{"allow":["GET"]}}],"collection":[{"href":"https:\/\/nouveau.maisonmallet.com\/back05_01\/index.php?rest_route=\/wp\/v2\/event"}],"about":[{"href":"https:\/\/nouveau.maisonmallet.com\/back05_01\/index.php?rest_route=\/wp\/v2\/types\/event"}],"wp:featuredmedia":[{"embeddable":true,"href":"https:\/\/nouveau.maisonmallet.com\/back05_01\/index.php?rest_route=\/wp\/v2\/media\/68702"}],"wp:attachment":[{"href":"https:\/\/nouveau.maisonmallet.com\/back05_01\/index.php?rest_route=%2Fwp%2Fv2%2Fmedia&parent=68697"}],"wp:term":[{"taxonomy":"event_cat","embeddable":true,"href":"https:\/\/nouveau.maisonmallet.com\/back05_01\/index.php?rest_route=%2Fwp%2Fv2%2Fevent_cat&post=68697"}],"curies":[{"name":"wp","href":"https:\/\/api.w.org\/{rel}","templated":true}]}}

Myrtle Poirier (née O&rsquo;Brien)

<p>Myrtle Poirier (née O’Brien)</p>
<p>C’est avec une grande tristesse que vous nous annonçons le décès de Myrtle Poirier (née O’Brien).</p>
<p>Elle nous a quitté le 17 octobre 2025 à l’âge de 85 ans.  Épouse dévouée de Clarence Poirier, elle laisse dans en deuil ses filles chéries Clare (Jean-François Brisson) et Nancy (Richard Moreau) et son fils feu Peter, ainsi que ses précieux petits-enfants Evelyn et Philippe Moreau qui ont illuminé sa vie de leur affection.</p>
<p>Myrtle laisse également dans le deuil sa sœur Edna O’Brien (Charles Langlois).  Elle a rejoint son frère Albert O’Brien (Jeanine Boudreault) et ses sœurs Norma (Jack Booth) et Nora (Gerald Sigouin) qui nous ont quittés précédemment.</p>
<p>Ses filleuls, de nombreuses nièces et neveux, plusieurs amis(e), ancien(ne)s collègues de travail et bénévolat, garderont un souvenir d’une femme d’une grande gentillesse, généreuse, rayonnante, rassembleuse ainsi qu’une grande cuisinière et excellente sportive. </p>
<p>La famille remercie sincèrement le personnel soignant du CHSLD Dr Chevrier et Yolly pour leur attention et leur compassion.<br />
En sa memoire vos témoignages de sympathies peuvent se traduire par un don au Centre Quatre Poches. https://www.4poches.org/financement-campagne-4-poches<br />
La famille a confié la direction des funérailles aux services professionnels de la Maison Mallet &#038; fils du 585, boul. Laure à Sept-Îles, maintenant reconnue Distinction et membre de la Corporation des Thanatologues du Québec.<br />
Vous pouvez consulter cet avis de décès sur le www.maisonmallet.com<br />
Ceux et celles qui le désirent, peuvent y envoyer des messages de sympathies.<br />
Détails d’une cérémonie commémorative à Montréal seront communiqués ultérieurement. </p>
<p>It is with great sadness that we announce the passing of Myrtle Poirier (née O’Brien).</p>
<p>She left us on October 17, 2025, at the age of 85. A devoted wife to Clarence Poirier, she leaves in mourning her beloved daughters Clare (Jean-François Brisson) and Nancy (Richard Moreau), and her late son Peter, as well as her precious grandchildren Evelyn and Philippe Moreau, who brought endless joy and pride.</p>
<p>Myrtle is also survived by her sister Edna O’Brien (Charles Langlois). She has now joined her brother Albert O’Brien (Jeanine Boudreault) and her sisters Norma (Jack Booth) and Nora (Gerald Sigouin), who have left us as well.</p>
<p>Her godchildren, numerous nieces and nephews, many friends, and former work and volunteer colleagues will cherish the memory of a very kind, generous, radiant and unifying woman as well as a wonderful cook and accomplished athlete.</p>
<p>The family will receive relatives and friends on Friday, October 24, from 7:00 p.m. to 10:00 p.m. at Maison Mallet et Fils, and again on Saturday, October 25, from 10:00 a.m. to 11:00 a.m., before the funeral service to be held at Saint Cœur de Marie Church, 175 rue de l’Église, Clarke City.  A prayer will be said at the Sept-Îles Cemetery.</p>
<p>The family sincerely thanks the staff of CHSLD Dr. Chevrier and Yolly for their attention and compassion.  Donations can be made to the Centre Quatre Poches in her memory. https://www.4poches.org/financement-campagne-4-pochesDetails regarding a memorial ceremony in Montreal will be announced at a later date.</p>
<p>[contact-form to= »ncpoirier@videotron.ca » subject= »Condoléances Myrtle O&rsquo;Brien »][contact-field label= »Votre nom » type= »name » required= »1&Prime;][contact-field label= »Votre courriel » type= »email » required= »1&Prime;][contact-field label= »Condoléances » type= »textarea »][/contact-form]</p>
