{"id":68745,"date":"2025-10-02T11:43:53","date_gmt":"2025-10-02T15:43:53","guid":{"rendered":"https:\/\/nouveau.maisonmallet.com\/?post_type=event&#038;p=68745"},"modified":"2026-01-31T16:24:31","modified_gmt":"2026-01-31T21:24:31","slug":"modele-nom-prenom-80","status":"publish","type":"event","link":"https:\/\/nouveau.maisonmallet.com\/back05_01\/?event=modele-nom-prenom-80","title":{"rendered":"McCormick, Danny"},"content":{"rendered":"<p>Le Complexe Thanatologique Mallet &#038; fils a le regret de vous annoncer le d\u00e9c\u00e8s de<\/p>\n<p>Danny McCormick<br \/>\n1960 \u2013 2025<\/p>\n<p>\u00c0 Sept-\u00celes, le 2 octobre 2025, est d\u00e9c\u00e9d\u00e9 \u00e0 l\u2019\u00e2ge de 65 ans, monsieur Danny McCormick fils de feu Charles McCormick et de feu Monique Leblanc, domicili\u00e9 \u00e0 Sept-\u00celes.<\/p>\n<p>Selon ses volont\u00e9s, il a \u00e9t\u00e9 confi\u00e9 au cr\u00e9matorium de la Maison Mallet &#038; fils pour cr\u00e9mation.<\/p>\n<p>Les rituels fun\u00e9raires de monsieur Danny McCormick auront lieu \u00e0 une date ult\u00e9rieur en toute intimit\u00e9 au cimeti\u00e8re Catholique de Port-Menier.<\/p>\n<p>Il laisse dans le deuil sa s\u0153ur Mary Lynn, sa ni\u00e8ce Sandie, ses petits-neveux : Mathis et Vincent, ses petites-ni\u00e8ces : Oc\u00e9lie et Florence ainsi que ses oncles, ses tantes, ses cousins, ses cousines et ses ami(e)s.<\/p>\n<p>La famille a confi\u00e9 les arrangements fun\u00e9raires aux services professionnels de la Maison Mallet &#038; fils du 585 boul. Laure \u00e0 Sept-\u00celes, maintenant reconnue Distinction et membre de la Corporation des Thanatologues du Qu\u00e9bec.<\/p>\n<p>Vous pouvez consulter cet avis de d\u00e9c\u00e8s sur le www.maisonmallet.com<\/p>\n<p>Ceux et celles qui le d\u00e9sirent, peuvent y envoyer des messages de sympathie.<\/p>\n<p>[contact-form to=\u00a0\u00bbmmccormick437@yahoo.com\u00a0\u00bb subject=\u00a0\u00bbCondol\u00e9ances Danny McCormick\u00a0\u00bb][contact-field label=\u00a0\u00bbVotre nom\u00a0\u00bb type=\u00a0\u00bbname\u00a0\u00bb required=\u00a0\u00bb1&Prime;][contact-field label=\u00a0\u00bbVotre courriel\u00a0\u00bb type=\u00a0\u00bbemail\u00a0\u00bb required=\u00a0\u00bb1&Prime;][contact-field label=\u00a0\u00bbCondol\u00e9ances\u00a0\u00bb type=\u00a0\u00bbtextarea\u00a0\u00bb][\/contact-form]<\/p>\n","protected":false},"featured_media":68851,"template":"","event_cat":[6],"class_list":["post-68745","event","type-event","status-publish","has-post-thumbnail","hentry","event_cat-maison-mallet-et-fils-inc"],"_links":{"self":[{"href":"https:\/\/nouveau.maisonmallet.com\/back05_01\/index.php?rest_route=\/wp\/v2\/event\/68745","targetHints":{"allow":["GET"]}}],"collection":[{"href":"https:\/\/nouveau.maisonmallet.com\/back05_01\/index.php?rest_route=\/wp\/v2\/event"}],"about":[{"href":"https:\/\/nouveau.maisonmallet.com\/back05_01\/index.php?rest_route=\/wp\/v2\/types\/event"}],"wp:featuredmedia":[{"embeddable":true,"href":"https:\/\/nouveau.maisonmallet.com\/back05_01\/index.php?rest_route=\/wp\/v2\/media\/68851"}],"wp:attachment":[{"href":"https:\/\/nouveau.maisonmallet.com\/back05_01\/index.php?rest_route=%2Fwp%2Fv2%2Fmedia&parent=68745"}],"wp:term":[{"taxonomy":"event_cat","embeddable":true,"href":"https:\/\/nouveau.maisonmallet.com\/back05_01\/index.php?rest_route=%2Fwp%2Fv2%2Fevent_cat&post=68745"}],"curies":[{"name":"wp","href":"https:\/\/api.w.org\/{rel}","templated":true}]}}

<p>Le Complexe Thanatologique Mallet &#038; fils a le regret de vous annoncer le décès de</p>
<p>Danny McCormick<br />
1960 – 2025</p>
<p>À Sept-Îles, le 2 octobre 2025, est décédé à l’âge de 65 ans, monsieur Danny McCormick fils de feu Charles McCormick et de feu Monique Leblanc, domicilié à Sept-Îles.</p>
<p>Selon ses volontés, il a été confié au crématorium de la Maison Mallet &#038; fils pour crémation.</p>
<p>Les rituels funéraires de monsieur Danny McCormick auront lieu à une date ultérieur en toute intimité au cimetière Catholique de Port-Menier.</p>
<p>Il laisse dans le deuil sa sœur Mary Lynn, sa nièce Sandie, ses petits-neveux : Mathis et Vincent, ses petites-nièces : Océlie et Florence ainsi que ses oncles, ses tantes, ses cousins, ses cousines et ses ami(e)s.</p>
<p>La famille a confié les arrangements funéraires aux services professionnels de la Maison Mallet &#038; fils du 585 boul. Laure à Sept-Îles, maintenant reconnue Distinction et membre de la Corporation des Thanatologues du Québec.</p>
<p>Vous pouvez consulter cet avis de décès sur le www.maisonmallet.com</p>
<p>Ceux et celles qui le désirent, peuvent y envoyer des messages de sympathie.</p>
<p>[contact-form to= »mmccormick437@yahoo.com » subject= »Condoléances Danny McCormick »][contact-field label= »Votre nom » type= »name » required= »1&Prime;][contact-field label= »Votre courriel » type= »email » required= »1&Prime;][contact-field label= »Condoléances » type= »textarea »][/contact-form]</p>
