{"id":6886,"date":"2019-11-20T17:16:55","date_gmt":"2019-11-20T22:16:55","guid":{"rendered":"https:\/\/nouveau.maisonmallet.com\/?post_type=event&#038;p=6886"},"modified":"2019-11-22T11:22:11","modified_gmt":"2019-11-22T16:22:11","slug":"arsenault-janine-levesque","status":"publish","type":"event","link":"https:\/\/nouveau.maisonmallet.com\/back05_01\/?event=arsenault-janine-levesque","title":{"rendered":"ARSENAULT, Janine (Levesque)"},"content":{"rendered":"<p>1931 \u2013 2019<\/p>\n<p>ARSENAULT, Janine (Levesque)<\/p>\n<p>&nbsp;<\/p>\n<p>\u00c0 Sept-\u00celes (maison \u00c9lyme des sables), le 20 novembre 2019, est d\u00e9c\u00e9d\u00e9e \u00e0 l\u2019\u00e2ge de 88 ans, madame Janine Arsenault \u00e9pouse de monsieur Herv\u00e9 Levesque et domicili\u00e9e \u00e0 Sept-\u00celes.<\/p>\n<p>Les fun\u00e9railles de madame Janine Arsenault Levesque auront lieu le samedi 30 novembre 2019 \u00e0 14 h en l\u2019\u00e9glise St-Joseph situ\u00e9e au 535, ave. Brochu \u00e0 Sept-\u00celes.<\/p>\n<p>Selon ses volont\u00e9s, elle a \u00e9t\u00e9 confi\u00e9e au cr\u00e9matorium de la Maison Mallet &amp; fils pour cr\u00e9mation.<\/p>\n<p>La famille re\u00e7oit parents et amis le vendredi 29 novembre 2019 de 19 h \u00e0 22 h. Le samedi 30 novembre 2019 jour des fun\u00e9railles \u00e0 compter de 12 h 30 au Complexe Thanatologique Mallet &amp; fils du 585, boul. Laure \u00e0 Sept-\u00celes.<\/p>\n<p>Elle laisse dans le deuil outre son \u00e9poux monsieur Herv\u00e9 Levesque, ses enfants\u00a0: Denis (Martine St-Denis), Chantal (Christian Paradis), et Sonia (Larry Cota), ses petits-enfants\u00a0: Martin (Jade Bouchard), Marie-H\u00e9l\u00e8ne (David Gendron), Julien (Justine Bouchard) et Ariane ainsi que sa s\u0153ur\u00a0 Blanche (Fernand Paradis), sa belle-s\u0153ur Lisette Castonguay (feu Marc Arsenault), ses neveux, ses ni\u00e8ces, ses cousins, ses cousines et de nombreux ami(e)s.<\/p>\n<p>Vos marques de sympathie peuvent se traduire par un don \u00e0 l\u2019\u00c9lyme des sables <a href=\"http:\/\/www.elymedessables.com\/\">www.elymedessables.com<\/a><\/p>\n<p>La famille a confi\u00e9 la direction des fun\u00e9railles aux services professionnels de la Maison Mallet &amp; fils du 585 boul. Laure \u00e0 Sept-\u00celes, maintenant reconnue Distinction et membre de la Corporation des Thanatologues du Qu\u00e9bec.<\/p>\n<p>Vous pouvez consulter cet avis de d\u00e9c\u00e8s sur le <a href=\"https:\/\/nouveau.maisonmallet.com\/back05_01\/\">www.maisonmallet.com<\/a><\/p>\n<p>Ceux et celles qui le d\u00e9sirent, peuvent y envoyer des messages de sympathie.<\/p>\n<p>&nbsp;<\/p>\n<hr \/>\n<p>Envoyer vos condol\u00e9ances<\/p>\n<p>[contact-form to=\u00a0\u00bbsonia.levesque14@gmail.com\u00a0\u00bb subject=\u00a0\u00bbCondol\u00e9ances Janine Arsenault\u00a0\u00bb][contact-field label=\u00a0\u00bbVotre nom\u00a0\u00bb type=\u00a0\u00bbname\u00a0\u00bb required=\u00a0\u00bb1&Prime;][contact-field label=\u00a0\u00bbVotre courriel\u00a0\u00bb type=\u00a0\u00bbemail\u00a0\u00bb required=\u00a0\u00bb1&Prime;][contact-field label=\u00a0\u00bbCondol\u00e9ances\u00a0\u00bb type=\u00a0\u00bbtextarea\u00a0\u00bb][\/contact-form]<\/p>\n","protected":false},"featured_media":6902,"template":"","event_cat":[6],"class_list":["post-6886","event","type-event","status-publish","has-post-thumbnail","hentry","event_cat-maison-mallet-et-fils-inc"],"_links":{"self":[{"href":"https:\/\/nouveau.maisonmallet.com\/back05_01\/index.php?rest_route=\/wp\/v2\/event\/6886","targetHints":{"allow":["GET"]}}],"collection":[{"href":"https:\/\/nouveau.maisonmallet.com\/back05_01\/index.php?rest_route=\/wp\/v2\/event"}],"about":[{"href":"https:\/\/nouveau.maisonmallet.com\/back05_01\/index.php?rest_route=\/wp\/v2\/types\/event"}],"wp:featuredmedia":[{"embeddable":true,"href":"https:\/\/nouveau.maisonmallet.com\/back05_01\/index.php?rest_route=\/wp\/v2\/media\/6902"}],"wp:attachment":[{"href":"https:\/\/nouveau.maisonmallet.com\/back05_01\/index.php?rest_route=%2Fwp%2Fv2%2Fmedia&parent=6886"}],"wp:term":[{"taxonomy":"event_cat","embeddable":true,"href":"https:\/\/nouveau.maisonmallet.com\/back05_01\/index.php?rest_route=%2Fwp%2Fv2%2Fevent_cat&post=6886"}],"curies":[{"name":"wp","href":"https:\/\/api.w.org\/{rel}","templated":true}]}}

<p>1931 – 2019</p>
<p>ARSENAULT, Janine (Levesque)</p>
<p>&nbsp;</p>
<p>À Sept-Îles (maison Élyme des sables), le 20 novembre 2019, est décédée à l’âge de 88 ans, madame Janine Arsenault épouse de monsieur Hervé Levesque et domiciliée à Sept-Îles.</p>
<p>Les funérailles de madame Janine Arsenault Levesque auront lieu le samedi 30 novembre 2019 à 14 h en l’église St-Joseph située au 535, ave. Brochu à Sept-Îles.</p>
<p>Selon ses volontés, elle a été confiée au crématorium de la Maison Mallet &amp; fils pour crémation.</p>
<p>La famille reçoit parents et amis le vendredi 29 novembre 2019 de 19 h à 22 h. Le samedi 30 novembre 2019 jour des funérailles à compter de 12 h 30 au Complexe Thanatologique Mallet &amp; fils du 585, boul. Laure à Sept-Îles.</p>
<p>Elle laisse dans le deuil outre son époux monsieur Hervé Levesque, ses enfants : Denis (Martine St-Denis), Chantal (Christian Paradis), et Sonia (Larry Cota), ses petits-enfants : Martin (Jade Bouchard), Marie-Hélène (David Gendron), Julien (Justine Bouchard) et Ariane ainsi que sa sœur  Blanche (Fernand Paradis), sa belle-sœur Lisette Castonguay (feu Marc Arsenault), ses neveux, ses nièces, ses cousins, ses cousines et de nombreux ami(e)s.</p>
<p>Vos marques de sympathie peuvent se traduire par un don à l’Élyme des sables <a href="http://www.elymedessables.com/">www.elymedessables.com</a></p>
<p>La famille a confié la direction des funérailles aux services professionnels de la Maison Mallet &amp; fils du 585 boul. Laure à Sept-Îles, maintenant reconnue Distinction et membre de la Corporation des Thanatologues du Québec.</p>
<p>Vous pouvez consulter cet avis de décès sur le <a href="https://nouveau.maisonmallet.com/back05_01/">www.maisonmallet.com</a></p>
<p>Ceux et celles qui le désirent, peuvent y envoyer des messages de sympathie.</p>
<p>&nbsp;</p>
<hr />
<p>Envoyer vos condoléances</p>
<p>[contact-form to= »sonia.levesque14@gmail.com » subject= »Condoléances Janine Arsenault »][contact-field label= »Votre nom » type= »name » required= »1&Prime;][contact-field label= »Votre courriel » type= »email » required= »1&Prime;][contact-field label= »Condoléances » type= »textarea »][/contact-form]</p>
