{"id":6887,"date":"2019-11-19T15:44:48","date_gmt":"2019-11-19T20:44:48","guid":{"rendered":"https:\/\/nouveau.maisonmallet.com\/?post_type=event&#038;p=6887"},"modified":"2019-11-25T12:34:48","modified_gmt":"2019-11-25T17:34:48","slug":"thibault-louise","status":"publish","type":"event","link":"https:\/\/nouveau.maisonmallet.com\/back05_01\/?event=thibault-louise","title":{"rendered":"THIBAULT, Louise"},"content":{"rendered":"<p>1962 \u2013 2019<\/p>\n<p>THIBAULT, Louise<\/p>\n<p>&nbsp;<\/p>\n<p>\u00c0 Sept-\u00celes, le 19 novembre 2019, est d\u00e9c\u00e9d\u00e9e \u00e0 l\u2019\u00e2ge de 57 ans, madame Louise Thibault fille de feu Roger Thibault et de madame Laurette Joseph domicili\u00e9e \u00e0 Sept-\u00celes.<\/p>\n<p>&nbsp;<\/p>\n<p>Les fun\u00e9railles de madame Louise Thibault auront lieu le samedi 7 d\u00e9cembre 2019 \u00e0 14 h en l\u2019\u00e9glise St-Joseph situ\u00e9e au 535, ave. Brochu \u00e0 Sept-\u00celes.<\/p>\n<p>&nbsp;<\/p>\n<p>Selon ses volont\u00e9s, elle a \u00e9t\u00e9 confi\u00e9e au cr\u00e9matorium de la Maison Mallet &amp; fils pour cr\u00e9mation.<\/p>\n<p>&nbsp;<\/p>\n<p>La famille re\u00e7oit parents et amis le vendredi 6 d\u00e9cembre 2019 de 19 h \u00e0 22 h. Le samedi 7 d\u00e9cembre 2019 jour des fun\u00e9railles \u00e0 compter de 12 h 30 au Complexe Thanatologique Mallet &amp; fils du 585, boul. Laure \u00e0 Sept-\u00celes.<\/p>\n<p>&nbsp;<\/p>\n<p>Elle laisse dans le deuil son fils Simon (M\u00e9lissa Demers-Boulanger), sa petite-fille Ma\u00e8va, son conjoint Ald\u00e9ric King ainsi que ses s\u0153urs\u00a0: Suzanne (Bertrand Boudreault), H\u00e9l\u00e8ne (Jean-Marie Henry) et Dominique (Daniel Lagac\u00e9), son fr\u00e8re Guy (Denise Loisel), ses neveux, ses ni\u00e8ces, ses cousins, ses cousines et de nombreux ami(e)s.<\/p>\n<p>&nbsp;<\/p>\n<p>Elle \u00e9tait la s\u0153ur de feue Danielle Thibault.<\/p>\n<p>&nbsp;<\/p>\n<p>Vos marques de sympathie peuvent se traduire par un don \u00e0 la soci\u00e9t\u00e9 Canadienne de la scl\u00e9rose en plaques <a href=\"http:\/\/www.scleroseenplaque.ca\/\">www.scleroseenplaque.ca<\/a><\/p>\n<p>&nbsp;<\/p>\n<p>La famille a confi\u00e9 la direction des fun\u00e9railles aux services professionnels de la Maison Mallet &amp; fils du 585 boul. Laure \u00e0 Sept-\u00celes, maintenant reconnue Distinction et membre de la Corporation des Thanatologues du Qu\u00e9bec.<\/p>\n<p>&nbsp;<\/p>\n<p>Vous pouvez consulter cet avis de d\u00e9c\u00e8s sur le <a href=\"https:\/\/nouveau.maisonmallet.com\/back05_01\/\">www.maisonmallet.com<\/a><\/p>\n<p>&nbsp;<\/p>\n<p>Ceux et celles qui le d\u00e9sirent, peuvent y envoyer des messages de sympathie.<\/p>\n<p>&nbsp;<\/p>\n<p>&nbsp;<\/p>\n<hr \/>\n<p>Envoyer vos condol\u00e9ances<\/p>\n<p>[contact-form to=\u00a0\u00bbpelchat.s@hotmail.com\u00a0\u00bb subject=\u00a0\u00bbCondol\u00e9ances Louise Thibault\u00a0\u00bb][contact-field label=\u00a0\u00bbVotre nom\u00a0\u00bb type=\u00a0\u00bbname\u00a0\u00bb required=\u00a0\u00bb1&Prime;][contact-field label=\u00a0\u00bbVotre courriel\u00a0\u00bb type=\u00a0\u00bbemail\u00a0\u00bb required=\u00a0\u00bb1&Prime;][contact-field label=\u00a0\u00bbCondol\u00e9ances\u00a0\u00bb type=\u00a0\u00bbtextarea\u00a0\u00bb][\/contact-form]<\/p>\n","protected":false},"featured_media":6958,"template":"","event_cat":[6],"class_list":["post-6887","event","type-event","status-publish","has-post-thumbnail","hentry","event_cat-maison-mallet-et-fils-inc"],"_links":{"self":[{"href":"https:\/\/nouveau.maisonmallet.com\/back05_01\/index.php?rest_route=\/wp\/v2\/event\/6887","targetHints":{"allow":["GET"]}}],"collection":[{"href":"https:\/\/nouveau.maisonmallet.com\/back05_01\/index.php?rest_route=\/wp\/v2\/event"}],"about":[{"href":"https:\/\/nouveau.maisonmallet.com\/back05_01\/index.php?rest_route=\/wp\/v2\/types\/event"}],"wp:featuredmedia":[{"embeddable":true,"href":"https:\/\/nouveau.maisonmallet.com\/back05_01\/index.php?rest_route=\/wp\/v2\/media\/6958"}],"wp:attachment":[{"href":"https:\/\/nouveau.maisonmallet.com\/back05_01\/index.php?rest_route=%2Fwp%2Fv2%2Fmedia&parent=6887"}],"wp:term":[{"taxonomy":"event_cat","embeddable":true,"href":"https:\/\/nouveau.maisonmallet.com\/back05_01\/index.php?rest_route=%2Fwp%2Fv2%2Fevent_cat&post=6887"}],"curies":[{"name":"wp","href":"https:\/\/api.w.org\/{rel}","templated":true}]}}

<p>1962 – 2019</p>
<p>THIBAULT, Louise</p>
<p>&nbsp;</p>
<p>À Sept-Îles, le 19 novembre 2019, est décédée à l’âge de 57 ans, madame Louise Thibault fille de feu Roger Thibault et de madame Laurette Joseph domiciliée à Sept-Îles.</p>
<p>&nbsp;</p>
<p>Les funérailles de madame Louise Thibault auront lieu le samedi 7 décembre 2019 à 14 h en l’église St-Joseph située au 535, ave. Brochu à Sept-Îles.</p>
<p>&nbsp;</p>
<p>Selon ses volontés, elle a été confiée au crématorium de la Maison Mallet &amp; fils pour crémation.</p>
<p>&nbsp;</p>
<p>La famille reçoit parents et amis le vendredi 6 décembre 2019 de 19 h à 22 h. Le samedi 7 décembre 2019 jour des funérailles à compter de 12 h 30 au Complexe Thanatologique Mallet &amp; fils du 585, boul. Laure à Sept-Îles.</p>
<p>&nbsp;</p>
<p>Elle laisse dans le deuil son fils Simon (Mélissa Demers-Boulanger), sa petite-fille Maèva, son conjoint Aldéric King ainsi que ses sœurs : Suzanne (Bertrand Boudreault), Hélène (Jean-Marie Henry) et Dominique (Daniel Lagacé), son frère Guy (Denise Loisel), ses neveux, ses nièces, ses cousins, ses cousines et de nombreux ami(e)s.</p>
<p>&nbsp;</p>
<p>Elle était la sœur de feue Danielle Thibault.</p>
<p>&nbsp;</p>
<p>Vos marques de sympathie peuvent se traduire par un don à la société Canadienne de la sclérose en plaques <a href="http://www.scleroseenplaque.ca/">www.scleroseenplaque.ca</a></p>
<p>&nbsp;</p>
<p>La famille a confié la direction des funérailles aux services professionnels de la Maison Mallet &amp; fils du 585 boul. Laure à Sept-Îles, maintenant reconnue Distinction et membre de la Corporation des Thanatologues du Québec.</p>
<p>&nbsp;</p>
<p>Vous pouvez consulter cet avis de décès sur le <a href="https://nouveau.maisonmallet.com/back05_01/">www.maisonmallet.com</a></p>
<p>&nbsp;</p>
<p>Ceux et celles qui le désirent, peuvent y envoyer des messages de sympathie.</p>
<p>&nbsp;</p>
<p>&nbsp;</p>
<hr />
<p>Envoyer vos condoléances</p>
<p>[contact-form to= »pelchat.s@hotmail.com » subject= »Condoléances Louise Thibault »][contact-field label= »Votre nom » type= »name » required= »1&Prime;][contact-field label= »Votre courriel » type= »email » required= »1&Prime;][contact-field label= »Condoléances » type= »textarea »][/contact-form]</p>
