{"id":68884,"date":"2025-10-21T15:52:59","date_gmt":"2025-10-21T19:52:59","guid":{"rendered":"https:\/\/nouveau.maisonmallet.com\/?post_type=event&#038;p=68884"},"modified":"2026-01-31T16:23:12","modified_gmt":"2026-01-31T21:23:12","slug":"gallienne-rose-emma","status":"publish","type":"event","link":"https:\/\/nouveau.maisonmallet.com\/back05_01\/?event=gallienne-rose-emma","title":{"rendered":"GALLIENNE, Rose-Emma"},"content":{"rendered":"<p>Le Complexe Thanatologique Mallet &#038; fils a le regret de vous annoncer le d\u00e9c\u00e8s de<\/p>\n<p>Rose-Emma Gallienne<br \/>\n1933 \u2013 2025<\/p>\n<p>\u00c0 Sept-\u00celes (r\u00e9sidence Gustave Gauvreau), le 21 octobre 2025, est d\u00e9c\u00e9d\u00e9e \u00e0 l\u2019\u00e2ge de 92 ans, madame Rose-Emma Gallienne \u00e9pouse de feu Jean-Paul Otis et domicili\u00e9e \u00e0 Sept-\u00celes.<\/p>\n<p>Les fun\u00e9railles de madame Rose-Emma Gallienne auront lieu le samedi 8 novembre 2025 \u00e0 11 h en l\u2019\u00e9glise St-C\u0153ur de Marie situ\u00e9e au 175, rue de l\u2019\u00e9glise \u00e0 Clarke-City et de l\u00e0 au cimeti\u00e8re de Clarke-City. <\/p>\n<p>Selon ses volont\u00e9s, elle a \u00e9t\u00e9 confi\u00e9e au cr\u00e9matorium de la Maison Mallet &#038; fils pour cr\u00e9mation.<\/p>\n<p>\u00c0 Sept-\u00celes<br \/>\nLa famille re\u00e7oit parents et amis le vendredi 7 novembre 2025 de 19 h \u00e0 22 h au Complexe Thanatologique Mallet &#038; fils du 585, Boul. Laure \u00e0 Sept-\u00celes. <\/p>\n<p>\u00c0 Clarke-City<br \/>\nLa famille re\u00e7oit parents et amis le samedi 8 novembre 2025 jours de fun\u00e9railles de 10 h \u00e0 11 h \u00e0 l\u2019\u00e9glise St-C\u0153ur de Marie situ\u00e9e au 175, rue de l\u2019\u00e9glise \u00e0 Clarke-City. <\/p>\n<p>Elle laisse dans le deuil ses enfants : Michel, Lyne, Pierre, Guylaine, Camil (Dorinne), Dominique (Odette), Nathalie et Daniel, ses treize petits-enfants, ses quatorze arri\u00e8re-petits-enfants, son arri\u00e8re-arri\u00e8re-petite-fille ainsi que ses beaux-fr\u00e8res, ses belles-s\u0153urs, ses neveux, ses ni\u00e8ces et ses ami(e)s.<\/p>\n<p>Elle \u00e9tait la m\u00e8re de feu Diane (Pierre) et la grand-m\u00e8re de feu Mika\u00ebl.<\/p>\n<p>Vos marques de sympathie peuvent se traduire par un don \u00e0 l\u2019\u00c9lyme des sables www.elymedessables.com<\/p>\n<p>La famille a confi\u00e9 la direction des fun\u00e9railles aux services professionnels de la Maison Mallet &#038; fils du 585 Boul. Laure \u00e0 Sept-\u00celes, maintenant reconnue Distinction et membre de la Corporation des Thanatologues du Qu\u00e9bec.<\/p>\n<p>Vous pouvez consulter cet avis de d\u00e9c\u00e8s sur le : www.maisonmallet.com  <\/p>\n<p>Ceux et celles qui le d\u00e9sirent, peuvent y envoyer des messages de sympathie.<\/p>\n<p>[contact-form to=\u00a0\u00bbdominiqueotis63@gmail.com\u00a0\u00bb subject=\u00a0\u00bbCondol\u00e9ances Rose-Emma Gallienne\u00a0\u00bb][contact-field label=\u00a0\u00bbVotre nom\u00a0\u00bb type=\u00a0\u00bbname\u00a0\u00bb required=\u00a0\u00bb1&Prime;][contact-field label=\u00a0\u00bbVotre courriel\u00a0\u00bb type=\u00a0\u00bbemail\u00a0\u00bb required=\u00a0\u00bb1&Prime;][contact-field label=\u00a0\u00bbCondol\u00e9ances\u00a0\u00bb type=\u00a0\u00bbtextarea\u00a0\u00bb][\/contact-form]<\/p>\n","protected":false},"featured_media":68895,"template":"","event_cat":[6],"class_list":["post-68884","event","type-event","status-publish","has-post-thumbnail","hentry","event_cat-maison-mallet-et-fils-inc"],"_links":{"self":[{"href":"https:\/\/nouveau.maisonmallet.com\/back05_01\/index.php?rest_route=\/wp\/v2\/event\/68884","targetHints":{"allow":["GET"]}}],"collection":[{"href":"https:\/\/nouveau.maisonmallet.com\/back05_01\/index.php?rest_route=\/wp\/v2\/event"}],"about":[{"href":"https:\/\/nouveau.maisonmallet.com\/back05_01\/index.php?rest_route=\/wp\/v2\/types\/event"}],"wp:featuredmedia":[{"embeddable":true,"href":"https:\/\/nouveau.maisonmallet.com\/back05_01\/index.php?rest_route=\/wp\/v2\/media\/68895"}],"wp:attachment":[{"href":"https:\/\/nouveau.maisonmallet.com\/back05_01\/index.php?rest_route=%2Fwp%2Fv2%2Fmedia&parent=68884"}],"wp:term":[{"taxonomy":"event_cat","embeddable":true,"href":"https:\/\/nouveau.maisonmallet.com\/back05_01\/index.php?rest_route=%2Fwp%2Fv2%2Fevent_cat&post=68884"}],"curies":[{"name":"wp","href":"https:\/\/api.w.org\/{rel}","templated":true}]}}

<p>Le Complexe Thanatologique Mallet &#038; fils a le regret de vous annoncer le décès de</p>
<p>Rose-Emma Gallienne<br />
1933 – 2025</p>
<p>À Sept-Îles (résidence Gustave Gauvreau), le 21 octobre 2025, est décédée à l’âge de 92 ans, madame Rose-Emma Gallienne épouse de feu Jean-Paul Otis et domiciliée à Sept-Îles.</p>
<p>Les funérailles de madame Rose-Emma Gallienne auront lieu le samedi 8 novembre 2025 à 11 h en l’église St-Cœur de Marie située au 175, rue de l’église à Clarke-City et de là au cimetière de Clarke-City. </p>
<p>Selon ses volontés, elle a été confiée au crématorium de la Maison Mallet &#038; fils pour crémation.</p>
<p>À Sept-Îles<br />
La famille reçoit parents et amis le vendredi 7 novembre 2025 de 19 h à 22 h au Complexe Thanatologique Mallet &#038; fils du 585, Boul. Laure à Sept-Îles. </p>
<p>À Clarke-City<br />
La famille reçoit parents et amis le samedi 8 novembre 2025 jours de funérailles de 10 h à 11 h à l’église St-Cœur de Marie située au 175, rue de l’église à Clarke-City. </p>
<p>Elle laisse dans le deuil ses enfants : Michel, Lyne, Pierre, Guylaine, Camil (Dorinne), Dominique (Odette), Nathalie et Daniel, ses treize petits-enfants, ses quatorze arrière-petits-enfants, son arrière-arrière-petite-fille ainsi que ses beaux-frères, ses belles-sœurs, ses neveux, ses nièces et ses ami(e)s.</p>
<p>Elle était la mère de feu Diane (Pierre) et la grand-mère de feu Mikaël.</p>
<p>Vos marques de sympathie peuvent se traduire par un don à l’Élyme des sables www.elymedessables.com</p>
<p>La famille a confié la direction des funérailles aux services professionnels de la Maison Mallet &#038; fils du 585 Boul. Laure à Sept-Îles, maintenant reconnue Distinction et membre de la Corporation des Thanatologues du Québec.</p>
<p>Vous pouvez consulter cet avis de décès sur le : www.maisonmallet.com  </p>
<p>Ceux et celles qui le désirent, peuvent y envoyer des messages de sympathie.</p>
<p>[contact-form to= »dominiqueotis63@gmail.com » subject= »Condoléances Rose-Emma Gallienne »][contact-field label= »Votre nom » type= »name » required= »1&Prime;][contact-field label= »Votre courriel » type= »email » required= »1&Prime;][contact-field label= »Condoléances » type= »textarea »][/contact-form]</p>
