{"id":68987,"date":"2025-10-26T17:12:21","date_gmt":"2025-10-26T21:12:21","guid":{"rendered":"https:\/\/nouveau.maisonmallet.com\/?post_type=event&#038;p=68987"},"modified":"2026-01-31T16:20:38","modified_gmt":"2026-01-31T21:20:38","slug":"blais-raymonde","status":"publish","type":"event","link":"https:\/\/nouveau.maisonmallet.com\/back05_01\/?event=blais-raymonde","title":{"rendered":"BLAIS, Raymonde"},"content":{"rendered":"<p>La Maison L.J.G. Mallet a le regret de vous annoncer le d\u00e9c\u00e8s de<\/p>\n<p>Raymonde Blais<br \/>\n1941 \u2013 2025<\/p>\n<p>\u00c0 Havre Saint-Pierre, le 26 octobre 2025, est d\u00e9c\u00e9d\u00e9e \u00e0 l\u2019\u00e2ge de 84 ans, madame Raymonde Blais \u00e9pouse de monsieur Gilles Th\u00e9riault et domicili\u00e9e \u00e0 Havre Saint-Pierre. <\/p>\n<p>Les fun\u00e9railles de madame Raymonde Blais auront lieu le jeudi 30 octobre 2025 \u00e0 14 h en l\u2019\u00e9glise St-Pierre situ\u00e9e au 742, rue Bor\u00e9ale \u00e0 Havre Saint-Pierre et de l\u00e0 au cimeti\u00e8re de Havre Saint-Pierre.<\/p>\n<p>Selon ses volont\u00e9s, elle a \u00e9t\u00e9 confi\u00e9e au cr\u00e9matorium de la maison L.J.G. Mallet pour cr\u00e9mation.<\/p>\n<p>La famille re\u00e7oit parents et amis le jeudi 30 octobre 2025 de 13 h \u00e0 14 h \u00e0 l\u2019\u00e9glise St-Pierre situ\u00e9e au 742, rue Bor\u00e9ale \u00e0 Havre Saint-Pierre.  <\/p>\n<p>Elle laisse dans le deuil outre son \u00e9poux monsieur Gilles Th\u00e9riault, sa fille Line, son fils Tony, ses petites-filles : Val\u00e9rie et Karelle, ses petits-fils : Pier-Luc (Coralie Blondin) et Jeffrey (Julianne Laflamme) ainsi que ses s\u0153urs : Ginette (Jean-Paul), Rose-Annette et Nicole (\u00c9tienne Gallant), ses beaux-fr\u00e8res, ses belles-s\u0153urs, ses neveux, ses ni\u00e8ces, ses cousins, ses cousines et de nombreux ami(e)s.<\/p>\n<p>Un merci tout sp\u00e9cial pour l&rsquo;\u00e9quipe qui s&rsquo;est occup\u00e9e de Raymonde, le docteur Morin, les perles Cynthia, Justine et ma cousine Louise merci pour l&rsquo;aide et le soutien \u00e7a n&rsquo;a pas de prix merci.<\/p>\n<p>Vos marques de sympathie peuvent se traduire par un don au Centre de Sant\u00e9 de la Minganie. <\/p>\n<p>La famille a confi\u00e9 la direction des fun\u00e9railles aux services professionnels de la Maison L.J.G. Mallet du 1429, rue du Canot \u00e0 Havre-St-Pierre, membre de la Corporation des thanatologues du Qu\u00e9bec.<\/p>\n<p>Vous pouvez consulter cet avis de d\u00e9c\u00e8s, sur le site www.maisonmallet.com <\/p>\n<p>Ceux et celles qui le d\u00e9sirent, peuvent y envoyer des messages de sympathie.<\/p>\n<p>[contact-form to=\u00a0\u00bblinet1966@hotmail.com\u00a0\u00bb subject=\u00a0\u00bbCondol\u00e9ances Raymonde Blais\u00a0\u00bb][contact-field label=\u00a0\u00bbVotre nom\u00a0\u00bb type=\u00a0\u00bbname\u00a0\u00bb required=\u00a0\u00bb1&Prime;][contact-field label=\u00a0\u00bbVotre courriel\u00a0\u00bb type=\u00a0\u00bbemail\u00a0\u00bb required=\u00a0\u00bb1&Prime;][contact-field label=\u00a0\u00bbCondol\u00e9ances\u00a0\u00bb type=\u00a0\u00bbtextarea\u00a0\u00bb][\/contact-form]<\/p>\n","protected":false},"featured_media":68989,"template":"","event_cat":[7],"class_list":["post-68987","event","type-event","status-publish","has-post-thumbnail","hentry","event_cat-maison-l-j-g-mallet-inc"],"_links":{"self":[{"href":"https:\/\/nouveau.maisonmallet.com\/back05_01\/index.php?rest_route=\/wp\/v2\/event\/68987","targetHints":{"allow":["GET"]}}],"collection":[{"href":"https:\/\/nouveau.maisonmallet.com\/back05_01\/index.php?rest_route=\/wp\/v2\/event"}],"about":[{"href":"https:\/\/nouveau.maisonmallet.com\/back05_01\/index.php?rest_route=\/wp\/v2\/types\/event"}],"wp:featuredmedia":[{"embeddable":true,"href":"https:\/\/nouveau.maisonmallet.com\/back05_01\/index.php?rest_route=\/wp\/v2\/media\/68989"}],"wp:attachment":[{"href":"https:\/\/nouveau.maisonmallet.com\/back05_01\/index.php?rest_route=%2Fwp%2Fv2%2Fmedia&parent=68987"}],"wp:term":[{"taxonomy":"event_cat","embeddable":true,"href":"https:\/\/nouveau.maisonmallet.com\/back05_01\/index.php?rest_route=%2Fwp%2Fv2%2Fevent_cat&post=68987"}],"curies":[{"name":"wp","href":"https:\/\/api.w.org\/{rel}","templated":true}]}}

<p>La Maison L.J.G. Mallet a le regret de vous annoncer le décès de</p>
<p>Raymonde Blais<br />
1941 – 2025</p>
<p>À Havre Saint-Pierre, le 26 octobre 2025, est décédée à l’âge de 84 ans, madame Raymonde Blais épouse de monsieur Gilles Thériault et domiciliée à Havre Saint-Pierre. </p>
<p>Les funérailles de madame Raymonde Blais auront lieu le jeudi 30 octobre 2025 à 14 h en l’église St-Pierre située au 742, rue Boréale à Havre Saint-Pierre et de là au cimetière de Havre Saint-Pierre.</p>
<p>Selon ses volontés, elle a été confiée au crématorium de la maison L.J.G. Mallet pour crémation.</p>
<p>La famille reçoit parents et amis le jeudi 30 octobre 2025 de 13 h à 14 h à l’église St-Pierre située au 742, rue Boréale à Havre Saint-Pierre.  </p>
<p>Elle laisse dans le deuil outre son époux monsieur Gilles Thériault, sa fille Line, son fils Tony, ses petites-filles : Valérie et Karelle, ses petits-fils : Pier-Luc (Coralie Blondin) et Jeffrey (Julianne Laflamme) ainsi que ses sœurs : Ginette (Jean-Paul), Rose-Annette et Nicole (Étienne Gallant), ses beaux-frères, ses belles-sœurs, ses neveux, ses nièces, ses cousins, ses cousines et de nombreux ami(e)s.</p>
<p>Un merci tout spécial pour l&rsquo;équipe qui s&rsquo;est occupée de Raymonde, le docteur Morin, les perles Cynthia, Justine et ma cousine Louise merci pour l&rsquo;aide et le soutien ça n&rsquo;a pas de prix merci.</p>
<p>Vos marques de sympathie peuvent se traduire par un don au Centre de Santé de la Minganie. </p>
<p>La famille a confié la direction des funérailles aux services professionnels de la Maison L.J.G. Mallet du 1429, rue du Canot à Havre-St-Pierre, membre de la Corporation des thanatologues du Québec.</p>
<p>Vous pouvez consulter cet avis de décès, sur le site www.maisonmallet.com </p>
<p>Ceux et celles qui le désirent, peuvent y envoyer des messages de sympathie.</p>
<p>[contact-form to= »linet1966@hotmail.com » subject= »Condoléances Raymonde Blais »][contact-field label= »Votre nom » type= »name » required= »1&Prime;][contact-field label= »Votre courriel » type= »email » required= »1&Prime;][contact-field label= »Condoléances » type= »textarea »][/contact-form]</p>
