{"id":68988,"date":"2025-10-28T09:03:10","date_gmt":"2025-10-28T13:03:10","guid":{"rendered":"https:\/\/nouveau.maisonmallet.com\/?post_type=event&#038;p=68988"},"modified":"2025-10-29T09:09:32","modified_gmt":"2025-10-29T13:09:32","slug":"dumoulin-michele","status":"publish","type":"event","link":"https:\/\/nouveau.maisonmallet.com\/back05_01\/?event=dumoulin-michele","title":{"rendered":"DUMOULIN, Mich\u00e8le"},"content":{"rendered":"<p>Le Complexe Thanatologique Mallet &#038; fils a le regret de vous annoncer le d\u00e9c\u00e8s de<\/p>\n<p>Mich\u00e8le Dumoulin<br \/>\n1960 &#8211; 2025<\/p>\n<p>\u00c0 Sept-\u00celes (maison l\u2019\u00c9lyme des sables), le 24 octobre 2025, est d\u00e9c\u00e9d\u00e9e \u00e0 l\u2019\u00e2ge de 65 ans, madame Mich\u00e8le Dumoulin \u00e9pouse de madame Chantal Roy et domicili\u00e9e \u00e0 Sept-\u00celes.<\/p>\n<p>Selon ses volont\u00e9s, elle a \u00e9t\u00e9 confi\u00e9e au cr\u00e9matorium de la Maison Mallet &#038; fils pour cr\u00e9mation.<\/p>\n<p>Elle laisse dans le deuil outre son \u00e9pouse madame Chantal Roy, ses s\u0153urs : Line (Dany Gagnon) et France (Patrice Lacombe), son filleul Yan Gagnon sa fille Sofia, ses ni\u00e8ces : Jinny Gagnon (Olivier Martel) leurs enfants : Jacob et Alexis, Caroline Lavoie (Brian Tremblay) leurs enfants : Rapha\u00eblle et Liam, son neveu Jean-Fran\u00e7ois Lavoie (Sabrina B\u00e9langer) leurs enfants : Jasmine et L\u00e9o, ses compagnons f\u00e9lins : Charlie et Snoopy, sa tante Lucette Anctil ainsi que ses cousins, ses cousines, et de nombreux ami(e)s.<\/p>\n<p>Elle \u00e9tait la s\u0153ur de feu Nelson Dumoulin.<\/p>\n<p>La famille d\u00e9sire remercier personnellement l&rsquo;\u00e9quipe d&rsquo;oncologie du CISSS de la C\u00f4te-Nord de m\u00eame que la maison de soin palliatif L&rsquo;\u00c9lyme des sables pour leur pr\u00e9sence chaleureuse, leur bienveillance et leur support.<\/p>\n<p>Vos marques de sympathie peuvent se traduire par un don \u00e0 l\u2019\u00c9lyme des sables www.elymedessables.com<\/p>\n<p>La famille a confi\u00e9 les arrangements aux services professionnels de la Maison Mallet &#038; fils du 585 Boul. Laure \u00e0 Sept-\u00celes, maintenant reconnue Distinction et membre de la Corporation des Thanatologues du Qu\u00e9bec.<\/p>\n<p>Vous pouvez consulter cet avis de d\u00e9c\u00e8s sur le www.maisonmallet.com<\/p>\n<p>Ceux et celles qui le d\u00e9sirent, peuvent y envoyer des messages de sympathies.<\/p>\n<p>[contact-form to=\u00a0\u00bbchantal.roy@cgocable.ca\u00a0\u00bb subject=\u00a0\u00bbCondol\u00e9ances Mich\u00e8le Dumoulin\u00a0\u00bb][contact-field label=\u00a0\u00bbVotre nom\u00a0\u00bb type=\u00a0\u00bbname\u00a0\u00bb required=\u00a0\u00bb1&Prime;][contact-field label=\u00a0\u00bbVotre courriel\u00a0\u00bb type=\u00a0\u00bbemail\u00a0\u00bb required=\u00a0\u00bb1&Prime;][contact-field label=\u00a0\u00bbCondol\u00e9ances\u00a0\u00bb type=\u00a0\u00bbtextarea\u00a0\u00bb][\/contact-form]<\/p>\n","protected":false},"featured_media":69021,"template":"","event_cat":[6],"class_list":["post-68988","event","type-event","status-publish","has-post-thumbnail","hentry","event_cat-maison-mallet-et-fils-inc"],"_links":{"self":[{"href":"https:\/\/nouveau.maisonmallet.com\/back05_01\/index.php?rest_route=\/wp\/v2\/event\/68988","targetHints":{"allow":["GET"]}}],"collection":[{"href":"https:\/\/nouveau.maisonmallet.com\/back05_01\/index.php?rest_route=\/wp\/v2\/event"}],"about":[{"href":"https:\/\/nouveau.maisonmallet.com\/back05_01\/index.php?rest_route=\/wp\/v2\/types\/event"}],"wp:featuredmedia":[{"embeddable":true,"href":"https:\/\/nouveau.maisonmallet.com\/back05_01\/index.php?rest_route=\/wp\/v2\/media\/69021"}],"wp:attachment":[{"href":"https:\/\/nouveau.maisonmallet.com\/back05_01\/index.php?rest_route=%2Fwp%2Fv2%2Fmedia&parent=68988"}],"wp:term":[{"taxonomy":"event_cat","embeddable":true,"href":"https:\/\/nouveau.maisonmallet.com\/back05_01\/index.php?rest_route=%2Fwp%2Fv2%2Fevent_cat&post=68988"}],"curies":[{"name":"wp","href":"https:\/\/api.w.org\/{rel}","templated":true}]}}

DUMOULIN, Michèle

<p>Le Complexe Thanatologique Mallet &#038; fils a le regret de vous annoncer le décès de</p>
<p>Michèle Dumoulin<br />
1960 &#8211; 2025</p>
<p>À Sept-Îles (maison l’Élyme des sables), le 24 octobre 2025, est décédée à l’âge de 65 ans, madame Michèle Dumoulin épouse de madame Chantal Roy et domiciliée à Sept-Îles.</p>
<p>Selon ses volontés, elle a été confiée au crématorium de la Maison Mallet &#038; fils pour crémation.</p>
<p>Elle laisse dans le deuil outre son épouse madame Chantal Roy, ses sœurs : Line (Dany Gagnon) et France (Patrice Lacombe), son filleul Yan Gagnon sa fille Sofia, ses nièces : Jinny Gagnon (Olivier Martel) leurs enfants : Jacob et Alexis, Caroline Lavoie (Brian Tremblay) leurs enfants : Raphaëlle et Liam, son neveu Jean-François Lavoie (Sabrina Bélanger) leurs enfants : Jasmine et Léo, ses compagnons félins : Charlie et Snoopy, sa tante Lucette Anctil ainsi que ses cousins, ses cousines, et de nombreux ami(e)s.</p>
<p>Elle était la sœur de feu Nelson Dumoulin.</p>
<p>La famille désire remercier personnellement l&rsquo;équipe d&rsquo;oncologie du CISSS de la Côte-Nord de même que la maison de soin palliatif L&rsquo;Élyme des sables pour leur présence chaleureuse, leur bienveillance et leur support.</p>
<p>Vos marques de sympathie peuvent se traduire par un don à l’Élyme des sables www.elymedessables.com</p>
<p>La famille a confié les arrangements aux services professionnels de la Maison Mallet &#038; fils du 585 Boul. Laure à Sept-Îles, maintenant reconnue Distinction et membre de la Corporation des Thanatologues du Québec.</p>
<p>Vous pouvez consulter cet avis de décès sur le www.maisonmallet.com</p>
<p>Ceux et celles qui le désirent, peuvent y envoyer des messages de sympathies.</p>
<p>[contact-form to= »chantal.roy@cgocable.ca » subject= »Condoléances Michèle Dumoulin »][contact-field label= »Votre nom » type= »name » required= »1&Prime;][contact-field label= »Votre courriel » type= »email » required= »1&Prime;][contact-field label= »Condoléances » type= »textarea »][/contact-form]</p>
