{"id":69019,"date":"2025-10-13T09:10:15","date_gmt":"2025-10-13T13:10:15","guid":{"rendered":"https:\/\/nouveau.maisonmallet.com\/?post_type=event&#038;p=69019"},"modified":"2026-01-31T16:19:14","modified_gmt":"2026-01-31T21:19:14","slug":"lejeune-alain","status":"publish","type":"event","link":"https:\/\/nouveau.maisonmallet.com\/back05_01\/?event=lejeune-alain","title":{"rendered":"LEJEUNE, Alain"},"content":{"rendered":"<p>Le Complexe Thanatologique Mallet &#038; fils a le regret de vous annoncer le d\u00e9c\u00e8s de<\/p>\n<p>Alain Lejeune<br \/>\n1968 \u2013 2025<\/p>\n<p>\u00c0 Montr\u00e9al, le 12 octobre 2025, est d\u00e9c\u00e9d\u00e9e \u00e0 l\u2019\u00e2ge de 57 ans, monsieur Alain Lejeune \u00e9poux de madame Martine Boyer et domicili\u00e9 \u00e0 Montr\u00e9al.<\/p>\n<p>Selon ses volont\u00e9s, il a \u00e9t\u00e9 confi\u00e9 au cr\u00e9matorium de la Maison Mallet &#038; fils pour cr\u00e9mation.<\/p>\n<p>Les rituels fun\u00e9raires de monsieur Alain Lejeune auront lieu le samedi 1er novembre 2025 \u00e0 14 h au Cimeti\u00e8re Catholique de Sept-\u00celes.  <\/p>\n<p>Il laisse dans le deuil outre son \u00e9pouse madame Martine Boyer, ses enfants : Aubrey et Raphael, ses beaux-enfants : David, Nadine, Chlo\u00e9 et Ly-Ann, ses petit-enfants : Lexie, Ezequiel, William, Dalia, Jackson et L\u00e9onie ainsi que ses s\u0153urs : Francine, Louise (Ronald Gauthier) et Guylaine, son fr\u00e8re Mario (Evelyn Knowles), ses beaux-fr\u00e8res, ses belles-s\u0153urs, ses neveux, ses ni\u00e8ces, ses tantes, ses cousins, ses cousines et de nombreux ami(e)s.<\/p>\n<p>Il \u00e9tait le fr\u00e8re de feu Marcel Lejeune.<\/p>\n<p>La famille a confi\u00e9 les arrangements fun\u00e9raires aux services professionnels de la Maison Mallet &#038; fils du 585 boul. Laure \u00e0 Sept-\u00celes, maintenant reconnue Distinction et membre de la Corporation des Thanatologues du Qu\u00e9bec.<\/p>\n<p>Vous pouvez consulter cet avis de d\u00e9c\u00e8s sur le www.maisonmallet.com<\/p>\n<p>Ceux et celles qui le d\u00e9sirent, peuvent y envoyer des messages de sympathie.<\/p>\n<p>[contact-form to=\u00a0\u00bbguylainebleu_lejeune@hotmail.com\u00a0\u00bb subject=\u00a0\u00bbCondol\u00e9ances Alain Lejeune\u00a0\u00bb][contact-field label=\u00a0\u00bbVotre nom\u00a0\u00bb type=\u00a0\u00bbname\u00a0\u00bb required=\u00a0\u00bb1&Prime;][contact-field label=\u00a0\u00bbVotre courriel\u00a0\u00bb type=\u00a0\u00bbemail\u00a0\u00bb required=\u00a0\u00bb1&Prime;][contact-field label=\u00a0\u00bbCondol\u00e9ances\u00a0\u00bb type=\u00a0\u00bbtextarea\u00a0\u00bb][\/contact-form]<\/p>\n","protected":false},"featured_media":69063,"template":"","event_cat":[6],"class_list":["post-69019","event","type-event","status-publish","has-post-thumbnail","hentry","event_cat-maison-mallet-et-fils-inc"],"_links":{"self":[{"href":"https:\/\/nouveau.maisonmallet.com\/back05_01\/index.php?rest_route=\/wp\/v2\/event\/69019","targetHints":{"allow":["GET"]}}],"collection":[{"href":"https:\/\/nouveau.maisonmallet.com\/back05_01\/index.php?rest_route=\/wp\/v2\/event"}],"about":[{"href":"https:\/\/nouveau.maisonmallet.com\/back05_01\/index.php?rest_route=\/wp\/v2\/types\/event"}],"wp:featuredmedia":[{"embeddable":true,"href":"https:\/\/nouveau.maisonmallet.com\/back05_01\/index.php?rest_route=\/wp\/v2\/media\/69063"}],"wp:attachment":[{"href":"https:\/\/nouveau.maisonmallet.com\/back05_01\/index.php?rest_route=%2Fwp%2Fv2%2Fmedia&parent=69019"}],"wp:term":[{"taxonomy":"event_cat","embeddable":true,"href":"https:\/\/nouveau.maisonmallet.com\/back05_01\/index.php?rest_route=%2Fwp%2Fv2%2Fevent_cat&post=69019"}],"curies":[{"name":"wp","href":"https:\/\/api.w.org\/{rel}","templated":true}]}}

<p>Le Complexe Thanatologique Mallet &#038; fils a le regret de vous annoncer le décès de</p>
<p>Alain Lejeune<br />
1968 – 2025</p>
<p>À Montréal, le 12 octobre 2025, est décédée à l’âge de 57 ans, monsieur Alain Lejeune époux de madame Martine Boyer et domicilié à Montréal.</p>
<p>Selon ses volontés, il a été confié au crématorium de la Maison Mallet &#038; fils pour crémation.</p>
<p>Les rituels funéraires de monsieur Alain Lejeune auront lieu le samedi 1er novembre 2025 à 14 h au Cimetière Catholique de Sept-Îles.  </p>
<p>Il laisse dans le deuil outre son épouse madame Martine Boyer, ses enfants : Aubrey et Raphael, ses beaux-enfants : David, Nadine, Chloé et Ly-Ann, ses petit-enfants : Lexie, Ezequiel, William, Dalia, Jackson et Léonie ainsi que ses sœurs : Francine, Louise (Ronald Gauthier) et Guylaine, son frère Mario (Evelyn Knowles), ses beaux-frères, ses belles-sœurs, ses neveux, ses nièces, ses tantes, ses cousins, ses cousines et de nombreux ami(e)s.</p>
<p>Il était le frère de feu Marcel Lejeune.</p>
<p>La famille a confié les arrangements funéraires aux services professionnels de la Maison Mallet &#038; fils du 585 boul. Laure à Sept-Îles, maintenant reconnue Distinction et membre de la Corporation des Thanatologues du Québec.</p>
<p>Vous pouvez consulter cet avis de décès sur le www.maisonmallet.com</p>
<p>Ceux et celles qui le désirent, peuvent y envoyer des messages de sympathie.</p>
<p>[contact-form to= »guylainebleu_lejeune@hotmail.com » subject= »Condoléances Alain Lejeune »][contact-field label= »Votre nom » type= »name » required= »1&Prime;][contact-field label= »Votre courriel » type= »email » required= »1&Prime;][contact-field label= »Condoléances » type= »textarea »][/contact-form]</p>
