{"id":69024,"date":"2025-10-27T09:32:37","date_gmt":"2025-10-27T13:32:37","guid":{"rendered":"https:\/\/nouveau.maisonmallet.com\/?post_type=event&#038;p=69024"},"modified":"2026-01-31T16:18:22","modified_gmt":"2026-01-31T21:18:22","slug":"porlier-guy","status":"publish","type":"event","link":"https:\/\/nouveau.maisonmallet.com\/back05_01\/?event=porlier-guy","title":{"rendered":"PORLIER, Guy"},"content":{"rendered":"<p>Le Complexe Thanatologique Mallet &#038; fils a le regret de vous annoncer le d\u00e9c\u00e8s de<\/p>\n<p>Guy Porlier<br \/>\n1948 \u2013 2025<\/p>\n<p>\u00c0 Sept-\u00celes (maison l\u2019\u00c9lyme des sables), le 27 octobre 2025, est d\u00e9c\u00e9d\u00e9 \u00e0 l&rsquo;\u00e2ge de 77 ans, monsieur Guy Porlier conjoint de madame Lyne Lapierre et domicili\u00e9 \u00e0 Sept-\u00celes. <\/p>\n<p>Selon ses volont\u00e9s, il a \u00e9t\u00e9 confi\u00e9 au cr\u00e9matorium de la Maison Mallet &#038; fils pour cr\u00e9mation.<\/p>\n<p>La famille re\u00e7oit parents et amis le vendredi 31 octobre 2025 jour des fun\u00e9railles de 9 h 30 \u00e0 11 h 30 et de 12 h 30 \u00e0 14 h au Complexe Thanatologique Mallet &#038; fils du 585 Boul. Laure \u00e0 Sept-\u00celes.<\/p>\n<p>Les fun\u00e9railles de monsieur Guy Porlier auront lieu le vendredi 31 octobre 2025 \u00e0 14 h en l\u2019\u00e9glise St-Joseph situ\u00e9e au 535, ave. Brochu \u00e0 Sept-\u00celes et de l\u00e0 au Cimeti\u00e8re Catholique de Sept-\u00celes.   <\/p>\n<p>Il laisse dans le deuil outre sa conjointe madame Lyne Lapierre, ses filles : Guylaine (Antoine Bourgeois) et Karine (Carol B\u00e9rub\u00e9), sa petite-fille Myriam (Junior Grenier), son arri\u00e8re-petit-fils Zack ainsi que ses s\u0153urs : Mariette (Ghislain Tanguay), Suzie (Gilles Lepage) et Danielle, son fr\u00e8re Robert, ses neveux, ses ni\u00e8ces, ses cousins, ses cousines et de nombreux ami(e)s. <\/p>\n<p>Vos marques de sympathie peuvent se traduire par un don \u00e0 l\u2019\u00c9lyme des sables www.elymedessables.com<\/p>\n<p>La famille a confi\u00e9 la direction des fun\u00e9railles aux services professionnels de la Maison Mallet &#038; fils du 585, boul. Laure \u00e0 Sept-\u00celes, maintenant reconnue Distinction et membre de la Corporation des Thanatologues du Qu\u00e9bec.<\/p>\n<p>Vous pouvez consulter cet avis de d\u00e9c\u00e8s sur le : www.maisonmallet.com<\/p>\n<p>Ceux et celles qui le d\u00e9sirent, peuvent y envoyer des messages de sympathie.<\/p>\n<p>[contact-form to=\u00a0\u00bbkarineporlier@hotmail.com,lylapierre@telus.net\u00a0\u00bb subject=\u00a0\u00bbCondol\u00e9ances Guy Porlier\u00a0\u00bb][contact-field label=\u00a0\u00bbVotre nom\u00a0\u00bb type=\u00a0\u00bbname\u00a0\u00bb required=\u00a0\u00bb1&Prime;][contact-field label=\u00a0\u00bbVotre courriel\u00a0\u00bb type=\u00a0\u00bbemail\u00a0\u00bb required=\u00a0\u00bb1&Prime;][contact-field label=\u00a0\u00bbCondol\u00e9ances\u00a0\u00bb type=\u00a0\u00bbtextarea\u00a0\u00bb][\/contact-form]<\/p>\n","protected":false},"featured_media":69027,"template":"","event_cat":[6],"class_list":["post-69024","event","type-event","status-publish","has-post-thumbnail","hentry","event_cat-maison-mallet-et-fils-inc"],"_links":{"self":[{"href":"https:\/\/nouveau.maisonmallet.com\/back05_01\/index.php?rest_route=\/wp\/v2\/event\/69024","targetHints":{"allow":["GET"]}}],"collection":[{"href":"https:\/\/nouveau.maisonmallet.com\/back05_01\/index.php?rest_route=\/wp\/v2\/event"}],"about":[{"href":"https:\/\/nouveau.maisonmallet.com\/back05_01\/index.php?rest_route=\/wp\/v2\/types\/event"}],"wp:featuredmedia":[{"embeddable":true,"href":"https:\/\/nouveau.maisonmallet.com\/back05_01\/index.php?rest_route=\/wp\/v2\/media\/69027"}],"wp:attachment":[{"href":"https:\/\/nouveau.maisonmallet.com\/back05_01\/index.php?rest_route=%2Fwp%2Fv2%2Fmedia&parent=69024"}],"wp:term":[{"taxonomy":"event_cat","embeddable":true,"href":"https:\/\/nouveau.maisonmallet.com\/back05_01\/index.php?rest_route=%2Fwp%2Fv2%2Fevent_cat&post=69024"}],"curies":[{"name":"wp","href":"https:\/\/api.w.org\/{rel}","templated":true}]}}

<p>Le Complexe Thanatologique Mallet &#038; fils a le regret de vous annoncer le décès de</p>
<p>Guy Porlier<br />
1948 – 2025</p>
<p>À Sept-Îles (maison l’Élyme des sables), le 27 octobre 2025, est décédé à l&rsquo;âge de 77 ans, monsieur Guy Porlier conjoint de madame Lyne Lapierre et domicilié à Sept-Îles. </p>
<p>Selon ses volontés, il a été confié au crématorium de la Maison Mallet &#038; fils pour crémation.</p>
<p>La famille reçoit parents et amis le vendredi 31 octobre 2025 jour des funérailles de 9 h 30 à 11 h 30 et de 12 h 30 à 14 h au Complexe Thanatologique Mallet &#038; fils du 585 Boul. Laure à Sept-Îles.</p>
<p>Les funérailles de monsieur Guy Porlier auront lieu le vendredi 31 octobre 2025 à 14 h en l’église St-Joseph située au 535, ave. Brochu à Sept-Îles et de là au Cimetière Catholique de Sept-Îles.   </p>
<p>Il laisse dans le deuil outre sa conjointe madame Lyne Lapierre, ses filles : Guylaine (Antoine Bourgeois) et Karine (Carol Bérubé), sa petite-fille Myriam (Junior Grenier), son arrière-petit-fils Zack ainsi que ses sœurs : Mariette (Ghislain Tanguay), Suzie (Gilles Lepage) et Danielle, son frère Robert, ses neveux, ses nièces, ses cousins, ses cousines et de nombreux ami(e)s. </p>
<p>Vos marques de sympathie peuvent se traduire par un don à l’Élyme des sables www.elymedessables.com</p>
<p>La famille a confié la direction des funérailles aux services professionnels de la Maison Mallet &#038; fils du 585, boul. Laure à Sept-Îles, maintenant reconnue Distinction et membre de la Corporation des Thanatologues du Québec.</p>
<p>Vous pouvez consulter cet avis de décès sur le : www.maisonmallet.com</p>
<p>Ceux et celles qui le désirent, peuvent y envoyer des messages de sympathie.</p>
<p>[contact-form to= »karineporlier@hotmail.com,lylapierre@telus.net » subject= »Condoléances Guy Porlier »][contact-field label= »Votre nom » type= »name » required= »1&Prime;][contact-field label= »Votre courriel » type= »email » required= »1&Prime;][contact-field label= »Condoléances » type= »textarea »][/contact-form]</p>
