{"id":69025,"date":"2025-10-30T16:48:57","date_gmt":"2025-10-30T20:48:57","guid":{"rendered":"https:\/\/nouveau.maisonmallet.com\/?post_type=event&#038;p=69025"},"modified":"2025-10-31T16:53:15","modified_gmt":"2025-10-31T20:53:15","slug":"ambroise-marie-claude","status":"publish","type":"event","link":"https:\/\/nouveau.maisonmallet.com\/back05_01\/?event=ambroise-marie-claude","title":{"rendered":"AMBROISE, Marie-Claude"},"content":{"rendered":"<p>Le Complexe Thanatologique Mallet &#038; fils a le regret de vous annoncer le d\u00e9c\u00e8s de<\/p>\n<p>Marie-Claude Ambroise<br \/>\n1967 \u2013 2025<\/p>\n<p>\u00c0 Sept-\u00celes, le 28 octobre 2025, est d\u00e9c\u00e9d\u00e9e \u00e0 l\u2019\u00e2ge de 58 ans, madame Marie-Claude Ambroise fille de feu John Michel Ambroise et de feu Melvina Thomas domicili\u00e9e \u00e0 Uashat.<\/p>\n<p>Les fun\u00e9railles de madame Marie-Claude Ambroise auront lieu le lundi 3 novembre 2025 \u00e0 11 h en l\u2019\u00e9glise Notre-Dame du Cap situ\u00e9e au 139, rue de l\u2019\u00c9glise \u00e0 Mani-utenam et de l\u00e0 au Cimeti\u00e8re de Mani-utenam.<\/p>\n<p>La famille re\u00e7oit parents et amis le samedi 1er novembre 2025 de 15 h \u00e0 16 h et de 19 h \u00e0 22 h. Le dimanche 2 novembre 2025 de 13 h \u00e0 16 h et de 19 h \u00e0 22 h. Le lundi 3 novembre 2025 jour des fun\u00e9railles \u00e0 compter de 9 h \u00e0 l\u2019\u00e9glise Notre-Dame du Cap situ\u00e9e au 139, rue de l\u2019\u00c9glise \u00e0 Mani-utenam. <\/p>\n<p>Elle laisse dans le deuil ses enfants : Th\u00e9r\u00e8se (Kupaniesh Jourdain-Moreau), George et Judy (Rodrigue Andr\u00e9), ses petits-enfants : Lyam-Ma\u00ebl, Novalie, Nadeige, Vincent et Maddie-Rose, ses fr\u00e8res et ses s\u0153urs : Arthur (Johanne), Gis\u00e8le (Donald), Jules-Henri (Caroline), Justine et Marl\u00e8ne (Eric), son beau-fr\u00e8re Marcel B\u00e9rub\u00e9, ses belles-s\u0153urs : Anne-Marie Napess et Marie-France Jourdain ainsi que ses neveux, ses ni\u00e8ces, ses cousins, ses cousines et de nombreux ami(e)s.<\/p>\n<p>La famille a confi\u00e9 la direction des fun\u00e9railles aux services professionnels de la Maison Mallet &#038; fils du 585, Boul. Laure \u00e0 Sept-\u00celes, maintenant reconnue Distinction et membre de la Corporation des Thanatologues du Qu\u00e9bec.<\/p>\n<p>Vous pouvez consulter cet avis de d\u00e9c\u00e8s sur le www.maisonmallet.com<\/p>\n<p>Ceux et celles qui le d\u00e9sirent, peuvent y envoyer des messages de condol\u00e9ances.<\/p>\n<p>[contact-form to=\u00a0\u00bbatiss-22@hotmail.com\u00a0\u00bb subject=\u00a0\u00bbCondol\u00e9ances Marie-Claude Ambroise\u00a0\u00bb][contact-field label=\u00a0\u00bbVotre nom\u00a0\u00bb type=\u00a0\u00bbname\u00a0\u00bb required=\u00a0\u00bb1&Prime;][contact-field label=\u00a0\u00bbVotre courriel\u00a0\u00bb type=\u00a0\u00bbemail\u00a0\u00bb required=\u00a0\u00bb1&Prime;][contact-field label=\u00a0\u00bbCondol\u00e9ances\u00a0\u00bb type=\u00a0\u00bbtextarea\u00a0\u00bb][\/contact-form]<\/p>\n","protected":false},"featured_media":69155,"template":"","event_cat":[6],"class_list":["post-69025","event","type-event","status-publish","has-post-thumbnail","hentry","event_cat-maison-mallet-et-fils-inc"],"_links":{"self":[{"href":"https:\/\/nouveau.maisonmallet.com\/back05_01\/index.php?rest_route=\/wp\/v2\/event\/69025","targetHints":{"allow":["GET"]}}],"collection":[{"href":"https:\/\/nouveau.maisonmallet.com\/back05_01\/index.php?rest_route=\/wp\/v2\/event"}],"about":[{"href":"https:\/\/nouveau.maisonmallet.com\/back05_01\/index.php?rest_route=\/wp\/v2\/types\/event"}],"wp:featuredmedia":[{"embeddable":true,"href":"https:\/\/nouveau.maisonmallet.com\/back05_01\/index.php?rest_route=\/wp\/v2\/media\/69155"}],"wp:attachment":[{"href":"https:\/\/nouveau.maisonmallet.com\/back05_01\/index.php?rest_route=%2Fwp%2Fv2%2Fmedia&parent=69025"}],"wp:term":[{"taxonomy":"event_cat","embeddable":true,"href":"https:\/\/nouveau.maisonmallet.com\/back05_01\/index.php?rest_route=%2Fwp%2Fv2%2Fevent_cat&post=69025"}],"curies":[{"name":"wp","href":"https:\/\/api.w.org\/{rel}","templated":true}]}}

<p>Le Complexe Thanatologique Mallet &#038; fils a le regret de vous annoncer le décès de</p>
<p>Marie-Claude Ambroise<br />
1967 – 2025</p>
<p>À Sept-Îles, le 28 octobre 2025, est décédée à l’âge de 58 ans, madame Marie-Claude Ambroise fille de feu John Michel Ambroise et de feu Melvina Thomas domiciliée à Uashat.</p>
<p>Les funérailles de madame Marie-Claude Ambroise auront lieu le lundi 3 novembre 2025 à 11 h en l’église Notre-Dame du Cap située au 139, rue de l’Église à Mani-utenam et de là au Cimetière de Mani-utenam.</p>
<p>La famille reçoit parents et amis le samedi 1er novembre 2025 de 15 h à 16 h et de 19 h à 22 h. Le dimanche 2 novembre 2025 de 13 h à 16 h et de 19 h à 22 h. Le lundi 3 novembre 2025 jour des funérailles à compter de 9 h à l’église Notre-Dame du Cap située au 139, rue de l’Église à Mani-utenam. </p>
<p>Elle laisse dans le deuil ses enfants : Thérèse (Kupaniesh Jourdain-Moreau), George et Judy (Rodrigue André), ses petits-enfants : Lyam-Maël, Novalie, Nadeige, Vincent et Maddie-Rose, ses frères et ses sœurs : Arthur (Johanne), Gisèle (Donald), Jules-Henri (Caroline), Justine et Marlène (Eric), son beau-frère Marcel Bérubé, ses belles-sœurs : Anne-Marie Napess et Marie-France Jourdain ainsi que ses neveux, ses nièces, ses cousins, ses cousines et de nombreux ami(e)s.</p>
<p>La famille a confié la direction des funérailles aux services professionnels de la Maison Mallet &#038; fils du 585, Boul. Laure à Sept-Îles, maintenant reconnue Distinction et membre de la Corporation des Thanatologues du Québec.</p>
<p>Vous pouvez consulter cet avis de décès sur le www.maisonmallet.com</p>
<p>Ceux et celles qui le désirent, peuvent y envoyer des messages de condoléances.</p>
<p>[contact-form to= »atiss-22@hotmail.com » subject= »Condoléances Marie-Claude Ambroise »][contact-field label= »Votre nom » type= »name » required= »1&Prime;][contact-field label= »Votre courriel » type= »email » required= »1&Prime;][contact-field label= »Condoléances » type= »textarea »][/contact-form]</p>
