{"id":69157,"date":"2025-11-03T13:52:52","date_gmt":"2025-11-03T18:52:52","guid":{"rendered":"https:\/\/nouveau.maisonmallet.com\/?post_type=event&#038;p=69157"},"modified":"2025-11-03T13:52:52","modified_gmt":"2025-11-03T18:52:52","slug":"barriault-dany","status":"publish","type":"event","link":"https:\/\/nouveau.maisonmallet.com\/back05_01\/?event=barriault-dany","title":{"rendered":"BARRIAULT, Dany"},"content":{"rendered":"<p>La Maison L.J.G. Mallet a le regret de vous annoncer le d\u00e9c\u00e8s de<\/p>\n<p>Dany Barriault<br \/>\n1976 &#8211; 2025<\/p>\n<p>\u00c0 Havre Saint-Pierre, le 3 novembre 2025, est d\u00e9c\u00e9d\u00e9 \u00e0 l\u2019\u00e2ge de 49 ans, monsieur Dany Barriault \u00e9poux de madame Dany Sarah Jomphe et domicili\u00e9 \u00e0 Havre Saint-Pierre. <\/p>\n<p>Les fun\u00e9railles de monsieur Dany Barriault auront lieu le mercredi 5 novembre 2025 \u00e0 11 h en l\u2019\u00e9glise St-Pierre situ\u00e9e au 742, rue Bor\u00e9ale \u00e0 Havre-St-Pierre et de l\u00e0 au cr\u00e9matorium de la maison L.J.G. Mallet pour cr\u00e9mation. <\/p>\n<p>La famille re\u00e7oit parents et amis le mardi 4 novembre 2025 de 19 h \u00e0 22 h. Le mercredi 5 novembre 2025, jour des fun\u00e9railles \u00e0 compter de 10 h au salon de la Maison L.J.G. Mallet du 1429, rue du Canot \u00e0 Havre Saint-Pierre.<\/p>\n<p>Il laisse dans le deuil outre son \u00e9pouse madame Dany Sarah Jomphe, ses filles : Oc\u00e9ane et Am\u00e9lia, son fils Mathias, sa m\u00e8re madame Anne Marie Maloney (feu Cl\u00e9ment Barriault), sa s\u0153ur Lisette (Christian Chapadeau) ainsi que son beau-p\u00e8re monsieur Sylvain Jomphe, sa belle-m\u00e8re madame Lucienne Girard, son beau-fr\u00e8re Charles-Jacques (Anne Vigneault), ses neveux, ses ni\u00e8ces, ses oncles, ses tantes, ses cousins, ses cousines et de nombreux amis.<\/p>\n<p>Il \u00e9tait le fr\u00e8re de feu Steeve. <\/p>\n<p>Vos marques de sympathie peuvent se traduire par un don au Centre de Sant\u00e9 de la Minganie. <\/p>\n<p>La famille a confi\u00e9 la direction des fun\u00e9railles aux services professionnels de la Maison L.J.G. Mallet du 1429, rue du Canot \u00e0 Havre Saint-Pierre membre de la Corporation des Thanatologues du Qu\u00e9bec.<\/p>\n<p>Vous pouvez consulter cet avis de d\u00e9c\u00e8s, sur le www.maisonmallet.com <\/p>\n<p>Ceux et celles qui le d\u00e9sirent, peuvent y envoyer des messages de sympathie.<\/p>\n<p>[contact-form to=\u00a0\u00bbsarahjomphe@hotmail.com\u00a0\u00bb subject=\u00a0\u00bbCondol\u00e9ances Dany Barriault\u00a0\u00bb][contact-field label=\u00a0\u00bbVotre nom\u00a0\u00bb type=\u00a0\u00bbname\u00a0\u00bb required=\u00a0\u00bb1&Prime;][contact-field label=\u00a0\u00bbVotre courriel\u00a0\u00bb type=\u00a0\u00bbemail\u00a0\u00bb required=\u00a0\u00bb1&Prime;][contact-field label=\u00a0\u00bbCondol\u00e9ances\u00a0\u00bb type=\u00a0\u00bbtextarea\u00a0\u00bb][\/contact-form]<\/p>\n","protected":false},"featured_media":69231,"template":"","event_cat":[7],"class_list":["post-69157","event","type-event","status-publish","has-post-thumbnail","hentry","event_cat-maison-l-j-g-mallet-inc"],"_links":{"self":[{"href":"https:\/\/nouveau.maisonmallet.com\/back05_01\/index.php?rest_route=\/wp\/v2\/event\/69157","targetHints":{"allow":["GET"]}}],"collection":[{"href":"https:\/\/nouveau.maisonmallet.com\/back05_01\/index.php?rest_route=\/wp\/v2\/event"}],"about":[{"href":"https:\/\/nouveau.maisonmallet.com\/back05_01\/index.php?rest_route=\/wp\/v2\/types\/event"}],"wp:featuredmedia":[{"embeddable":true,"href":"https:\/\/nouveau.maisonmallet.com\/back05_01\/index.php?rest_route=\/wp\/v2\/media\/69231"}],"wp:attachment":[{"href":"https:\/\/nouveau.maisonmallet.com\/back05_01\/index.php?rest_route=%2Fwp%2Fv2%2Fmedia&parent=69157"}],"wp:term":[{"taxonomy":"event_cat","embeddable":true,"href":"https:\/\/nouveau.maisonmallet.com\/back05_01\/index.php?rest_route=%2Fwp%2Fv2%2Fevent_cat&post=69157"}],"curies":[{"name":"wp","href":"https:\/\/api.w.org\/{rel}","templated":true}]}}

<p>La Maison L.J.G. Mallet a le regret de vous annoncer le décès de</p>
<p>Dany Barriault<br />
1976 &#8211; 2025</p>
<p>À Havre Saint-Pierre, le 3 novembre 2025, est décédé à l’âge de 49 ans, monsieur Dany Barriault époux de madame Dany Sarah Jomphe et domicilié à Havre Saint-Pierre. </p>
<p>Les funérailles de monsieur Dany Barriault auront lieu le mercredi 5 novembre 2025 à 11 h en l’église St-Pierre située au 742, rue Boréale à Havre-St-Pierre et de là au crématorium de la maison L.J.G. Mallet pour crémation. </p>
<p>La famille reçoit parents et amis le mardi 4 novembre 2025 de 19 h à 22 h. Le mercredi 5 novembre 2025, jour des funérailles à compter de 10 h au salon de la Maison L.J.G. Mallet du 1429, rue du Canot à Havre Saint-Pierre.</p>
<p>Il laisse dans le deuil outre son épouse madame Dany Sarah Jomphe, ses filles : Océane et Amélia, son fils Mathias, sa mère madame Anne Marie Maloney (feu Clément Barriault), sa sœur Lisette (Christian Chapadeau) ainsi que son beau-père monsieur Sylvain Jomphe, sa belle-mère madame Lucienne Girard, son beau-frère Charles-Jacques (Anne Vigneault), ses neveux, ses nièces, ses oncles, ses tantes, ses cousins, ses cousines et de nombreux amis.</p>
<p>Il était le frère de feu Steeve. </p>
<p>Vos marques de sympathie peuvent se traduire par un don au Centre de Santé de la Minganie. </p>
<p>La famille a confié la direction des funérailles aux services professionnels de la Maison L.J.G. Mallet du 1429, rue du Canot à Havre Saint-Pierre membre de la Corporation des Thanatologues du Québec.</p>
<p>Vous pouvez consulter cet avis de décès, sur le www.maisonmallet.com </p>
<p>Ceux et celles qui le désirent, peuvent y envoyer des messages de sympathie.</p>
<p>[contact-form to= »sarahjomphe@hotmail.com » subject= »Condoléances Dany Barriault »][contact-field label= »Votre nom » type= »name » required= »1&Prime;][contact-field label= »Votre courriel » type= »email » required= »1&Prime;][contact-field label= »Condoléances » type= »textarea »][/contact-form]</p>
