{"id":69281,"date":"2025-11-03T17:32:20","date_gmt":"2025-11-03T22:32:20","guid":{"rendered":"https:\/\/nouveau.maisonmallet.com\/?post_type=event&#038;p=69281"},"modified":"2025-11-20T12:43:29","modified_gmt":"2025-11-20T17:43:29","slug":"cormier-denise-2","status":"publish","type":"event","link":"https:\/\/nouveau.maisonmallet.com\/back05_01\/?event=cormier-denise-2","title":{"rendered":"CORMIER, Denise"},"content":{"rendered":"<p>La Maison L.J.G. Mallet a le regret de vous annoncer le d\u00e9c\u00e8s de<\/p>\n<p>Denise Cormier<br \/>\n1936 &#8211; 2025<\/p>\n<p>\u00c0 Havre Saint-Pierre, le 10 octobre 2025, est d\u00e9c\u00e9d\u00e9e \u00e0 l\u2019\u00e2ge de 89 ans, madame Denise Cormier \u00e9pouse de feu Henri Coquelin et domicili\u00e9e \u00e0 Havre Saint-Pierre.<\/p>\n<p>Les fun\u00e9railles de madame Denise Cormier auront lieu le samedi 15 novembre 2025 \u00e0 11 h en l\u2019\u00e9glise St-Pierre situ\u00e9e au 742, rue Bor\u00e9al \u00e0 Havre Saint-Pierre et de l\u00e0 au cimeti\u00e8re de Havre Saint-Pierre.<\/p>\n<p>Selon ses volont\u00e9s, elle a \u00e9t\u00e9 confi\u00e9 au cr\u00e9matorium de la Maison L.J.G. Mallet pour cr\u00e9mation.<\/p>\n<p>La famille re\u00e7oit parents et amis le samedi 15 novembre 2025 de 10 h \u00e0 11 h \u00e0 l\u2019\u00e9glise St-Pierre de Havre Saint-Pierre. <\/p>\n<p>Elle laisse dans le deuil son fils Ronald (Diane Th\u00e9riault), ses filles : Th\u00e9r\u00e8se (Carol Landry), Mireille, Sonia (feu Steeve Arsenault) et Lise (Vincent Tanguay), ses douze petits-enfants, ses onze arri\u00e8re-petits-enfants ainsi que ses beaux-fr\u00e8res : Omer Landry, et Charles Fadat, ses belles-s\u0153urs : Colette Coquelin, Anna Pr\u00e9vereau, Ghisline Landry, Monique Gagn\u00e9, Denise Hamel, ses neveux, ses ni\u00e8ces, ses cousins, ses cousines et de nombreux amis.<\/p>\n<p>Vos marques de sympathie peuvent se traduire par un don au Centre de sant\u00e9 de la Minganie.<\/p>\n<p>La famille a confi\u00e9 les arrangements aux services professionnels de la Maison L.J.G. Mallet du 1429, rue du Canot \u00e0 Havre-Saint-Pierre, maintenant reconnue Distinction et membre de la Corporation des Thanatologues du Qu\u00e9bec.<\/p>\n<p>Vous pouvez consulter cet avis de d\u00e9c\u00e8s sur le www.maisonmallet.com<\/p>\n<p>Ceux et celles qui le d\u00e9sirent, peuvent y envoyer des messages de sympathie.<\/p>\n<p>[contact-form to=\u00a0\u00bbrcoquelin5@hotmail.com,colymeg@telus.net\u00a0\u00bb subject=\u00a0\u00bbCondol\u00e9ances Denise Cormier\u00a0\u00bb][contact-field label=\u00a0\u00bbVotre nom\u00a0\u00bb type=\u00a0\u00bbname\u00a0\u00bb required=\u00a0\u00bb1&Prime;][contact-field label=\u00a0\u00bbVotre courriel\u00a0\u00bb type=\u00a0\u00bbemail\u00a0\u00bb required=\u00a0\u00bb1&Prime;][contact-field label=\u00a0\u00bbCondol\u00e9ances\u00a0\u00bb type=\u00a0\u00bbtextarea\u00a0\u00bb][\/contact-form]<\/p>\n","protected":false},"featured_media":69283,"template":"","event_cat":[7],"class_list":["post-69281","event","type-event","status-publish","has-post-thumbnail","hentry","event_cat-maison-l-j-g-mallet-inc"],"_links":{"self":[{"href":"https:\/\/nouveau.maisonmallet.com\/back05_01\/index.php?rest_route=\/wp\/v2\/event\/69281","targetHints":{"allow":["GET"]}}],"collection":[{"href":"https:\/\/nouveau.maisonmallet.com\/back05_01\/index.php?rest_route=\/wp\/v2\/event"}],"about":[{"href":"https:\/\/nouveau.maisonmallet.com\/back05_01\/index.php?rest_route=\/wp\/v2\/types\/event"}],"wp:featuredmedia":[{"embeddable":true,"href":"https:\/\/nouveau.maisonmallet.com\/back05_01\/index.php?rest_route=\/wp\/v2\/media\/69283"}],"wp:attachment":[{"href":"https:\/\/nouveau.maisonmallet.com\/back05_01\/index.php?rest_route=%2Fwp%2Fv2%2Fmedia&parent=69281"}],"wp:term":[{"taxonomy":"event_cat","embeddable":true,"href":"https:\/\/nouveau.maisonmallet.com\/back05_01\/index.php?rest_route=%2Fwp%2Fv2%2Fevent_cat&post=69281"}],"curies":[{"name":"wp","href":"https:\/\/api.w.org\/{rel}","templated":true}]}}

<p>La Maison L.J.G. Mallet a le regret de vous annoncer le décès de</p>
<p>Denise Cormier<br />
1936 &#8211; 2025</p>
<p>À Havre Saint-Pierre, le 10 octobre 2025, est décédée à l’âge de 89 ans, madame Denise Cormier épouse de feu Henri Coquelin et domiciliée à Havre Saint-Pierre.</p>
<p>Les funérailles de madame Denise Cormier auront lieu le samedi 15 novembre 2025 à 11 h en l’église St-Pierre située au 742, rue Boréal à Havre Saint-Pierre et de là au cimetière de Havre Saint-Pierre.</p>
<p>Selon ses volontés, elle a été confié au crématorium de la Maison L.J.G. Mallet pour crémation.</p>
<p>La famille reçoit parents et amis le samedi 15 novembre 2025 de 10 h à 11 h à l’église St-Pierre de Havre Saint-Pierre. </p>
<p>Elle laisse dans le deuil son fils Ronald (Diane Thériault), ses filles : Thérèse (Carol Landry), Mireille, Sonia (feu Steeve Arsenault) et Lise (Vincent Tanguay), ses douze petits-enfants, ses onze arrière-petits-enfants ainsi que ses beaux-frères : Omer Landry, et Charles Fadat, ses belles-sœurs : Colette Coquelin, Anna Prévereau, Ghisline Landry, Monique Gagné, Denise Hamel, ses neveux, ses nièces, ses cousins, ses cousines et de nombreux amis.</p>
<p>Vos marques de sympathie peuvent se traduire par un don au Centre de santé de la Minganie.</p>
<p>La famille a confié les arrangements aux services professionnels de la Maison L.J.G. Mallet du 1429, rue du Canot à Havre-Saint-Pierre, maintenant reconnue Distinction et membre de la Corporation des Thanatologues du Québec.</p>
<p>Vous pouvez consulter cet avis de décès sur le www.maisonmallet.com</p>
<p>Ceux et celles qui le désirent, peuvent y envoyer des messages de sympathie.</p>
<p>[contact-form to= »rcoquelin5@hotmail.com,colymeg@telus.net » subject= »Condoléances Denise Cormier »][contact-field label= »Votre nom » type= »name » required= »1&Prime;][contact-field label= »Votre courriel » type= »email » required= »1&Prime;][contact-field label= »Condoléances » type= »textarea »][/contact-form]</p>
