{"id":69525,"date":"2025-11-07T16:11:36","date_gmt":"2025-11-07T21:11:36","guid":{"rendered":"https:\/\/nouveau.maisonmallet.com\/?post_type=event&#038;p=69525"},"modified":"2026-01-31T16:07:42","modified_gmt":"2026-01-31T21:07:42","slug":"vigneault-gervais","status":"publish","type":"event","link":"https:\/\/nouveau.maisonmallet.com\/back05_01\/?event=vigneault-gervais","title":{"rendered":"VIGNEAULT, Gervais"},"content":{"rendered":"<p>La Maison L.J.G. Mallet a le regret de vous annoncer le d\u00e9c\u00e8s de<\/p>\n<p>Gervais Vigneault<br \/>\n1954 &#8211; 2025<\/p>\n<p>\u00c0 Havre Saint-Pierre, le 7 novembre 2025, est d\u00e9c\u00e9d\u00e9 \u00e0 l\u2019\u00e2ge de 71 ans, monsieur Gervais Vigneault \u00e9poux de madame Marie Lise Pelletier et domicili\u00e9 \u00e0 Havre Saint-Pierre.<\/p>\n<p>La c\u00e9r\u00e9monie comm\u00e9morative de monsieur Gervais Vigneault aura lieu le jeudi 13 novembre 2025 \u00e0 14 h  au salon de la Maison L.J.G. Mallet du 1429, rue du Canot \u00e0 Havre Saint-Pierre et de l\u00e0 au cimeti\u00e8re de Havre Saint-Pierre.  <\/p>\n<p>Selon ses volont\u00e9s, il a \u00e9t\u00e9 confi\u00e9 au cr\u00e9matorium de la Maison L.J.G. Mallet pour cr\u00e9mation.<\/p>\n<p>La famille re\u00e7oit parents et amis le jeudi 13 novembre 2025 de 10 h \u00e0 14 h au salon de la Maison L.J.G. Mallet du 1429, rue du Canot \u00e0 Havre Saint-Pierre.<\/p>\n<p>Il laisse dans le deuil outre son \u00e9pouse madame Marie Lise Pelletier, ses fils : Christian (Ingrid Hounsell) et Fr\u00e9d\u00e9ric (Daphn\u00e9 Desjardins), sa fille Claudine (Serge Lachance), ses petits-fils : F\u00e9lix, Lenny et Alexis ainsi que ses fr\u00e8res : Guy (Rosalie D\u00e9raps) et Andr\u00e9 (Corinne D\u00e9raps), ses s\u0153urs : Lorraine (Gabriel Cormier), Carole (\u00c9milien Boudreau), Guylaine (Andy Dhani) et Anne (Johan Jomphe), ses beaux-fr\u00e8res, ses belles-s\u0153urs, ses neveux, ses ni\u00e8ces, ses cousins, ses cousines et de nombreux amis.<\/p>\n<p>Il \u00e9tait le fr\u00e8re de feu Th\u00e9r\u00e8se (G\u00e9rard Tanguay).<\/p>\n<p>Nous tenons \u00e0 remercier sinc\u00e8rement le personnel du service d\u2019oncologie du centre de sant\u00e9 de la Minganie (M\u00e9lanie Flowers et son \u00e9quipe) pour la qualit\u00e9 des soins prodigu\u00e9s.<\/p>\n<p>Vos marques de sympathie peuvent se traduire par un don au Centre de sant\u00e9 de la Minganie.<\/p>\n<p>La famille a confi\u00e9 les arrangements aux services professionnels de la Maison L.J.G. Mallet du 1429, rue du Canot \u00e0 Havre Saint-Pierre, maintenant reconnue Distinction et membre de la Corporation des Thanatologues du Qu\u00e9bec.<\/p>\n<p>Vous pouvez consulter cet avis de d\u00e9c\u00e8s sur le www.maisonmallet.com<\/p>\n<p>Ceux et celles qui le d\u00e9sirent, peuvent y envoyer des messages de sympathie.<\/p>\n<p>[contact-form to=\u00a0\u00bbclaudinevigneault@hotmail.com\u00a0\u00bb subject=\u00a0\u00bbCondol\u00e9ances Gervais Vigneault\u00a0\u00bb][contact-field label=\u00a0\u00bbVotre nom\u00a0\u00bb type=\u00a0\u00bbname\u00a0\u00bb required=\u00a0\u00bb1&Prime;][contact-field label=\u00a0\u00bbVotre courriel\u00a0\u00bb type=\u00a0\u00bbemail\u00a0\u00bb required=\u00a0\u00bb1&Prime;][contact-field label=\u00a0\u00bbCondol\u00e9ances\u00a0\u00bb type=\u00a0\u00bbtextarea\u00a0\u00bb][\/contact-form]<\/p>\n","protected":false},"featured_media":69528,"template":"","event_cat":[7],"class_list":["post-69525","event","type-event","status-publish","has-post-thumbnail","hentry","event_cat-maison-l-j-g-mallet-inc"],"_links":{"self":[{"href":"https:\/\/nouveau.maisonmallet.com\/back05_01\/index.php?rest_route=\/wp\/v2\/event\/69525","targetHints":{"allow":["GET"]}}],"collection":[{"href":"https:\/\/nouveau.maisonmallet.com\/back05_01\/index.php?rest_route=\/wp\/v2\/event"}],"about":[{"href":"https:\/\/nouveau.maisonmallet.com\/back05_01\/index.php?rest_route=\/wp\/v2\/types\/event"}],"wp:featuredmedia":[{"embeddable":true,"href":"https:\/\/nouveau.maisonmallet.com\/back05_01\/index.php?rest_route=\/wp\/v2\/media\/69528"}],"wp:attachment":[{"href":"https:\/\/nouveau.maisonmallet.com\/back05_01\/index.php?rest_route=%2Fwp%2Fv2%2Fmedia&parent=69525"}],"wp:term":[{"taxonomy":"event_cat","embeddable":true,"href":"https:\/\/nouveau.maisonmallet.com\/back05_01\/index.php?rest_route=%2Fwp%2Fv2%2Fevent_cat&post=69525"}],"curies":[{"name":"wp","href":"https:\/\/api.w.org\/{rel}","templated":true}]}}

<p>La Maison L.J.G. Mallet a le regret de vous annoncer le décès de</p>
<p>Gervais Vigneault<br />
1954 &#8211; 2025</p>
<p>À Havre Saint-Pierre, le 7 novembre 2025, est décédé à l’âge de 71 ans, monsieur Gervais Vigneault époux de madame Marie Lise Pelletier et domicilié à Havre Saint-Pierre.</p>
<p>La cérémonie commémorative de monsieur Gervais Vigneault aura lieu le jeudi 13 novembre 2025 à 14 h  au salon de la Maison L.J.G. Mallet du 1429, rue du Canot à Havre Saint-Pierre et de là au cimetière de Havre Saint-Pierre.  </p>
<p>Selon ses volontés, il a été confié au crématorium de la Maison L.J.G. Mallet pour crémation.</p>
<p>La famille reçoit parents et amis le jeudi 13 novembre 2025 de 10 h à 14 h au salon de la Maison L.J.G. Mallet du 1429, rue du Canot à Havre Saint-Pierre.</p>
<p>Il laisse dans le deuil outre son épouse madame Marie Lise Pelletier, ses fils : Christian (Ingrid Hounsell) et Frédéric (Daphné Desjardins), sa fille Claudine (Serge Lachance), ses petits-fils : Félix, Lenny et Alexis ainsi que ses frères : Guy (Rosalie Déraps) et André (Corinne Déraps), ses sœurs : Lorraine (Gabriel Cormier), Carole (Émilien Boudreau), Guylaine (Andy Dhani) et Anne (Johan Jomphe), ses beaux-frères, ses belles-sœurs, ses neveux, ses nièces, ses cousins, ses cousines et de nombreux amis.</p>
<p>Il était le frère de feu Thérèse (Gérard Tanguay).</p>
<p>Nous tenons à remercier sincèrement le personnel du service d’oncologie du centre de santé de la Minganie (Mélanie Flowers et son équipe) pour la qualité des soins prodigués.</p>
<p>Vos marques de sympathie peuvent se traduire par un don au Centre de santé de la Minganie.</p>
<p>La famille a confié les arrangements aux services professionnels de la Maison L.J.G. Mallet du 1429, rue du Canot à Havre Saint-Pierre, maintenant reconnue Distinction et membre de la Corporation des Thanatologues du Québec.</p>
<p>Vous pouvez consulter cet avis de décès sur le www.maisonmallet.com</p>
<p>Ceux et celles qui le désirent, peuvent y envoyer des messages de sympathie.</p>
<p>[contact-form to= »claudinevigneault@hotmail.com » subject= »Condoléances Gervais Vigneault »][contact-field label= »Votre nom » type= »name » required= »1&Prime;][contact-field label= »Votre courriel » type= »email » required= »1&Prime;][contact-field label= »Condoléances » type= »textarea »][/contact-form]</p>
