{"id":69526,"date":"2025-11-11T15:16:17","date_gmt":"2025-11-11T20:16:17","guid":{"rendered":"https:\/\/nouveau.maisonmallet.com\/?post_type=event&#038;p=69526"},"modified":"2026-01-31T16:05:34","modified_gmt":"2026-01-31T21:05:34","slug":"cormier-marcel-2","status":"publish","type":"event","link":"https:\/\/nouveau.maisonmallet.com\/back05_01\/?event=cormier-marcel-2","title":{"rendered":"CORMIER, Marcel"},"content":{"rendered":"<p>Le Complexe Thanatologique Mallet &#038; fils a le regret de vous annoncer le d\u00e9c\u00e8s de<\/p>\n<p>Marcel Cormier<br \/>\n1939 \u2013 2025 <\/p>\n<p>\u00c0 Sept-\u00celes (maison \u00c9lyme des sables), le 11 novembre 2025, est d\u00e9c\u00e9d\u00e9 \u00e0 l\u2019\u00e2ge de 86 ans, monsieur Marcel Cormier conjoint de madame Colette Poirier et domicili\u00e9 \u00e0 Sept-\u00celes.<\/p>\n<p>La c\u00e9r\u00e9monie comm\u00e9morative de monsieur Marcel Cormier aura lieu le samedi 15 novembre 2025 \u00e0 15 h 45 \u00e0 la chapelle du Complexe Thanatologique Mallet &#038; fils du 585, boul. Laure \u00e0 Sept-\u00celes.<\/p>\n<p>Selon ses volont\u00e9s, il a \u00e9t\u00e9 confi\u00e9 au cr\u00e9matorium de la Maison Mallet &#038; fils pour cr\u00e9mation.<\/p>\n<p>La famille re\u00e7oit parents et amis le samedi 15 novembre 2025 de 13 h \u00e0 16 h au Complexe Thanatologique Mallet &#038; fils du 585 Boul. Laure \u00e0 Sept-\u00celes.<\/p>\n<p>Il laisse dans le deuil outre sa conjointe madame Colette Poirier, sa fille Sylvie (Daniel Tremblay), sa petite-fille Crystelle (R\u00e9gis Bourque), son arri\u00e8re-petite-fille Coralie ainsi que ses beaux-fr\u00e8res, ses belles-s\u0153urs, ses neveux, ses ni\u00e8ces, ses cousins, ses cousines et ses ami(e)s. <\/p>\n<p>Vos marques de sympathie peuvent se traduire par un don \u00e0 l\u2019\u00c9lyme des sables www.elymedessables.com<\/p>\n<p>La famille a confi\u00e9 les arrangements aux services professionnels de la Maison Mallet &#038; fils du 585 Boul. Laure \u00e0 Sept-\u00celes, maintenant reconnue Distinction et membre de la Corporation des Thanatologues du Qu\u00e9bec.<\/p>\n<p>Vous pouvez consulter cet avis de d\u00e9c\u00e8s sur le : www.maisonmallet.com  <\/p>\n<p>Ceux et celles qui le d\u00e9sirent, peuvent y envoyer des messages de sympathie.<\/p>\n<p>[contact-form to=\u00a0\u00bbcolette4604@yahoo.fr\u00a0\u00bb subject=\u00a0\u00bbCondol\u00e9ances Marcel Cormier\u00a0\u00bb][contact-field label=\u00a0\u00bbVotre nom\u00a0\u00bb type=\u00a0\u00bbname\u00a0\u00bb required=\u00a0\u00bb1&Prime;][contact-field label=\u00a0\u00bbVotre courriel\u00a0\u00bb type=\u00a0\u00bbemail\u00a0\u00bb required=\u00a0\u00bb1&Prime;][contact-field label=\u00a0\u00bbCondol\u00e9ances\u00a0\u00bb type=\u00a0\u00bbtextarea\u00a0\u00bb][\/contact-form]<\/p>\n","protected":false},"featured_media":69657,"template":"","event_cat":[6],"class_list":["post-69526","event","type-event","status-publish","has-post-thumbnail","hentry","event_cat-maison-mallet-et-fils-inc"],"_links":{"self":[{"href":"https:\/\/nouveau.maisonmallet.com\/back05_01\/index.php?rest_route=\/wp\/v2\/event\/69526","targetHints":{"allow":["GET"]}}],"collection":[{"href":"https:\/\/nouveau.maisonmallet.com\/back05_01\/index.php?rest_route=\/wp\/v2\/event"}],"about":[{"href":"https:\/\/nouveau.maisonmallet.com\/back05_01\/index.php?rest_route=\/wp\/v2\/types\/event"}],"wp:featuredmedia":[{"embeddable":true,"href":"https:\/\/nouveau.maisonmallet.com\/back05_01\/index.php?rest_route=\/wp\/v2\/media\/69657"}],"wp:attachment":[{"href":"https:\/\/nouveau.maisonmallet.com\/back05_01\/index.php?rest_route=%2Fwp%2Fv2%2Fmedia&parent=69526"}],"wp:term":[{"taxonomy":"event_cat","embeddable":true,"href":"https:\/\/nouveau.maisonmallet.com\/back05_01\/index.php?rest_route=%2Fwp%2Fv2%2Fevent_cat&post=69526"}],"curies":[{"name":"wp","href":"https:\/\/api.w.org\/{rel}","templated":true}]}}

<p>Le Complexe Thanatologique Mallet &#038; fils a le regret de vous annoncer le décès de</p>
<p>Marcel Cormier<br />
1939 – 2025 </p>
<p>À Sept-Îles (maison Élyme des sables), le 11 novembre 2025, est décédé à l’âge de 86 ans, monsieur Marcel Cormier conjoint de madame Colette Poirier et domicilié à Sept-Îles.</p>
<p>La cérémonie commémorative de monsieur Marcel Cormier aura lieu le samedi 15 novembre 2025 à 15 h 45 à la chapelle du Complexe Thanatologique Mallet &#038; fils du 585, boul. Laure à Sept-Îles.</p>
<p>Selon ses volontés, il a été confié au crématorium de la Maison Mallet &#038; fils pour crémation.</p>
<p>La famille reçoit parents et amis le samedi 15 novembre 2025 de 13 h à 16 h au Complexe Thanatologique Mallet &#038; fils du 585 Boul. Laure à Sept-Îles.</p>
<p>Il laisse dans le deuil outre sa conjointe madame Colette Poirier, sa fille Sylvie (Daniel Tremblay), sa petite-fille Crystelle (Régis Bourque), son arrière-petite-fille Coralie ainsi que ses beaux-frères, ses belles-sœurs, ses neveux, ses nièces, ses cousins, ses cousines et ses ami(e)s. </p>
<p>Vos marques de sympathie peuvent se traduire par un don à l’Élyme des sables www.elymedessables.com</p>
<p>La famille a confié les arrangements aux services professionnels de la Maison Mallet &#038; fils du 585 Boul. Laure à Sept-Îles, maintenant reconnue Distinction et membre de la Corporation des Thanatologues du Québec.</p>
<p>Vous pouvez consulter cet avis de décès sur le : www.maisonmallet.com  </p>
<p>Ceux et celles qui le désirent, peuvent y envoyer des messages de sympathie.</p>
<p>[contact-form to= »colette4604@yahoo.fr » subject= »Condoléances Marcel Cormier »][contact-field label= »Votre nom » type= »name » required= »1&Prime;][contact-field label= »Votre courriel » type= »email » required= »1&Prime;][contact-field label= »Condoléances » type= »textarea »][/contact-form]</p>
