{"id":69859,"date":"2025-11-14T09:59:27","date_gmt":"2025-11-14T14:59:27","guid":{"rendered":"https:\/\/nouveau.maisonmallet.com\/?post_type=event&#038;p=69859"},"modified":"2026-01-31T16:01:53","modified_gmt":"2026-01-31T21:01:53","slug":"vachon-michel","status":"publish","type":"event","link":"https:\/\/nouveau.maisonmallet.com\/back05_01\/?event=vachon-michel","title":{"rendered":"VACHON, Michel"},"content":{"rendered":"<p>Le Complexe Thanatologique Mallet &#038; fils a le regret de vous annoncer le d\u00e9c\u00e8s de<\/p>\n<p>Michel Vachon<br \/>\n1949 &#8211; 2025<\/p>\n<p>\u00c0 Sept-\u00celes (maison \u00c9lyme des sables), le 14 novembre 2025, est d\u00e9c\u00e9d\u00e9 \u00e0 l\u2019\u00e2ge de 76 ans, monsieur Michel Vachon fils de feu Lucien Vachon et de feu Germaine Labrecque domicili\u00e9 \u00e0 Sept-\u00celes.<\/p>\n<p>Les fun\u00e9railles de monsieur Michel Vachon auront lieu le samedi 29 novembre 2025 \u00e0 10 h 30 en l\u2019\u00e9glise St-Joseph situ\u00e9e au 535, ave. Brochu \u00e0 Sept-\u00celes.  <\/p>\n<p>Selon ses volont\u00e9s, il a \u00e9t\u00e9 confi\u00e9 au cr\u00e9matorium de la Maison Mallet &#038; fils pour cr\u00e9mation.<\/p>\n<p>La famille re\u00e7oit parents et amis le vendredi 28 novembre 2025 de 19 h \u00e0 22 h. Le samedi 29 novembre 2025, jour des fun\u00e9railles, \u00e0 compter de 9 h au Complexe Thanatologique Mallet &#038; fils du 585, boul. Laure \u00e0 Sept-\u00celes.<\/p>\n<p>Il laisse dans le deuil, ses fils : Jean-Fran\u00e7ois et Bobby (Myl\u00e8ne Barbeau), sa fille : Caro (\u00c9ric Normand), ses petits-fils : Jonathan et Adam, ses petites-filles : Maude (Tristan), Dylane et Audrey-Anne, son arri\u00e8re-petite-fille Fleurence ainsi que ses fr\u00e8res : Jacques (Marie), Gilles (Lynda), Jean-Marie, Andr\u00e9 et Jeannot (Lorraine), ses s\u0153urs : Solange (Marcel), Louiselle (feu Jean-Marc), Ginette (Dave) et Denise (G\u00e9rald), ses neveux, ses ni\u00e8ces, ses cousins, ses cousines et de nombreux ami(e)s. <\/p>\n<p>Vos marques de sympathie peuvent se traduire par un don \u00e0 l\u2019\u00c9lyme des sables www.elymedessables.com<\/p>\n<p>La famille a confi\u00e9 la direction des fun\u00e9railles aux services professionnels de la Maison Mallet &#038; fils du 585, boul. Laure \u00e0 Sept-\u00celes, maintenant reconnue Distinction et membre de la Corporation des Thanatologues du Qu\u00e9bec.<\/p>\n<p>Vous pouvez consulter cet avis de d\u00e9c\u00e8s sur le www.maisonmallet.com<\/p>\n<p>Ceux et celles qui le d\u00e9sirent, peuvent y envoyer des messages de sympathies.<\/p>\n<p>[contact-form to=\u00a0\u00bbbvachon50@hotmail.com\u00a0\u00bb subject=\u00a0\u00bbCondol\u00e9ances Michel Vachon\u00a0\u00bb][contact-field label=\u00a0\u00bbVotre nom\u00a0\u00bb type=\u00a0\u00bbname\u00a0\u00bb required=\u00a0\u00bb1&Prime;][contact-field label=\u00a0\u00bbVotre courriel\u00a0\u00bb type=\u00a0\u00bbemail\u00a0\u00bb required=\u00a0\u00bb1&Prime;][contact-field label=\u00a0\u00bbCondol\u00e9ances\u00a0\u00bb type=\u00a0\u00bbtextarea\u00a0\u00bb][\/contact-form]<\/p>\n","protected":false},"featured_media":69974,"template":"","event_cat":[6],"class_list":["post-69859","event","type-event","status-publish","has-post-thumbnail","hentry","event_cat-maison-mallet-et-fils-inc"],"_links":{"self":[{"href":"https:\/\/nouveau.maisonmallet.com\/back05_01\/index.php?rest_route=\/wp\/v2\/event\/69859","targetHints":{"allow":["GET"]}}],"collection":[{"href":"https:\/\/nouveau.maisonmallet.com\/back05_01\/index.php?rest_route=\/wp\/v2\/event"}],"about":[{"href":"https:\/\/nouveau.maisonmallet.com\/back05_01\/index.php?rest_route=\/wp\/v2\/types\/event"}],"wp:featuredmedia":[{"embeddable":true,"href":"https:\/\/nouveau.maisonmallet.com\/back05_01\/index.php?rest_route=\/wp\/v2\/media\/69974"}],"wp:attachment":[{"href":"https:\/\/nouveau.maisonmallet.com\/back05_01\/index.php?rest_route=%2Fwp%2Fv2%2Fmedia&parent=69859"}],"wp:term":[{"taxonomy":"event_cat","embeddable":true,"href":"https:\/\/nouveau.maisonmallet.com\/back05_01\/index.php?rest_route=%2Fwp%2Fv2%2Fevent_cat&post=69859"}],"curies":[{"name":"wp","href":"https:\/\/api.w.org\/{rel}","templated":true}]}}

<p>Le Complexe Thanatologique Mallet &#038; fils a le regret de vous annoncer le décès de</p>
<p>Michel Vachon<br />
1949 &#8211; 2025</p>
<p>À Sept-Îles (maison Élyme des sables), le 14 novembre 2025, est décédé à l’âge de 76 ans, monsieur Michel Vachon fils de feu Lucien Vachon et de feu Germaine Labrecque domicilié à Sept-Îles.</p>
<p>Les funérailles de monsieur Michel Vachon auront lieu le samedi 29 novembre 2025 à 10 h 30 en l’église St-Joseph située au 535, ave. Brochu à Sept-Îles.  </p>
<p>Selon ses volontés, il a été confié au crématorium de la Maison Mallet &#038; fils pour crémation.</p>
<p>La famille reçoit parents et amis le vendredi 28 novembre 2025 de 19 h à 22 h. Le samedi 29 novembre 2025, jour des funérailles, à compter de 9 h au Complexe Thanatologique Mallet &#038; fils du 585, boul. Laure à Sept-Îles.</p>
<p>Il laisse dans le deuil, ses fils : Jean-François et Bobby (Mylène Barbeau), sa fille : Caro (Éric Normand), ses petits-fils : Jonathan et Adam, ses petites-filles : Maude (Tristan), Dylane et Audrey-Anne, son arrière-petite-fille Fleurence ainsi que ses frères : Jacques (Marie), Gilles (Lynda), Jean-Marie, André et Jeannot (Lorraine), ses sœurs : Solange (Marcel), Louiselle (feu Jean-Marc), Ginette (Dave) et Denise (Gérald), ses neveux, ses nièces, ses cousins, ses cousines et de nombreux ami(e)s. </p>
<p>Vos marques de sympathie peuvent se traduire par un don à l’Élyme des sables www.elymedessables.com</p>
<p>La famille a confié la direction des funérailles aux services professionnels de la Maison Mallet &#038; fils du 585, boul. Laure à Sept-Îles, maintenant reconnue Distinction et membre de la Corporation des Thanatologues du Québec.</p>
<p>Vous pouvez consulter cet avis de décès sur le www.maisonmallet.com</p>
<p>Ceux et celles qui le désirent, peuvent y envoyer des messages de sympathies.</p>
<p>[contact-form to= »bvachon50@hotmail.com » subject= »Condoléances Michel Vachon »][contact-field label= »Votre nom » type= »name » required= »1&Prime;][contact-field label= »Votre courriel » type= »email » required= »1&Prime;][contact-field label= »Condoléances » type= »textarea »][/contact-form]</p>
