{"id":69914,"date":"2025-11-19T16:38:14","date_gmt":"2025-11-19T21:38:14","guid":{"rendered":"https:\/\/nouveau.maisonmallet.com\/?post_type=event&#038;p=69914"},"modified":"2026-01-31T16:01:14","modified_gmt":"2026-01-31T21:01:14","slug":"gallant-gerald","status":"publish","type":"event","link":"https:\/\/nouveau.maisonmallet.com\/back05_01\/?event=gallant-gerald","title":{"rendered":"GALLANT, G\u00e9rald"},"content":{"rendered":"<p>La Maison L.J.G. Mallet a le regret de vous annoncer le d\u00e9c\u00e8s de<\/p>\n<p>G\u00e9rald Gallant<br \/>\n1945 &#8211; 2025<\/p>\n<p>\u00c0 Havre Saint-Pierre, le 19 novembre 2025, est d\u00e9c\u00e9d\u00e9 \u00e0 l\u2019\u00e2ge de 80 ans, monsieur G\u00e9rald Gallant \u00e9poux de madame Anne Marie Beaudoin et domicili\u00e9 \u00e0 Havre Saint-Pierre.<\/p>\n<p>Les fun\u00e9railles de monsieur G\u00e9rald Gallant auront lieu le samedi 6 d\u00e9cembre 2025 \u00e0 11 h en l\u2019\u00e9glise St-Pierre situ\u00e9e au 742, rue Bor\u00e9al \u00e0 Havre Saint-Pierre et de l\u00e0 au cimeti\u00e8re de Havre Saint-Pierre.<\/p>\n<p>Selon ses volont\u00e9s, il a \u00e9t\u00e9 confi\u00e9 au cr\u00e9matorium de la Maison L.J.G. Mallet pour cr\u00e9mation.<\/p>\n<p>La famille re\u00e7oit parents et amis le samedi 6 d\u00e9cembre 2025 de 10 h \u00e0 11 h \u00e0 l\u2019\u00e9glise St-Pierre de Havre Saint-Pierre. <\/p>\n<p>Il laisse dans le deuil outre son \u00e9pouse madame Anne Marie Beaudoin, sa fille Sandra (Robert Blais), son fils Steve (Vicky Hounsell), ses petites filles : Alexandra, Am\u00e9lie (Nicolas Drolet) et Clara, ses petits-fils : St\u00e9phane et Yannick (Val\u00e9rie Boucher), ses arri\u00e8re-petites-filles : H\u00e9l\u00e9na, Alexanne et \u00c9va ainsi que son fr\u00e8re, ses s\u0153urs, ses beaux-fr\u00e8res, ses belles-s\u0153urs, ses neveux, ses ni\u00e8ces, ses cousins, ses cousines et ses ami(e)s.<\/p>\n<p>Vos marques de sympathie peuvent se traduire par un don au Centre de sant\u00e9 de la Minganie.<\/p>\n<p>La famille a confi\u00e9 la direction des fun\u00e9railles aux services professionnels de la Maison L.J.G. Mallet du 1429, rue du Canot \u00e0 Havre Saint-Pierre, maintenant reconnue Distinction et membre de la Corporation des Thanatologues du Qu\u00e9bec.<\/p>\n<p>Vous pouvez consulter cet avis de d\u00e9c\u00e8s sur le www.maisonmallet.com<\/p>\n<p>Ceux et celles qui le d\u00e9sirent, peuvent y envoyer des messages de sympathie.<\/p>\n<p>[contact-form to=\u00a0\u00bbsteve.gallant74@gmail.com\u00a0\u00bb subject=\u00a0\u00bbCondol\u00e9ances G\u00e9rald Gallant\u00a0\u00bb][contact-field label=\u00a0\u00bbVotre nom\u00a0\u00bb type=\u00a0\u00bbname\u00a0\u00bb required=\u00a0\u00bb1&Prime;][contact-field label=\u00a0\u00bbVotre courriel\u00a0\u00bb type=\u00a0\u00bbemail\u00a0\u00bb required=\u00a0\u00bb1&Prime;][contact-field label=\u00a0\u00bbCondol\u00e9ances\u00a0\u00bb type=\u00a0\u00bbtextarea\u00a0\u00bb][\/contact-form]<\/p>\n","protected":false},"featured_media":69916,"template":"","event_cat":[7],"class_list":["post-69914","event","type-event","status-publish","has-post-thumbnail","hentry","event_cat-maison-l-j-g-mallet-inc"],"_links":{"self":[{"href":"https:\/\/nouveau.maisonmallet.com\/back05_01\/index.php?rest_route=\/wp\/v2\/event\/69914","targetHints":{"allow":["GET"]}}],"collection":[{"href":"https:\/\/nouveau.maisonmallet.com\/back05_01\/index.php?rest_route=\/wp\/v2\/event"}],"about":[{"href":"https:\/\/nouveau.maisonmallet.com\/back05_01\/index.php?rest_route=\/wp\/v2\/types\/event"}],"wp:featuredmedia":[{"embeddable":true,"href":"https:\/\/nouveau.maisonmallet.com\/back05_01\/index.php?rest_route=\/wp\/v2\/media\/69916"}],"wp:attachment":[{"href":"https:\/\/nouveau.maisonmallet.com\/back05_01\/index.php?rest_route=%2Fwp%2Fv2%2Fmedia&parent=69914"}],"wp:term":[{"taxonomy":"event_cat","embeddable":true,"href":"https:\/\/nouveau.maisonmallet.com\/back05_01\/index.php?rest_route=%2Fwp%2Fv2%2Fevent_cat&post=69914"}],"curies":[{"name":"wp","href":"https:\/\/api.w.org\/{rel}","templated":true}]}}

GALLANT, Gérald

<p>La Maison L.J.G. Mallet a le regret de vous annoncer le décès de</p>
<p>Gérald Gallant<br />
1945 &#8211; 2025</p>
<p>À Havre Saint-Pierre, le 19 novembre 2025, est décédé à l’âge de 80 ans, monsieur Gérald Gallant époux de madame Anne Marie Beaudoin et domicilié à Havre Saint-Pierre.</p>
<p>Les funérailles de monsieur Gérald Gallant auront lieu le samedi 6 décembre 2025 à 11 h en l’église St-Pierre située au 742, rue Boréal à Havre Saint-Pierre et de là au cimetière de Havre Saint-Pierre.</p>
<p>Selon ses volontés, il a été confié au crématorium de la Maison L.J.G. Mallet pour crémation.</p>
<p>La famille reçoit parents et amis le samedi 6 décembre 2025 de 10 h à 11 h à l’église St-Pierre de Havre Saint-Pierre. </p>
<p>Il laisse dans le deuil outre son épouse madame Anne Marie Beaudoin, sa fille Sandra (Robert Blais), son fils Steve (Vicky Hounsell), ses petites filles : Alexandra, Amélie (Nicolas Drolet) et Clara, ses petits-fils : Stéphane et Yannick (Valérie Boucher), ses arrière-petites-filles : Héléna, Alexanne et Éva ainsi que son frère, ses sœurs, ses beaux-frères, ses belles-sœurs, ses neveux, ses nièces, ses cousins, ses cousines et ses ami(e)s.</p>
<p>Vos marques de sympathie peuvent se traduire par un don au Centre de santé de la Minganie.</p>
<p>La famille a confié la direction des funérailles aux services professionnels de la Maison L.J.G. Mallet du 1429, rue du Canot à Havre Saint-Pierre, maintenant reconnue Distinction et membre de la Corporation des Thanatologues du Québec.</p>
<p>Vous pouvez consulter cet avis de décès sur le www.maisonmallet.com</p>
<p>Ceux et celles qui le désirent, peuvent y envoyer des messages de sympathie.</p>
<p>[contact-form to= »steve.gallant74@gmail.com » subject= »Condoléances Gérald Gallant »][contact-field label= »Votre nom » type= »name » required= »1&Prime;][contact-field label= »Votre courriel » type= »email » required= »1&Prime;][contact-field label= »Condoléances » type= »textarea »][/contact-form]</p>
